157.55.39.37 - - [11/Dec/2019:10:55:55 -0500] "GET /robots.txt HTTP/1.1" 404 208 "-" "Mozilla/5.0 (compatible; bingbot/2.0; +http://www.bing.com/bingbot.htm)"
207.46.13.200 - - [11/Dec/2019:10:56:02 -0500] "GET / HTTP/1.1" 301 - "-" "Mozilla/5.0 (compatible; bingbot/2.0; +http://www.bing.com/bingbot.htm)"
192.168.254.242 - - [11/Dec/2019:10:56:02 -0500] "POST /wp-cron.php?doing_wp_cron=1576079762.6963169574737548828125 HTTP/1.1" 200 - "http://hosting.digitaldatatechs.com/wp-cron.php?doing_wp_cron=1576079762.6963169574737548828125" "WordPress/5.3; https://hosting.digitaldatatechs.com"
157.55.39.74 - - [12/Dec/2019:12:00:41 -0500] "GET / HTTP/1.1" 301 - "-" "Mozilla/5.0 (compatible; bingbot/2.0; +http://www.bing.com/bingbot.htm)"
192.168.254.242 - - [12/Dec/2019:12:00:42 -0500] "POST /wp-cron.php?doing_wp_cron=1576170042.1783630847930908203125 HTTP/1.1" 200 - "http://hosting.digitaldatatechs.com/wp-cron.php?doing_wp_cron=1576170042.1783630847930908203125" "WordPress/5.3; https://hosting.digitaldatatechs.com"
157.55.39.4 - - [13/Dec/2019:05:47:47 -0500] "GET / HTTP/1.1" 301 - "-" "Mozilla/5.0 (compatible; bingbot/2.0; +http://www.bing.com/bingbot.htm)"
157.55.39.44 - - [13/Dec/2019:20:50:50 -0500] "GET /robots.txt HTTP/1.1" 404 208 "-" "Mozilla/5.0 (compatible; bingbot/2.0; +http://www.bing.com/bingbot.htm)"
40.77.167.50 - - [13/Dec/2019:20:50:54 -0500] "GET / HTTP/1.1" 301 - "-" "Mozilla/5.0 (compatible; bingbot/2.0; +http://www.bing.com/bingbot.htm)"
192.168.254.242 - - [14/Dec/2019:04:59:37 -0500] "POST /wp-cron.php?doing_wp_cron=1576317577.5291259288787841796875 HTTP/1.1" 200 - "http://hosting.digitaldatatechs.com/wp-cron.php?doing_wp_cron=1576317577.5291259288787841796875" "WordPress/5.3.1; https://hosting.digitaldatatechs.com"
35.237.15.124 - - [14/Dec/2019:04:59:37 -0500] "GET / HTTP/1.1" 301 - "-" "Ruby"
157.55.39.44 - - [14/Dec/2019:08:49:57 -0500] "GET /robots.txt HTTP/1.1" 404 208 "-" "Mozilla/5.0 (compatible; bingbot/2.0; +http://www.bing.com/bingbot.htm)"
157.55.39.146 - - [14/Dec/2019:08:52:23 -0500] "GET / HTTP/1.1" 301 - "-" "Mozilla/5.0 (compatible; bingbot/2.0; +http://www.bing.com/bingbot.htm)"
192.168.254.242 - - [14/Dec/2019:08:52:24 -0500] "POST /wp-cron.php?doing_wp_cron=1576331544.1146290302276611328125 HTTP/1.1" 200 - "http://hosting.digitaldatatechs.com/wp-cron.php?doing_wp_cron=1576331544.1146290302276611328125" "WordPress/5.3.1; https://hosting.digitaldatatechs.com"
157.55.39.44 - - [14/Dec/2019:20:34:52 -0500] "GET /robots.txt HTTP/1.1" 404 208 "-" "Mozilla/5.0 (compatible; bingbot/2.0; +http://www.bing.com/bingbot.htm)"
157.55.39.56 - - [14/Dec/2019:20:34:54 -0500] "GET /robots.txt HTTP/1.1" 404 208 "-" "msnbot/2.0b (+http://search.msn.com/msnbot.htm)"
157.55.39.146 - - [14/Dec/2019:23:06:13 -0500] "GET / HTTP/1.1" 301 - "-" "Mozilla/5.0 (compatible; bingbot/2.0; +http://www.bing.com/bingbot.htm)"
192.168.254.242 - - [15/Dec/2019:16:22:53 -0500] "POST /wp-cron.php?doing_wp_cron=1576444973.8761320114135742187500 HTTP/1.1" 200 - "http://hosting.digitaldatatechs.com/wp-cron.php?doing_wp_cron=1576444973.8761320114135742187500" "WordPress/5.3.1; https://hosting.digitaldatatechs.com"
207.46.13.194 - - [15/Dec/2019:16:22:53 -0500] "GET / HTTP/1.1" 301 - "-" "Mozilla/5.0 (compatible; bingbot/2.0; +http://www.bing.com/bingbot.htm)"
157.55.39.44 - - [16/Dec/2019:04:43:12 -0500] "GET /robots.txt HTTP/1.1" 404 208 "-" "Mozilla/5.0 (compatible; bingbot/2.0; +http://www.bing.com/bingbot.htm)"
192.168.254.242 - - [16/Dec/2019:04:43:26 -0500] "POST /wp-cron.php?doing_wp_cron=1576489406.6987059116363525390625 HTTP/1.1" 200 - "http://hosting.digitaldatatechs.com/wp-cron.php?doing_wp_cron=1576489406.6987059116363525390625" "WordPress/5.3.1; https://hosting.digitaldatatechs.com"
207.46.13.140 - - [16/Dec/2019:04:43:26 -0500] "GET / HTTP/1.1" 301 - "-" "Mozilla/5.0 (compatible; bingbot/2.0; +http://www.bing.com/bingbot.htm)"
220.181.51.119 - - [16/Dec/2019:10:02:27 -0500] "GET /robots.txt HTTP/1.1" 404 208 "-" "Mozilla/5.0 (Windows NT 10.0; WOW64) AppleWebKit/537.36 (KHTML, like Gecko) Chrome/48.0.2564.116 Safari/537.36"
23.252.240.250 - - [16/Dec/2019:13:31:01 -0500] "GET /robots.txt HTTP/1.1" 404 208 "-" "Dispatch/0.11.3"
40.77.167.188 - - [16/Dec/2019:19:01:15 -0500] "GET / HTTP/1.1" 301 - "-" "Mozilla/5.0 (compatible; bingbot/2.0; +http://www.bing.com/bingbot.htm)"
216.244.66.236 - - [17/Dec/2019:11:55:08 -0500] "GET /robots.txt HTTP/1.1" 404 208 "-" "Mozilla/5.0 (compatible; DotBot/1.1; http://www.opensiteexplorer.org/dotbot, help@moz.com)"
216.244.66.236 - - [17/Dec/2019:11:57:54 -0500] "GET / HTTP/1.1" 301 - "-" "Mozilla/5.0 (compatible; DotBot/1.1; http://www.opensiteexplorer.org/dotbot, help@moz.com)"
157.55.39.2 - - [17/Dec/2019:17:38:36 -0500] "GET /robots.txt HTTP/1.1" 404 208 "-" "Mozilla/5.0 (compatible; bingbot/2.0; +http://www.bing.com/bingbot.htm)"
192.168.254.242 - - [17/Dec/2019:17:38:52 -0500] "POST /wp-cron.php?doing_wp_cron=1576622332.3655409812927246093750 HTTP/1.1" 200 - "http://hosting.digitaldatatechs.com/wp-cron.php?doing_wp_cron=1576622332.3655409812927246093750" "WordPress/5.3.1; https://hosting.digitaldatatechs.com"
157.55.39.120 - - [17/Dec/2019:17:38:52 -0500] "GET / HTTP/1.1" 301 - "-" "Mozilla/5.0 (compatible; bingbot/2.0; +http://www.bing.com/bingbot.htm)"
157.55.39.119 - - [18/Dec/2019:05:22:28 -0500] "GET / HTTP/1.1" 301 - "-" "Mozilla/5.0 (compatible; bingbot/2.0; +http://www.bing.com/bingbot.htm)"
192.168.254.242 - - [18/Dec/2019:08:12:46 -0500] "POST /wp-cron.php?doing_wp_cron=1576674766.5506589412689208984375 HTTP/1.1" 200 - "http://hosting.digitaldatatechs.com/wp-cron.php?doing_wp_cron=1576674766.5506589412689208984375" "WordPress/5.3.1; https://hosting.digitaldatatechs.com"
35.197.186.58 - - [18/Dec/2019:08:12:46 -0500] "GET /wp-login.php HTTP/1.1" 302 - "-" "Mozilla/5.0 (X11; Ubuntu; Linux x86_64; rv:62.0) Gecko/20100101 Firefox/62.0"
35.197.186.58 - - [18/Dec/2019:08:12:48 -0500] "GET ///?author=1 HTTP/1.1" 301 - "-" "Mozilla/5.0 (X11; Ubuntu; Linux x86_64; rv:62.0) Gecko/20100101 Firefox/62.0"
35.197.186.58 - - [18/Dec/2019:08:12:52 -0500] "GET ///wp-json/wp/v2/users/ HTTP/1.1" 404 218 "-" "Mozilla/5.0 (X11; Ubuntu; Linux x86_64; rv:62.0) Gecko/20100101 Firefox/62.0"
192.168.254.242 - - [18/Dec/2019:08:12:53 -0500] "POST /wp-cron.php?doing_wp_cron=1576674773.0823850631713867187500 HTTP/1.1" 200 - "http://hosting.digitaldatatechs.com/wp-cron.php?doing_wp_cron=1576674773.0823850631713867187500" "WordPress/5.3.1; https://hosting.digitaldatatechs.com"
35.197.186.58 - - [18/Dec/2019:08:12:52 -0500] "GET ///?author=2 HTTP/1.1" 301 - "-" "Mozilla/5.0 (X11; Ubuntu; Linux x86_64; rv:62.0) Gecko/20100101 Firefox/62.0"
192.168.254.242 - - [19/Dec/2019:06:19:50 -0500] "POST /wp-cron.php?doing_wp_cron=1576754390.4090900421142578125000 HTTP/1.1" 200 - "http://hosting.digitaldatatechs.com/wp-cron.php?doing_wp_cron=1576754390.4090900421142578125000" "WordPress/5.3.2; https://hosting.digitaldatatechs.com"
40.77.167.189 - - [19/Dec/2019:06:19:50 -0500] "GET / HTTP/1.1" 301 - "-" "Mozilla/5.0 (compatible; bingbot/2.0; +http://www.bing.com/bingbot.htm)"
198.27.81.94 - - [19/Dec/2019:09:56:15 -0500] "GET /wp-login.php HTTP/1.1" 302 - "-" "Mozilla/5.0 (Windows NT 10.0; WOW64) AppleWebKit/537.36 (KHTML, like Gecko) Chrome/46.0.2490.80 Safari/537.36"
198.27.81.94 - - [19/Dec/2019:09:56:47 -0500] "GET /robots.txt HTTP/1.1" 404 208 "-" "Mozilla/5.0 (Windows NT 10.0; WOW64) AppleWebKit/537.36 (KHTML, like Gecko) Chrome/46.0.2490.80 Safari/537.36"
107.22.141.150 - - [19/Dec/2019:10:40:23 -0500] "GET /-wpe-cdncheck- HTTP/1.1" 404 212 "-" "Mozilla/5.0 (Windows NT 6.1) AppleWebKit/537.36 (KHTML, like Gecko) Chrome/41.0.2228.0 Safari/537.36"
127.0.0.1 - - [19/Dec/2019:10:57:44 -0500] "OPTIONS * HTTP/1.0" 200 - "-" "Apache/2.4.6 (CentOS) OpenSSL/1.0.2k-fips PHP/7.2.24 (internal dummy connection)"
127.0.0.1 - - [19/Dec/2019:10:57:45 -0500] "OPTIONS * HTTP/1.0" 200 - "-" "Apache/2.4.6 (CentOS) OpenSSL/1.0.2k-fips PHP/7.2.24 (internal dummy connection)"
127.0.0.1 - - [19/Dec/2019:10:57:46 -0500] "OPTIONS * HTTP/1.0" 200 - "-" "Apache/2.4.6 (CentOS) OpenSSL/1.0.2k-fips PHP/7.2.24 (internal dummy connection)"
127.0.0.1 - - [19/Dec/2019:10:57:47 -0500] "OPTIONS * HTTP/1.0" 200 - "-" "Apache/2.4.6 (CentOS) OpenSSL/1.0.2k-fips PHP/7.2.24 (internal dummy connection)"
127.0.0.1 - - [19/Dec/2019:10:57:48 -0500] "OPTIONS * HTTP/1.0" 200 - "-" "Apache/2.4.6 (CentOS) OpenSSL/1.0.2k-fips PHP/7.2.24 (internal dummy connection)"
192.168.254.242 - - [19/Dec/2019:10:58:25 -0500] "POST /wp-cron.php?doing_wp_cron=1576771105.0753619670867919921875 HTTP/1.1" 200 - "http://hosting.digitaldatatechs.com/wp-cron.php?doing_wp_cron=1576771105.0753619670867919921875" "WordPress/5.3.2; https://hosting.digitaldatatechs.com"
64.119.197.105 - - [19/Dec/2019:10:58:24 -0500] "GET / HTTP/1.1" 301 - "-" "Mozilla/5.0 (Windows NT 6.1; rv:60.0) Gecko/20100101 Firefox/60.0"
127.0.0.1 - - [19/Dec/2019:10:59:35 -0500] "OPTIONS * HTTP/1.0" 200 - "-" "Apache/2.4.6 (CentOS) OpenSSL/1.0.2k-fips PHP/7.2.24 (internal dummy connection)"
127.0.0.1 - - [19/Dec/2019:10:59:36 -0500] "OPTIONS * HTTP/1.0" 200 - "-" "Apache/2.4.6 (CentOS) OpenSSL/1.0.2k-fips PHP/7.2.24 (internal dummy connection)"
127.0.0.1 - - [19/Dec/2019:10:59:37 -0500] "OPTIONS * HTTP/1.0" 200 - "-" "Apache/2.4.6 (CentOS) OpenSSL/1.0.2k-fips PHP/7.2.24 (internal dummy connection)"
127.0.0.1 - - [19/Dec/2019:10:59:38 -0500] "OPTIONS * HTTP/1.0" 200 - "-" "Apache/2.4.6 (CentOS) OpenSSL/1.0.2k-fips PHP/7.2.24 (internal dummy connection)"
127.0.0.1 - - [19/Dec/2019:10:59:40 -0500] "OPTIONS * HTTP/1.0" 200 - "-" "Apache/2.4.6 (CentOS) OpenSSL/1.0.2k-fips PHP/7.2.24 (internal dummy connection)"
127.0.0.1 - - [19/Dec/2019:11:01:52 -0500] "OPTIONS * HTTP/1.0" 200 - "-" "Apache/2.4.6 (CentOS) OpenSSL/1.0.2k-fips PHP/7.2.24 (internal dummy connection)"
127.0.0.1 - - [19/Dec/2019:11:01:53 -0500] "OPTIONS * HTTP/1.0" 200 - "-" "Apache/2.4.6 (CentOS) OpenSSL/1.0.2k-fips PHP/7.2.24 (internal dummy connection)"
127.0.0.1 - - [19/Dec/2019:11:01:54 -0500] "OPTIONS * HTTP/1.0" 200 - "-" "Apache/2.4.6 (CentOS) OpenSSL/1.0.2k-fips PHP/7.2.24 (internal dummy connection)"
127.0.0.1 - - [19/Dec/2019:11:01:57 -0500] "OPTIONS * HTTP/1.0" 200 - "-" "Apache/2.4.6 (CentOS) OpenSSL/1.0.2k-fips PHP/7.2.24 (internal dummy connection)"
80.82.70.211 - - [19/Dec/2019:11:03:27 -0500] "POST /editBlackAndWhiteList HTTP/1.1" 404 219 "-" "ApiTool"
::1 - - [26/Apr/2022:08:26:55 -0400] "OPTIONS * HTTP/1.0" 200 - "-" "Apache/2.4.6 (CentOS) OpenSSL/1.0.2k-fips PHP/7.4.29 mod_perl/2.0.11 Perl/v5.16.3 (internal dummy connection)"
::1 - - [26/Apr/2022:08:26:56 -0400] "OPTIONS * HTTP/1.0" 200 - "-" "Apache/2.4.6 (CentOS) OpenSSL/1.0.2k-fips PHP/7.4.29 mod_perl/2.0.11 Perl/v5.16.3 (internal dummy connection)"
192.168.254.251 - - [26/Apr/2022:09:41:39 -0400] "GET /wp-admin/install.php HTTP/1.1" 200 13270 "-" "Mozilla/5.0 (Windows NT 10.0; Win64; x64) AppleWebKit/537.36 (KHTML, like Gecko) Chrome/100.0.4896.127 Safari/537.36"
192.168.254.251 - - [26/Apr/2022:09:41:40 -0400] "GET /wp-includes/css/dashicons.min.css?ver=5.9.3 HTTP/1.1" 200 59016 "http://hosting.digitaldatatechs.com/wp-admin/install.php" "Mozilla/5.0 (Windows NT 10.0; Win64; x64) AppleWebKit/537.36 (KHTML, like Gecko) Chrome/100.0.4896.127 Safari/537.36"
192.168.254.251 - - [26/Apr/2022:09:41:40 -0400] "GET /wp-includes/css/buttons.min.css?ver=5.9.3 HTTP/1.1" 200 5854 "http://hosting.digitaldatatechs.com/wp-admin/install.php" "Mozilla/5.0 (Windows NT 10.0; Win64; x64) AppleWebKit/537.36 (KHTML, like Gecko) Chrome/100.0.4896.127 Safari/537.36"
192.168.254.251 - - [26/Apr/2022:09:41:40 -0400] "GET /wp-admin/css/forms.min.css?ver=5.9.3 HTTP/1.1" 200 25369 "http://hosting.digitaldatatechs.com/wp-admin/install.php" "Mozilla/5.0 (Windows NT 10.0; Win64; x64) AppleWebKit/537.36 (KHTML, like Gecko) Chrome/100.0.4896.127 Safari/537.36"
192.168.254.251 - - [26/Apr/2022:09:41:40 -0400] "GET /wp-admin/css/l10n.min.css?ver=5.9.3 HTTP/1.1" 200 2477 "http://hosting.digitaldatatechs.com/wp-admin/install.php" "Mozilla/5.0 (Windows NT 10.0; Win64; x64) AppleWebKit/537.36 (KHTML, like Gecko) Chrome/100.0.4896.127 Safari/537.36"
192.168.254.251 - - [26/Apr/2022:09:41:40 -0400] "GET /wp-admin/css/install.min.css?ver=5.9.3 HTTP/1.1" 200 4954 "http://hosting.digitaldatatechs.com/wp-admin/install.php" "Mozilla/5.0 (Windows NT 10.0; Win64; x64) AppleWebKit/537.36 (KHTML, like Gecko) Chrome/100.0.4896.127 Safari/537.36"
192.168.254.251 - - [26/Apr/2022:09:41:40 -0400] "GET /wp-includes/js/jquery/jquery-migrate.min.js?ver=3.3.2 HTTP/1.1" 200 11224 "http://hosting.digitaldatatechs.com/wp-admin/install.php" "Mozilla/5.0 (Windows NT 10.0; Win64; x64) AppleWebKit/537.36 (KHTML, like Gecko) Chrome/100.0.4896.127 Safari/537.36"
192.168.254.251 - - [26/Apr/2022:09:41:40 -0400] "GET /wp-admin/js/language-chooser.min.js?ver=5.9.3 HTTP/1.1" 200 423 "http://hosting.digitaldatatechs.com/wp-admin/install.php" "Mozilla/5.0 (Windows NT 10.0; Win64; x64) AppleWebKit/537.36 (KHTML, like Gecko) Chrome/100.0.4896.127 Safari/537.36"
192.168.254.251 - - [26/Apr/2022:09:41:40 -0400] "GET /wp-includes/js/jquery/jquery.min.js?ver=3.6.0 HTTP/1.1" 200 89521 "http://hosting.digitaldatatechs.com/wp-admin/install.php" "Mozilla/5.0 (Windows NT 10.0; Win64; x64) AppleWebKit/537.36 (KHTML, like Gecko) Chrome/100.0.4896.127 Safari/537.36"
192.168.254.251 - - [26/Apr/2022:09:41:41 -0400] "GET /wp-admin/images/wordpress-logo.svg?ver=20131107 HTTP/1.1" 200 1521 "http://hosting.digitaldatatechs.com/wp-admin/css/install.min.css?ver=5.9.3" "Mozilla/5.0 (Windows NT 10.0; Win64; x64) AppleWebKit/537.36 (KHTML, like Gecko) Chrome/100.0.4896.127 Safari/537.36"
192.168.254.251 - - [26/Apr/2022:09:41:41 -0400] "GET /wp-admin/images/spinner.gif HTTP/1.1" 200 3656 "http://hosting.digitaldatatechs.com/wp-admin/css/install.min.css?ver=5.9.3" "Mozilla/5.0 (Windows NT 10.0; Win64; x64) AppleWebKit/537.36 (KHTML, like Gecko) Chrome/100.0.4896.127 Safari/537.36"
192.168.254.251 - - [26/Apr/2022:09:41:41 -0400] "GET /favicon.ico HTTP/1.1" 404 209 "http://hosting.digitaldatatechs.com/wp-admin/install.php" "Mozilla/5.0 (Windows NT 10.0; Win64; x64) AppleWebKit/537.36 (KHTML, like Gecko) Chrome/100.0.4896.127 Safari/537.36"
::1 - - [26/Apr/2022:09:41:43 -0400] "OPTIONS * HTTP/1.0" 200 - "-" "Apache/2.4.6 (CentOS) OpenSSL/1.0.2k-fips PHP/7.4.29 mod_perl/2.0.11 Perl/v5.16.3 (internal dummy connection)"
::1 - - [26/Apr/2022:09:41:44 -0400] "OPTIONS * HTTP/1.0" 200 - "-" "Apache/2.4.6 (CentOS) OpenSSL/1.0.2k-fips PHP/7.4.29 mod_perl/2.0.11 Perl/v5.16.3 (internal dummy connection)"
192.168.254.251 - - [26/Apr/2022:09:41:44 -0400] "POST /wp-admin/install.php?step=1 HTTP/1.1" 200 7977 "http://hosting.digitaldatatechs.com/wp-admin/install.php" "Mozilla/5.0 (Windows NT 10.0; Win64; x64) AppleWebKit/537.36 (KHTML, like Gecko) Chrome/100.0.4896.127 Safari/537.36"
192.168.254.251 - - [26/Apr/2022:09:41:44 -0400] "GET /wp-includes/js/dist/hooks.min.js?ver=1e58c8c5a32b2e97491080c5b10dc71c HTTP/1.1" 200 5690 "http://hosting.digitaldatatechs.com/wp-admin/install.php?step=1" "Mozilla/5.0 (Windows NT 10.0; Win64; x64) AppleWebKit/537.36 (KHTML, like Gecko) Chrome/100.0.4896.127 Safari/537.36"
192.168.254.251 - - [26/Apr/2022:09:41:44 -0400] "GET /wp-includes/js/dist/i18n.min.js?ver=30fcecb428a0e8383d3776bcdd3a7834 HTTP/1.1" 200 10407 "http://hosting.digitaldatatechs.com/wp-admin/install.php?step=1" "Mozilla/5.0 (Windows NT 10.0; Win64; x64) AppleWebKit/537.36 (KHTML, like Gecko) Chrome/100.0.4896.127 Safari/537.36"
192.168.254.251 - - [26/Apr/2022:09:41:44 -0400] "GET /wp-includes/js/dist/vendor/regenerator-runtime.min.js?ver=0.13.9 HTTP/1.1" 200 6494 "http://hosting.digitaldatatechs.com/wp-admin/install.php?step=1" "Mozilla/5.0 (Windows NT 10.0; Win64; x64) AppleWebKit/537.36 (KHTML, like Gecko) Chrome/100.0.4896.127 Safari/537.36"
192.168.254.251 - - [26/Apr/2022:09:41:44 -0400] "GET /wp-includes/js/dist/vendor/wp-polyfill.min.js?ver=3.15.0 HTTP/1.1" 200 19261 "http://hosting.digitaldatatechs.com/wp-admin/install.php?step=1" "Mozilla/5.0 (Windows NT 10.0; Win64; x64) AppleWebKit/537.36 (KHTML, like Gecko) Chrome/100.0.4896.127 Safari/537.36"
192.168.254.251 - - [26/Apr/2022:09:41:44 -0400] "GET /wp-includes/js/wp-util.min.js?ver=5.9.3 HTTP/1.1" 200 1340 "http://hosting.digitaldatatechs.com/wp-admin/install.php?step=1" "Mozilla/5.0 (Windows NT 10.0; Win64; x64) AppleWebKit/537.36 (KHTML, like Gecko) Chrome/100.0.4896.127 Safari/537.36"
192.168.254.251 - - [26/Apr/2022:09:41:44 -0400] "GET /wp-includes/js/underscore.min.js?ver=1.13.1 HTTP/1.1" 200 19069 "http://hosting.digitaldatatechs.com/wp-admin/install.php?step=1" "Mozilla/5.0 (Windows NT 10.0; Win64; x64) AppleWebKit/537.36 (KHTML, like Gecko) Chrome/100.0.4896.127 Safari/537.36"
192.168.254.251 - - [26/Apr/2022:09:41:44 -0400] "GET /wp-admin/js/password-strength-meter.min.js?ver=5.9.3 HTTP/1.1" 200 1123 "http://hosting.digitaldatatechs.com/wp-admin/install.php?step=1" "Mozilla/5.0 (Windows NT 10.0; Win64; x64) AppleWebKit/537.36 (KHTML, like Gecko) Chrome/100.0.4896.127 Safari/537.36"
192.168.254.251 - - [26/Apr/2022:09:41:44 -0400] "GET /wp-includes/js/zxcvbn-async.min.js?ver=1.0 HTTP/1.1" 200 351 "http://hosting.digitaldatatechs.com/wp-admin/install.php?step=1" "Mozilla/5.0 (Windows NT 10.0; Win64; x64) AppleWebKit/537.36 (KHTML, like Gecko) Chrome/100.0.4896.127 Safari/537.36"
192.168.254.251 - - [26/Apr/2022:09:41:44 -0400] "GET /wp-admin/js/user-profile.min.js?ver=5.9.3 HTTP/1.1" 200 6102 "http://hosting.digitaldatatechs.com/wp-admin/install.php?step=1" "Mozilla/5.0 (Windows NT 10.0; Win64; x64) AppleWebKit/537.36 (KHTML, like Gecko) Chrome/100.0.4896.127 Safari/537.36"
192.168.254.251 - - [26/Apr/2022:09:41:44 -0400] "GET /wp-includes/js/zxcvbn.min.js HTTP/1.1" 200 822237 "http://hosting.digitaldatatechs.com/wp-admin/install.php?step=1" "Mozilla/5.0 (Windows NT 10.0; Win64; x64) AppleWebKit/537.36 (KHTML, like Gecko) Chrome/100.0.4896.127 Safari/537.36"
::1 - - [26/Apr/2022:09:41:45 -0400] "OPTIONS * HTTP/1.0" 200 - "-" "Apache/2.4.6 (CentOS) OpenSSL/1.0.2k-fips PHP/7.4.29 mod_perl/2.0.11 Perl/v5.16.3 (internal dummy connection)"
::1 - - [26/Apr/2022:09:41:52 -0400] "OPTIONS * HTTP/1.0" 200 - "-" "Apache/2.4.6 (CentOS) OpenSSL/1.0.2k-fips PHP/7.4.29 mod_perl/2.0.11 Perl/v5.16.3 (internal dummy connection)"
::1 - - [26/Apr/2022:09:41:53 -0400] "OPTIONS * HTTP/1.0" 200 - "-" "Apache/2.4.6 (CentOS) OpenSSL/1.0.2k-fips PHP/7.4.29 mod_perl/2.0.11 Perl/v5.16.3 (internal dummy connection)"
::1 - - [26/Apr/2022:09:41:54 -0400] "OPTIONS * HTTP/1.0" 200 - "-" "Apache/2.4.6 (CentOS) OpenSSL/1.0.2k-fips PHP/7.4.29 mod_perl/2.0.11 Perl/v5.16.3 (internal dummy connection)"
::1 - - [26/Apr/2022:09:41:55 -0400] "OPTIONS * HTTP/1.0" 200 - "-" "Apache/2.4.6 (CentOS) OpenSSL/1.0.2k-fips PHP/7.4.29 mod_perl/2.0.11 Perl/v5.16.3 (internal dummy connection)"
::1 - - [26/Apr/2022:09:41:56 -0400] "OPTIONS * HTTP/1.0" 200 - "-" "Apache/2.4.6 (CentOS) OpenSSL/1.0.2k-fips PHP/7.4.29 mod_perl/2.0.11 Perl/v5.16.3 (internal dummy connection)"
::1 - - [26/Apr/2022:09:41:57 -0400] "OPTIONS * HTTP/1.0" 200 - "-" "Apache/2.4.6 (CentOS) OpenSSL/1.0.2k-fips PHP/7.4.29 mod_perl/2.0.11 Perl/v5.16.3 (internal dummy connection)"
::1 - - [26/Apr/2022:09:42:02 -0400] "OPTIONS * HTTP/1.0" 200 - "-" "Apache/2.4.6 (CentOS) OpenSSL/1.0.2k-fips PHP/7.4.29 mod_perl/2.0.11 Perl/v5.16.3 (internal dummy connection)"
192.168.254.242 - - [26/Apr/2022:09:43:26 -0400] "GET /2022/04/26/hello-world/ HTTP/1.1" 404 221 "http://hosting.digitaldatatechs.com/2022/04/26/hello-world/" "WordPress/5.9.3; http://hosting.digitaldatatechs.com"
192.168.254.242 - - [26/Apr/2022:09:43:26 -0400] "GET /index.php/2022/04/26/hello-world/ HTTP/1.1" 200 58375 "http://hosting.digitaldatatechs.com/index.php/2022/04/26/hello-world/" "WordPress/5.9.3; http://hosting.digitaldatatechs.com"
192.168.254.251 - - [26/Apr/2022:09:42:59 -0400] "POST /wp-admin/install.php?step=2 HTTP/1.1" 200 5092 "http://hosting.digitaldatatechs.com/wp-admin/install.php?step=1" "Mozilla/5.0 (Windows NT 10.0; Win64; x64) AppleWebKit/537.36 (KHTML, like Gecko) Chrome/100.0.4896.127 Safari/537.36"
192.168.254.242 - - [26/Apr/2022:09:43:30 -0400] "POST /wp-cron.php?doing_wp_cron=1650980609.9241340160369873046875 HTTP/1.1" 200 - "http://hosting.digitaldatatechs.com/wp-cron.php?doing_wp_cron=1650980609.9241340160369873046875" "WordPress/5.9.3; http://hosting.digitaldatatechs.com"
192.168.254.251 - - [26/Apr/2022:09:43:41 -0400] "GET /wp-login.php HTTP/1.1" 200 6032 "http://hosting.digitaldatatechs.com/wp-admin/install.php?step=2" "Mozilla/5.0 (Windows NT 10.0; Win64; x64) AppleWebKit/537.36 (KHTML, like Gecko) Chrome/100.0.4896.127 Safari/537.36"
192.168.254.251 - - [26/Apr/2022:09:43:41 -0400] "GET /wp-admin/css/login.min.css?ver=5.9.3 HTTP/1.1" 200 6315 "http://hosting.digitaldatatechs.com/wp-login.php" "Mozilla/5.0 (Windows NT 10.0; Win64; x64) AppleWebKit/537.36 (KHTML, like Gecko) Chrome/100.0.4896.127 Safari/537.36"
192.168.254.251 - - [26/Apr/2022:09:43:49 -0400] "POST /wp-login.php HTTP/1.1" 302 - "http://hosting.digitaldatatechs.com/wp-login.php" "Mozilla/5.0 (Windows NT 10.0; Win64; x64) AppleWebKit/537.36 (KHTML, like Gecko) Chrome/100.0.4896.127 Safari/537.36"
192.168.254.251 - - [26/Apr/2022:09:43:53 -0400] "GET /wp-includes/js/thickbox/thickbox.css?ver=5.9.3 HTTP/1.1" 200 2659 "http://hosting.digitaldatatechs.com/wp-admin/" "Mozilla/5.0 (Windows NT 10.0; Win64; x64) AppleWebKit/537.36 (KHTML, like Gecko) Chrome/100.0.4896.127 Safari/537.36"
192.168.254.251 - - [26/Apr/2022:09:43:53 -0400] "GET /wp-admin/load-scripts.php?c=0&load%5Bchunk_0%5D=jquery-core,jquery-migrate,utils&ver=5.9.3 HTTP/1.1" 200 102612 "http://hosting.digitaldatatechs.com/wp-admin/" "Mozilla/5.0 (Windows NT 10.0; Win64; x64) AppleWebKit/537.36 (KHTML, like Gecko) Chrome/100.0.4896.127 Safari/537.36"
192.168.254.251 - - [26/Apr/2022:09:43:53 -0400] "GET /wp-admin/load-styles.php?c=0&dir=ltr&load%5Bchunk_0%5D=dashicons,admin-bar,site-health,common,forms,admin-menu,dashboard,list-tables,edit,revisions,media,themes,about,nav-menus,wp-poi&load%5Bchunk_1%5D=nter,widgets,site-icon,l10n,buttons,wp-auth-check&ver=5.9.3 HTTP/1.1" 200 390681 "http://hosting.digitaldatatechs.com/wp-admin/" "Mozilla/5.0 (Windows NT 10.0; Win64; x64) AppleWebKit/537.36 (KHTML, like Gecko) Chrome/100.0.4896.127 Safari/537.36"
192.168.254.251 - - [26/Apr/2022:09:43:53 -0400] "GET /wp-includes/js/wp-emoji-release.min.js?ver=5.9.3 HTTP/1.1" 200 18181 "http://hosting.digitaldatatechs.com/wp-admin/" "Mozilla/5.0 (Windows NT 10.0; Win64; x64) AppleWebKit/537.36 (KHTML, like Gecko) Chrome/100.0.4896.127 Safari/537.36"
192.168.254.251 - - [26/Apr/2022:09:43:53 -0400] "GET /wp-admin/images/about-header-about.svg HTTP/1.1" 200 5024 "http://hosting.digitaldatatechs.com/wp-admin/load-styles.php?c=0&dir=ltr&load%5Bchunk_0%5D=dashicons,admin-bar,site-health,common,forms,admin-menu,dashboard,list-tables,edit,revisions,media,themes,about,nav-menus,wp-poi&load%5Bchunk_1%5D=nter,widgets,site-icon,l10n,buttons,wp-auth-check&ver=5.9.3" "Mozilla/5.0 (Windows NT 10.0; Win64; x64) AppleWebKit/537.36 (KHTML, like Gecko) Chrome/100.0.4896.127 Safari/537.36"
192.168.254.251 - - [26/Apr/2022:09:43:53 -0400] "GET /wp-admin/images/about-texture.png HTTP/1.1" 200 146755 "http://hosting.digitaldatatechs.com/wp-admin/load-styles.php?c=0&dir=ltr&load%5Bchunk_0%5D=dashicons,admin-bar,site-health,common,forms,admin-menu,dashboard,list-tables,edit,revisions,media,themes,about,nav-menus,wp-poi&load%5Bchunk_1%5D=nter,widgets,site-icon,l10n,buttons,wp-auth-check&ver=5.9.3" "Mozilla/5.0 (Windows NT 10.0; Win64; x64) AppleWebKit/537.36 (KHTML, like Gecko) Chrome/100.0.4896.127 Safari/537.36"
192.168.254.251 - - [26/Apr/2022:09:43:54 -0400] "GET /wp-includes/css/editor.min.css?ver=5.9.3 HTTP/1.1" 200 27188 "http://hosting.digitaldatatechs.com/wp-admin/" "Mozilla/5.0 (Windows NT 10.0; Win64; x64) AppleWebKit/537.36 (KHTML, like Gecko) Chrome/100.0.4896.127 Safari/537.36"
192.168.254.251 - - [26/Apr/2022:09:43:50 -0400] "GET /wp-admin/ HTTP/1.1" 200 68537 "http://hosting.digitaldatatechs.com/wp-login.php" "Mozilla/5.0 (Windows NT 10.0; Win64; x64) AppleWebKit/537.36 (KHTML, like Gecko) Chrome/100.0.4896.127 Safari/537.36"
192.168.254.251 - - [26/Apr/2022:09:43:55 -0400] "GET /wp-admin/js/common.min.js?ver=5.9.3 HTTP/1.1" 200 20038 "http://hosting.digitaldatatechs.com/wp-admin/" "Mozilla/5.0 (Windows NT 10.0; Win64; x64) AppleWebKit/537.36 (KHTML, like Gecko) Chrome/100.0.4896.127 Safari/537.36"
192.168.254.251 - - [26/Apr/2022:09:43:55 -0400] "GET /wp-includes/js/hoverintent-js.min.js?ver=2.2.1 HTTP/1.1" 200 1718 "http://hosting.digitaldatatechs.com/wp-admin/" "Mozilla/5.0 (Windows NT 10.0; Win64; x64) AppleWebKit/537.36 (KHTML, like Gecko) Chrome/100.0.4896.127 Safari/537.36"
192.168.254.251 - - [26/Apr/2022:09:43:55 -0400] "GET /wp-includes/js/admin-bar.min.js?ver=5.9.3 HTTP/1.1" 200 3556 "http://hosting.digitaldatatechs.com/wp-admin/" "Mozilla/5.0 (Windows NT 10.0; Win64; x64) AppleWebKit/537.36 (KHTML, like Gecko) Chrome/100.0.4896.127 Safari/537.36"
192.168.254.251 - - [26/Apr/2022:09:43:55 -0400] "GET /wp-includes/js/clipboard.min.js?ver=5.9.3 HTTP/1.1" 200 10607 "http://hosting.digitaldatatechs.com/wp-admin/" "Mozilla/5.0 (Windows NT 10.0; Win64; x64) AppleWebKit/537.36 (KHTML, like Gecko) Chrome/100.0.4896.127 Safari/537.36"
192.168.254.251 - - [26/Apr/2022:09:43:55 -0400] "GET /wp-includes/js/dist/dom-ready.min.js?ver=ecda74de0221e1c2ce5c57cbb5af09d5 HTTP/1.1" 200 1257 "http://hosting.digitaldatatechs.com/wp-admin/" "Mozilla/5.0 (Windows NT 10.0; Win64; x64) AppleWebKit/537.36 (KHTML, like Gecko) Chrome/100.0.4896.127 Safari/537.36"
192.168.254.251 - - [26/Apr/2022:09:43:55 -0400] "GET /wp-includes/js/dist/a11y.min.js?ver=68e470cf840f69530e9db3be229ad4b6 HTTP/1.1" 200 3069 "http://hosting.digitaldatatechs.com/wp-admin/" "Mozilla/5.0 (Windows NT 10.0; Win64; x64) AppleWebKit/537.36 (KHTML, like Gecko) Chrome/100.0.4896.127 Safari/537.36"
192.168.254.251 - - [26/Apr/2022:09:43:55 -0400] "GET /wp-includes/js/api-request.min.js?ver=5.9.3 HTTP/1.1" 200 1025 "http://hosting.digitaldatatechs.com/wp-admin/" "Mozilla/5.0 (Windows NT 10.0; Win64; x64) AppleWebKit/537.36 (KHTML, like Gecko) Chrome/100.0.4896.127 Safari/537.36"
192.168.254.251 - - [26/Apr/2022:09:43:55 -0400] "GET /wp-includes/js/dist/url.min.js?ver=5d9169e30a8883667fee1a7b5dd0fb51 HTTP/1.1" 200 5698 "http://hosting.digitaldatatechs.com/wp-admin/" "Mozilla/5.0 (Windows NT 10.0; Win64; x64) AppleWebKit/537.36 (KHTML, like Gecko) Chrome/100.0.4896.127 Safari/537.36"
192.168.254.251 - - [26/Apr/2022:09:43:55 -0400] "GET /wp-includes/js/wp-ajax-response.min.js?ver=5.9.3 HTTP/1.1" 200 2312 "http://hosting.digitaldatatechs.com/wp-admin/" "Mozilla/5.0 (Windows NT 10.0; Win64; x64) AppleWebKit/537.36 (KHTML, like Gecko) Chrome/100.0.4896.127 Safari/537.36"
192.168.254.251 - - [26/Apr/2022:09:43:55 -0400] "GET /wp-includes/js/jquery/jquery.color.min.js?ver=2.1.2 HTTP/1.1" 200 9315 "http://hosting.digitaldatatechs.com/wp-admin/" "Mozilla/5.0 (Windows NT 10.0; Win64; x64) AppleWebKit/537.36 (KHTML, like Gecko) Chrome/100.0.4896.127 Safari/537.36"
192.168.254.251 - - [26/Apr/2022:09:43:55 -0400] "GET /wp-includes/js/wp-lists.min.js?ver=5.9.3 HTTP/1.1" 200 7442 "http://hosting.digitaldatatechs.com/wp-admin/" "Mozilla/5.0 (Windows NT 10.0; Win64; x64) AppleWebKit/537.36 (KHTML, like Gecko) Chrome/100.0.4896.127 Safari/537.36"
192.168.254.251 - - [26/Apr/2022:09:43:55 -0400] "GET /wp-admin/js/site-health.min.js?ver=5.9.3 HTTP/1.1" 200 6142 "http://hosting.digitaldatatechs.com/wp-admin/" "Mozilla/5.0 (Windows NT 10.0; Win64; x64) AppleWebKit/537.36 (KHTML, like Gecko) Chrome/100.0.4896.127 Safari/537.36"
192.168.254.251 - - [26/Apr/2022:09:43:55 -0400] "GET /wp-includes/js/jquery/jquery.query.js?ver=2.2.3 HTTP/1.1" 200 3694 "http://hosting.digitaldatatechs.com/wp-admin/" "Mozilla/5.0 (Windows NT 10.0; Win64; x64) AppleWebKit/537.36 (KHTML, like Gecko) Chrome/100.0.4896.127 Safari/537.36"
192.168.254.251 - - [26/Apr/2022:09:43:55 -0400] "GET /wp-admin/js/edit-comments.min.js?ver=5.9.3 HTTP/1.1" 200 15268 "http://hosting.digitaldatatechs.com/wp-admin/" "Mozilla/5.0 (Windows NT 10.0; Win64; x64) AppleWebKit/537.36 (KHTML, like Gecko) Chrome/100.0.4896.127 Safari/537.36"
192.168.254.251 - - [26/Apr/2022:09:43:55 -0400] "GET /wp-includes/js/dist/vendor/lodash.min.js?ver=4.17.19 HTTP/1.1" 200 73015 "http://hosting.digitaldatatechs.com/wp-admin/" "Mozilla/5.0 (Windows NT 10.0; Win64; x64) AppleWebKit/537.36 (KHTML, like Gecko) Chrome/100.0.4896.127 Safari/537.36"
192.168.254.251 - - [26/Apr/2022:09:43:55 -0400] "GET /wp-includes/js/quicktags.min.js?ver=5.9.3 HTTP/1.1" 200 11132 "http://hosting.digitaldatatechs.com/wp-admin/" "Mozilla/5.0 (Windows NT 10.0; Win64; x64) AppleWebKit/537.36 (KHTML, like Gecko) Chrome/100.0.4896.127 Safari/537.36"
192.168.254.251 - - [26/Apr/2022:09:43:55 -0400] "GET /wp-admin/load-scripts.php?c=0&load%5Bchunk_0%5D=hoverIntent,regenerator-runtime,wp-polyfill,wp-hooks&ver=5.9.3 HTTP/1.1" 200 32949 "http://hosting.digitaldatatechs.com/wp-admin/" "Mozilla/5.0 (Windows NT 10.0; Win64; x64) AppleWebKit/537.36 (KHTML, like Gecko) Chrome/100.0.4896.127 Safari/537.36"
192.168.254.251 - - [26/Apr/2022:09:43:55 -0400] "GET /wp-includes/js/jquery/ui/mouse.min.js?ver=1.13.1 HTTP/1.1" 200 3406 "http://hosting.digitaldatatechs.com/wp-admin/" "Mozilla/5.0 (Windows NT 10.0; Win64; x64) AppleWebKit/537.36 (KHTML, like Gecko) Chrome/100.0.4896.127 Safari/537.36"
192.168.254.251 - - [26/Apr/2022:09:43:55 -0400] "GET /wp-admin/js/postbox.min.js?ver=5.9.3 HTTP/1.1" 200 6713 "http://hosting.digitaldatatechs.com/wp-admin/" "Mozilla/5.0 (Windows NT 10.0; Win64; x64) AppleWebKit/537.36 (KHTML, like Gecko) Chrome/100.0.4896.127 Safari/537.36"
192.168.254.251 - - [26/Apr/2022:09:43:55 -0400] "GET /wp-includes/js/dist/vendor/moment.min.js?ver=2.29.1 HTTP/1.1" 200 58325 "http://hosting.digitaldatatechs.com/wp-admin/" "Mozilla/5.0 (Windows NT 10.0; Win64; x64) AppleWebKit/537.36 (KHTML, like Gecko) Chrome/100.0.4896.127 Safari/537.36"
192.168.254.251 - - [26/Apr/2022:09:43:55 -0400] "GET /wp-admin/js/dashboard.min.js?ver=5.9.3 HTTP/1.1" 200 8797 "http://hosting.digitaldatatechs.com/wp-admin/" "Mozilla/5.0 (Windows NT 10.0; Win64; x64) AppleWebKit/537.36 (KHTML, like Gecko) Chrome/100.0.4896.127 Safari/537.36"
192.168.254.251 - - [26/Apr/2022:09:43:55 -0400] "GET /wp-includes/js/jquery/ui/sortable.min.js?ver=1.13.1 HTTP/1.1" 200 25464 "http://hosting.digitaldatatechs.com/wp-admin/" "Mozilla/5.0 (Windows NT 10.0; Win64; x64) AppleWebKit/537.36 (KHTML, like Gecko) Chrome/100.0.4896.127 Safari/537.36"
192.168.254.251 - - [26/Apr/2022:09:43:55 -0400] "GET /wp-includes/js/thickbox/thickbox.js?ver=3.1-20121105 HTTP/1.1" 200 13194 "http://hosting.digitaldatatechs.com/wp-admin/" "Mozilla/5.0 (Windows NT 10.0; Win64; x64) AppleWebKit/537.36 (KHTML, like Gecko) Chrome/100.0.4896.127 Safari/537.36"
192.168.254.251 - - [26/Apr/2022:09:43:55 -0400] "GET /wp-admin/js/plugin-install.min.js?ver=5.9.3 HTTP/1.1" 200 2403 "http://hosting.digitaldatatechs.com/wp-admin/" "Mozilla/5.0 (Windows NT 10.0; Win64; x64) AppleWebKit/537.36 (KHTML, like Gecko) Chrome/100.0.4896.127 Safari/537.36"
192.168.254.251 - - [26/Apr/2022:09:43:55 -0400] "GET /wp-includes/js/wp-sanitize.min.js?ver=5.9.3 HTTP/1.1" 200 458 "http://hosting.digitaldatatechs.com/wp-admin/" "Mozilla/5.0 (Windows NT 10.0; Win64; x64) AppleWebKit/537.36 (KHTML, like Gecko) Chrome/100.0.4896.127 Safari/537.36"
192.168.254.251 - - [26/Apr/2022:09:43:55 -0400] "GET /wp-includes/js/jquery/ui/core.min.js?ver=1.13.1 HTTP/1.1" 200 20714 "http://hosting.digitaldatatechs.com/wp-admin/" "Mozilla/5.0 (Windows NT 10.0; Win64; x64) AppleWebKit/537.36 (KHTML, like Gecko) Chrome/100.0.4896.127 Safari/537.36"
192.168.254.251 - - [26/Apr/2022:09:43:55 -0400] "GET /wp-includes/js/shortcode.min.js?ver=5.9.3 HTTP/1.1" 200 2650 "http://hosting.digitaldatatechs.com/wp-admin/" "Mozilla/5.0 (Windows NT 10.0; Win64; x64) AppleWebKit/537.36 (KHTML, like Gecko) Chrome/100.0.4896.127 Safari/537.36"
192.168.254.251 - - [26/Apr/2022:09:43:55 -0400] "GET /wp-admin/js/media-upload.min.js?ver=5.9.3 HTTP/1.1" 200 1152 "http://hosting.digitaldatatechs.com/wp-admin/" "Mozilla/5.0 (Windows NT 10.0; Win64; x64) AppleWebKit/537.36 (KHTML, like Gecko) Chrome/100.0.4896.127 Safari/537.36"
192.168.254.251 - - [26/Apr/2022:09:43:55 -0400] "GET /wp-includes/js/wp-auth-check.min.js?ver=5.9.3 HTTP/1.1" 200 1658 "http://hosting.digitaldatatechs.com/wp-admin/" "Mozilla/5.0 (Windows NT 10.0; Win64; x64) AppleWebKit/537.36 (KHTML, like Gecko) Chrome/100.0.4896.127 Safari/537.36"
192.168.254.251 - - [26/Apr/2022:09:43:55 -0400] "GET /wp-includes/js/wplink.min.js?ver=5.9.3 HTTP/1.1" 200 11270 "http://hosting.digitaldatatechs.com/wp-admin/" "Mozilla/5.0 (Windows NT 10.0; Win64; x64) AppleWebKit/537.36 (KHTML, like Gecko) Chrome/100.0.4896.127 Safari/537.36"
192.168.254.251 - - [26/Apr/2022:09:43:55 -0400] "GET /wp-admin/js/svg-painter.js?ver=5.9.3 HTTP/1.1" 200 5522 "http://hosting.digitaldatatechs.com/wp-admin/" "Mozilla/5.0 (Windows NT 10.0; Win64; x64) AppleWebKit/537.36 (KHTML, like Gecko) Chrome/100.0.4896.127 Safari/537.36"
192.168.254.251 - - [26/Apr/2022:09:43:55 -0400] "GET /wp-admin/js/updates.min.js?ver=5.9.3 HTTP/1.1" 200 41173 "http://hosting.digitaldatatechs.com/wp-admin/" "Mozilla/5.0 (Windows NT 10.0; Win64; x64) AppleWebKit/537.36 (KHTML, like Gecko) Chrome/100.0.4896.127 Safari/537.36"
192.168.254.251 - - [26/Apr/2022:09:43:55 -0400] "GET /wp-includes/js/jquery/ui/autocomplete.min.js?ver=1.13.1 HTTP/1.1" 200 8527 "http://hosting.digitaldatatechs.com/wp-admin/" "Mozilla/5.0 (Windows NT 10.0; Win64; x64) AppleWebKit/537.36 (KHTML, like Gecko) Chrome/100.0.4896.127 Safari/537.36"
192.168.254.251 - - [26/Apr/2022:09:43:55 -0400] "GET /wp-includes/js/jquery/ui/menu.min.js?ver=1.13.1 HTTP/1.1" 200 10116 "http://hosting.digitaldatatechs.com/wp-admin/" "Mozilla/5.0 (Windows NT 10.0; Win64; x64) AppleWebKit/537.36 (KHTML, like Gecko) Chrome/100.0.4896.127 Safari/537.36"
192.168.254.251 - - [26/Apr/2022:09:43:55 -0400] "GET /wp-includes/js/heartbeat.min.js?ver=5.9.3 HTTP/1.1" 200 5877 "http://hosting.digitaldatatechs.com/wp-admin/" "Mozilla/5.0 (Windows NT 10.0; Win64; x64) AppleWebKit/537.36 (KHTML, like Gecko) Chrome/100.0.4896.127 Safari/537.36"
192.168.254.251 - - [26/Apr/2022:09:43:55 -0400] "GET /wp-includes/js/dist/date.min.js?ver=a9a5af167fc60fa1bfda62582a7beb3c HTTP/1.1" 200 202264 "http://hosting.digitaldatatechs.com/wp-admin/" "Mozilla/5.0 (Windows NT 10.0; Win64; x64) AppleWebKit/537.36 (KHTML, like Gecko) Chrome/100.0.4896.127 Safari/537.36"
192.168.254.251 - - [26/Apr/2022:09:43:55 -0400] "GET /wp-includes/js/thickbox/loadingAnimation.gif HTTP/1.1" 200 15238 "http://hosting.digitaldatatechs.com/wp-admin/" "Mozilla/5.0 (Windows NT 10.0; Win64; x64) AppleWebKit/537.36 (KHTML, like Gecko) Chrome/100.0.4896.127 Safari/537.36"
192.168.254.251 - - [26/Apr/2022:09:43:55 -0400] "POST /wp-admin/admin-ajax.php HTTP/1.1" 200 104 "http://hosting.digitaldatatechs.com/wp-admin/" "Mozilla/5.0 (Windows NT 10.0; Win64; x64) AppleWebKit/537.36 (KHTML, like Gecko) Chrome/100.0.4896.127 Safari/537.36"
192.168.254.251 - - [26/Apr/2022:09:43:55 -0400] "GET /wp-admin/admin-ajax.php?action=wp-compression-test&test=1&_ajax_nonce=b45a8f7942&1650980635417 HTTP/1.1" 200 1114 "http://hosting.digitaldatatechs.com/wp-admin/" "Mozilla/5.0 (Windows NT 10.0; Win64; x64) AppleWebKit/537.36 (KHTML, like Gecko) Chrome/100.0.4896.127 Safari/537.36"
192.168.254.251 - - [26/Apr/2022:09:43:57 -0400] "GET /wp-admin/admin-ajax.php?action=wp-compression-test&test=2&_ajax_nonce=b45a8f7942&1650980637038 HTTP/1.1" 200 572 "http://hosting.digitaldatatechs.com/wp-admin/" "Mozilla/5.0 (Windows NT 10.0; Win64; x64) AppleWebKit/537.36 (KHTML, like Gecko) Chrome/100.0.4896.127 Safari/537.36"
192.168.254.251 - - [26/Apr/2022:09:44:00 -0400] "GET /wp-admin/admin-ajax.php?action=wp-compression-test&test=yes&_ajax_nonce=b45a8f7942&1650980639999 HTTP/1.1" 200 1 "http://hosting.digitaldatatechs.com/wp-admin/" "Mozilla/5.0 (Windows NT 10.0; Win64; x64) AppleWebKit/537.36 (KHTML, like Gecko) Chrome/100.0.4896.127 Safari/537.36"
192.168.254.242 - - [26/Apr/2022:09:43:56 -0400] "POST /wp-cron.php?doing_wp_cron=1650980635.6597149372100830078125 HTTP/1.1" 200 - "http://hosting.digitaldatatechs.com/wp-cron.php?doing_wp_cron=1650980635.6597149372100830078125" "WordPress/5.9.3; http://hosting.digitaldatatechs.com"
::1 - - [26/Apr/2022:09:44:03 -0400] "OPTIONS * HTTP/1.0" 200 - "-" "Apache/2.4.6 (CentOS) OpenSSL/1.0.2k-fips PHP/7.4.29 mod_perl/2.0.11 Perl/v5.16.3 (internal dummy connection)"
192.168.254.251 - - [26/Apr/2022:09:43:55 -0400] "GET /wp-admin/admin-ajax.php?action=dashboard-widgets&widget=dashboard_primary&pagenow=dashboard HTTP/1.1" 200 967 "http://hosting.digitaldatatechs.com/wp-admin/" "Mozilla/5.0 (Windows NT 10.0; Win64; x64) AppleWebKit/537.36 (KHTML, like Gecko) Chrome/100.0.4896.127 Safari/537.36"
::1 - - [26/Apr/2022:09:44:08 -0400] "OPTIONS * HTTP/1.0" 200 - "-" "Apache/2.4.6 (CentOS) OpenSSL/1.0.2k-fips PHP/7.4.29 mod_perl/2.0.11 Perl/v5.16.3 (internal dummy connection)"
192.168.254.251 - - [26/Apr/2022:09:44:08 -0400] "GET /wp-admin/update-core.php HTTP/1.1" 200 46115 "http://hosting.digitaldatatechs.com/wp-admin/" "Mozilla/5.0 (Windows NT 10.0; Win64; x64) AppleWebKit/537.36 (KHTML, like Gecko) Chrome/100.0.4896.127 Safari/537.36"
192.168.254.251 - - [26/Apr/2022:09:44:09 -0400] "GET /wp-admin/load-scripts.php?c=1&load%5Bchunk_0%5D=jquery-core,jquery-migrate,utils&ver=5.9.3 HTTP/1.1" 200 102612 "http://hosting.digitaldatatechs.com/wp-admin/update-core.php" "Mozilla/5.0 (Windows NT 10.0; Win64; x64) AppleWebKit/537.36 (KHTML, like Gecko) Chrome/100.0.4896.127 Safari/537.36"
192.168.254.251 - - [26/Apr/2022:09:44:09 -0400] "GET /wp-admin/load-styles.php?c=1&dir=ltr&load%5Bchunk_0%5D=dashicons,admin-bar,common,forms,admin-menu,dashboard,list-tables,edit,revisions,media,themes,about,nav-menus,wp-pointer,widgets&load%5Bchunk_1%5D=,site-icon,l10n,buttons&ver=5.9.3 HTTP/1.1" 200 383617 "http://hosting.digitaldatatechs.com/wp-admin/update-core.php" "Mozilla/5.0 (Windows NT 10.0; Win64; x64) AppleWebKit/537.36 (KHTML, like Gecko) Chrome/100.0.4896.127 Safari/537.36"
192.168.254.251 - - [26/Apr/2022:09:44:09 -0400] "GET /wp-admin/load-scripts.php?c=1&load%5Bchunk_0%5D=hoverIntent,regenerator-runtime,wp-polyfill,wp-hooks&ver=5.9.3 HTTP/1.1" 200 32949 "http://hosting.digitaldatatechs.com/wp-admin/update-core.php" "Mozilla/5.0 (Windows NT 10.0; Win64; x64) AppleWebKit/537.36 (KHTML, like Gecko) Chrome/100.0.4896.127 Safari/537.36"
192.168.254.251 - - [26/Apr/2022:09:44:09 -0400] "GET /wp-content/themes/twentynineteen/screenshot.png HTTP/1.1" 200 175535 "http://hosting.digitaldatatechs.com/wp-admin/update-core.php" "Mozilla/5.0 (Windows NT 10.0; Win64; x64) AppleWebKit/537.36 (KHTML, like Gecko) Chrome/100.0.4896.127 Safari/537.36"
192.168.254.251 - - [26/Apr/2022:09:44:09 -0400] "GET /wp-content/themes/twentyseventeen/screenshot.png HTTP/1.1" 200 363833 "http://hosting.digitaldatatechs.com/wp-admin/update-core.php" "Mozilla/5.0 (Windows NT 10.0; Win64; x64) AppleWebKit/537.36 (KHTML, like Gecko) Chrome/100.0.4896.127 Safari/537.36"
192.168.254.251 - - [26/Apr/2022:09:44:09 -0400] "GET /wp-content/themes/twentysixteen/screenshot.png HTTP/1.1" 200 463555 "http://hosting.digitaldatatechs.com/wp-admin/update-core.php" "Mozilla/5.0 (Windows NT 10.0; Win64; x64) AppleWebKit/537.36 (KHTML, like Gecko) Chrome/100.0.4896.127 Safari/537.36"
192.168.254.251 - - [26/Apr/2022:09:44:16 -0400] "POST /wp-admin/update-core.php?action=do-plugin-upgrade HTTP/1.1" 200 27736 "http://hosting.digitaldatatechs.com/wp-admin/update-core.php" "Mozilla/5.0 (Windows NT 10.0; Win64; x64) AppleWebKit/537.36 (KHTML, like Gecko) Chrome/100.0.4896.127 Safari/537.36"
192.168.254.251 - - [26/Apr/2022:09:44:17 -0400] "GET /wp-admin/load-styles.php?c=1&dir=ltr&load%5Bchunk_0%5D=dashicons,common,forms,admin-menu,dashboard,list-tables,edit,revisions,media,themes,about,nav-menus,wp-pointer,widgets,site-icon&load%5Bchunk_1%5D=,l10n,buttons&ver=5.9.3 HTTP/1.1" 200 363511 "http://hosting.digitaldatatechs.com/wp-admin/update.php?action=update-selected&plugins=akismet%2Fakismet.php%2Call-in-one-seo-pack%2Fall_in_one_seo_pack.php%2Cbeaver-builder-lite-version%2Ffl-builder.php%2Cclassic-editor%2Fclassic-editor.php%2Cimagify%2Fimagify.php%2Cjetpack%2Fjetpack.php%2Ctinywp-mobile-detect%2Fmobile-detect.php%2Cwp-ecommerce-paypal%2Fwp-ecommerce-paypal.php%2Creally-simple-ssl%2Frlrsssl-really-simple-ssl.php%2Cso-widgets-bundle%2Fso-widgets-bundle.php%2Cultimate-member%2Fultimate-member.php%2Cwp-call-button%2Fwp-call-button.php%2Cwp-popups-lite%2Fwp-popups-lite.php%2Cwptouch%2Fwptouch.php&_wpnonce=6a3fd9753c" "Mozilla/5.0 (Windows NT 10.0; Win64; x64) AppleWebKit/537.36 (KHTML, like Gecko) Chrome/100.0.4896.127 Safari/537.36"
192.168.254.251 - - [26/Apr/2022:09:44:17 -0400] "GET /wp-admin/update.php?action=update-selected&plugins=akismet%2Fakismet.php%2Call-in-one-seo-pack%2Fall_in_one_seo_pack.php%2Cbeaver-builder-lite-version%2Ffl-builder.php%2Cclassic-editor%2Fclassic-editor.php%2Cimagify%2Fimagify.php%2Cjetpack%2Fjetpack.php%2Ctinywp-mobile-detect%2Fmobile-detect.php%2Cwp-ecommerce-paypal%2Fwp-ecommerce-paypal.php%2Creally-simple-ssl%2Frlrsssl-really-simple-ssl.php%2Cso-widgets-bundle%2Fso-widgets-bundle.php%2Cultimate-member%2Fultimate-member.php%2Cwp-call-button%2Fwp-call-button.php%2Cwp-popups-lite%2Fwp-popups-lite.php%2Cwptouch%2Fwptouch.php&_wpnonce=6a3fd9753c HTTP/1.1" 200 23963 "http://hosting.digitaldatatechs.com/wp-admin/update-core.php?action=do-plugin-upgrade" "Mozilla/5.0 (Windows NT 10.0; Win64; x64) AppleWebKit/537.36 (KHTML, like Gecko) Chrome/100.0.4896.127 Safari/537.36"
::1 - - [26/Apr/2022:09:44:48 -0400] "OPTIONS * HTTP/1.0" 200 - "-" "Apache/2.4.6 (CentOS) OpenSSL/1.0.2k-fips PHP/7.4.29 mod_perl/2.0.11 Perl/v5.16.3 (internal dummy connection)"
192.168.254.251 - - [26/Apr/2022:09:44:57 -0400] "GET /wp-admin/update-core.php HTTP/1.1" 200 31618 "http://hosting.digitaldatatechs.com/wp-admin/update-core.php?action=do-plugin-upgrade" "Mozilla/5.0 (Windows NT 10.0; Win64; x64) AppleWebKit/537.36 (KHTML, like Gecko) Chrome/100.0.4896.127 Safari/537.36"
192.168.254.242 - - [26/Apr/2022:09:44:57 -0400] "POST /wp-cron.php?doing_wp_cron=1650980697.3264739513397216796875 HTTP/1.1" 200 - "http://hosting.digitaldatatechs.com/wp-cron.php?doing_wp_cron=1650980697.3264739513397216796875" "WordPress/5.9.3; http://hosting.digitaldatatechs.com"
192.168.254.251 - - [26/Apr/2022:09:45:07 -0400] "POST /wp-admin/update-core.php?action=do-theme-upgrade HTTP/1.1" 200 27229 "http://hosting.digitaldatatechs.com/wp-admin/update-core.php" "Mozilla/5.0 (Windows NT 10.0; Win64; x64) AppleWebKit/537.36 (KHTML, like Gecko) Chrome/100.0.4896.127 Safari/537.36"
192.168.254.251 - - [26/Apr/2022:09:45:07 -0400] "GET /wp-admin/update.php?action=update-selected-themes&themes=twentynineteen%2Ctwentyseventeen%2Ctwentysixteen&_wpnonce=eeb0041a9b HTTP/1.1" 200 11006 "http://hosting.digitaldatatechs.com/wp-admin/update-core.php?action=do-theme-upgrade" "Mozilla/5.0 (Windows NT 10.0; Win64; x64) AppleWebKit/537.36 (KHTML, like Gecko) Chrome/100.0.4896.127 Safari/537.36"
192.168.254.251 - - [26/Apr/2022:09:45:19 -0400] "GET /wp-admin/plugins.php HTTP/1.1" 200 83001 "http://hosting.digitaldatatechs.com/wp-admin/update-core.php?action=do-theme-upgrade" "Mozilla/5.0 (Windows NT 10.0; Win64; x64) AppleWebKit/537.36 (KHTML, like Gecko) Chrome/100.0.4896.127 Safari/537.36"
192.168.254.251 - - [26/Apr/2022:09:45:20 -0400] "GET /wp-admin/load-styles.php?c=1&dir=ltr&load%5Bchunk_0%5D=dashicons,admin-bar,common,forms,admin-menu,dashboard,list-tables,edit,revisions,media,themes,about,nav-menus,wp-pointer,widgets&load%5Bchunk_1%5D=,site-icon,l10n,buttons,wp-auth-check&ver=5.9.3 HTTP/1.1" 200 385558 "http://hosting.digitaldatatechs.com/wp-admin/plugins.php" "Mozilla/5.0 (Windows NT 10.0; Win64; x64) AppleWebKit/537.36 (KHTML, like Gecko) Chrome/100.0.4896.127 Safari/537.36"
192.168.254.251 - - [26/Apr/2022:09:46:21 -0400] "POST /wp-admin/admin-ajax.php HTTP/1.1" 302 47 "http://hosting.digitaldatatechs.com/wp-admin/plugins.php" "Mozilla/5.0 (Windows NT 10.0; Win64; x64) AppleWebKit/537.36 (KHTML, like Gecko) Chrome/100.0.4896.127 Safari/537.36"
192.168.254.242 - - [26/Apr/2022:09:46:44 -0400] "POST /wp-cron.php?doing_wp_cron=1650980803.5875520706176757812500 HTTP/1.1" 200 - "http://hosting.digitaldatatechs.com/wp-cron.php?doing_wp_cron=1650980803.5875520706176757812500" "NoGbFmMUEYy2"
192.168.254.251 - - [26/Apr/2022:09:45:37 -0400] "POST /wp-admin/plugins.php HTTP/1.1" 302 - "http://hosting.digitaldatatechs.com/wp-admin/plugins.php" "Mozilla/5.0 (Windows NT 10.0; Win64; x64) AppleWebKit/537.36 (KHTML, like Gecko) Chrome/100.0.4896.127 Safari/537.36"
192.168.254.242 - - [26/Apr/2022:09:46:55 -0400] "GET / HTTP/1.1" 200 65946 "http://hosting.digitaldatatechs.com/" "WP Rocket/Homepage Preload"
192.168.254.242 - - [26/Apr/2022:09:47:43 -0400] "GET / HTTP/1.1" 200 74664 "http://hosting.digitaldatatechs.com/" "WordPress/5.9.3; http://hosting.digitaldatatechs.com"
192.168.254.242 - - [26/Apr/2022:09:47:51 -0400] "GET / HTTP/1.1" 200 74691 "-" "-"
192.168.254.242 - - [26/Apr/2022:09:47:44 -0400] "GET / HTTP/1.1" 200 74664 "http://hosting.digitaldatatechs.com/" "WP Rocket/Homepage Preload"
192.168.254.242 - - [26/Apr/2022:09:47:45 -0400] "GET / HTTP/1.1" 200 74664 "http://hosting.digitaldatatechs.com/" "WP Rocket/Preload"
192.168.254.242 - - [26/Apr/2022:09:47:52 -0400] "GET / HTTP/1.1" 200 74691 "http://hosting.digitaldatatechs.com/" "Mozilla/5.0 (iPhone; CPU iPhone OS 9_1 like Mac OS X) AppleWebKit/601.1.46 (KHTML, like Gecko) Version/9.0 Mobile/13B143 Safari/601.1 WP Rocket/Preload"
192.168.254.242 - - [26/Apr/2022:09:47:40 -0400] "POST /wp-cron.php?doing_wp_cron=1650980860.3475120067596435546875 HTTP/1.1" 200 - "http://hosting.digitaldatatechs.com/wp-cron.php?doing_wp_cron=1650980860.3475120067596435546875" "NqrFJ9cFdwBm"
192.168.254.242 - - [26/Apr/2022:09:47:53 -0400] "GET / HTTP/1.1" 200 74691 "http://hosting.digitaldatatechs.com/" "WordPress/5.9.3; http://hosting.digitaldatatechs.com"
192.168.254.242 - - [26/Apr/2022:09:47:59 -0400] "GET / HTTP/1.1" 200 74664 "http://hosting.digitaldatatechs.com/" "WP Rocket/Homepage Preload"
192.168.254.242 - - [26/Apr/2022:09:48:00 -0400] "GET / HTTP/1.1" 200 74664 "http://hosting.digitaldatatechs.com/" "WP Rocket/Preload"
192.168.254.242 - - [26/Apr/2022:09:48:05 -0400] "GET / HTTP/1.1" 200 74691 "http://hosting.digitaldatatechs.com/" "Mozilla/5.0 (iPhone; CPU iPhone OS 9_1 like Mac OS X) AppleWebKit/601.1.46 (KHTML, like Gecko) Version/9.0 Mobile/13B143 Safari/601.1 WP Rocket/Preload"
192.168.254.251 - - [26/Apr/2022:09:47:28 -0400] "POST /wp-admin/admin-ajax.php HTTP/1.1" 200 47 "http://hosting.digitaldatatechs.com/wp-admin/plugins.php" "Mozilla/5.0 (Windows NT 10.0; Win64; x64) AppleWebKit/537.36 (KHTML, like Gecko) Chrome/100.0.4896.127 Safari/537.36"
192.168.254.242 - - [26/Apr/2022:09:48:07 -0400] "POST /wp-admin/admin-ajax.php?action=rocket_preload&nonce=6fe1c26556 HTTP/1.1" 200 - "http://hosting.digitaldatatechs.com/wp-admin/admin-ajax.php?action=rocket_preload&nonce=6fe1c26556" "dHHsVReUE5Dv"
192.168.254.242 - - [26/Apr/2022:09:48:11 -0400] "GET / HTTP/1.1" 200 74691 "http://hosting.digitaldatatechs.com/" "WordPress/5.9.3; http://hosting.digitaldatatechs.com"
192.168.254.251 - - [26/Apr/2022:09:48:12 -0400] "GET /wp-content/plugins/wptouch/admin/css/wptouch-admin-remodal.css?ver=7eb635b5cfe4c465b46ea8aedc691148 HTTP/1.1" 200 5094 "http://hosting.digitaldatatechs.com/wp-admin/plugins.php?activate-multi=true&plugin_status=all&paged=1&s=" "Mozilla/5.0 (Windows NT 10.0; Win64; x64) AppleWebKit/537.36 (KHTML, like Gecko) Chrome/100.0.4896.127 Safari/537.36"
192.168.254.251 - - [26/Apr/2022:09:48:12 -0400] "GET /wp-content/plugins/wp-optimize-premium/css/smush-3-1-4.min.css?ver=3.1.4 HTTP/1.1" 200 14620 "http://hosting.digitaldatatechs.com/wp-admin/plugins.php?activate-multi=true&plugin_status=all&paged=1&s=" "Mozilla/5.0 (Windows NT 10.0; Win64; x64) AppleWebKit/537.36 (KHTML, like Gecko) Chrome/100.0.4896.127 Safari/537.36"
192.168.254.251 - - [26/Apr/2022:09:48:12 -0400] "GET /wp-content/plugins/all-in-one-seo-pack-pro/dist/Pro/assets/css/chunk-common.css?ver=4.0.15 HTTP/1.1" 200 109875 "http://hosting.digitaldatatechs.com/wp-admin/plugins.php?activate-multi=true&plugin_status=all&paged=1&s=" "Mozilla/5.0 (Windows NT 10.0; Win64; x64) AppleWebKit/537.36 (KHTML, like Gecko) Chrome/100.0.4896.127 Safari/537.36"
192.168.254.251 - - [26/Apr/2022:09:48:12 -0400] "GET /wp-content/plugins/ultimate-member/includes/admin/assets/css/um-admin-global.css?ver=2.3.2 HTTP/1.1" 200 4602 "http://hosting.digitaldatatechs.com/wp-admin/plugins.php?activate-multi=true&plugin_status=all&paged=1&s=" "Mozilla/5.0 (Windows NT 10.0; Win64; x64) AppleWebKit/537.36 (KHTML, like Gecko) Chrome/100.0.4896.127 Safari/537.36"
192.168.254.251 - - [26/Apr/2022:09:48:12 -0400] "GET /wp-content/plugins/all-in-one-seo-pack-pro/dist/Pro/assets/css/app.css?ver=4.0.15 HTTP/1.1" 200 8710 "http://hosting.digitaldatatechs.com/wp-admin/plugins.php?activate-multi=true&plugin_status=all&paged=1&s=" "Mozilla/5.0 (Windows NT 10.0; Win64; x64) AppleWebKit/537.36 (KHTML, like Gecko) Chrome/100.0.4896.127 Safari/537.36"
192.168.254.251 - - [26/Apr/2022:09:48:12 -0400] "GET /wp-content/plugins/akismet/_inc/akismet.css?ver=4.2.3 HTTP/1.1" 200 13712 "http://hosting.digitaldatatechs.com/wp-admin/plugins.php?activate-multi=true&plugin_status=all&paged=1&s=" "Mozilla/5.0 (Windows NT 10.0; Win64; x64) AppleWebKit/537.36 (KHTML, like Gecko) Chrome/100.0.4896.127 Safari/537.36"
