192.168.254.251 - - [26/Apr/2022:09:48:12 -0400] "GET /wp-content/plugins/jetpack/css/jetpack-connect.min.css?ver=10.8 HTTP/1.1" 200 352 "http://hosting.digitaldatatechs.com/wp-admin/plugins.php?activate-multi=true&plugin_status=all&paged=1&s=" "Mozilla/5.0 (Windows NT 10.0; Win64; x64) AppleWebKit/537.36 (KHTML, like Gecko) Chrome/100.0.4896.127 Safari/537.36"
192.168.254.251 - - [26/Apr/2022:09:47:08 -0400] "GET /wp-admin/plugins.php?activate-multi=true&plugin_status=all&paged=1&s= HTTP/1.1" 200 148945 "http://hosting.digitaldatatechs.com/wp-admin/plugins.php" "Mozilla/5.0 (Windows NT 10.0; Win64; x64) AppleWebKit/537.36 (KHTML, like Gecko) Chrome/100.0.4896.127 Safari/537.36"
192.168.254.251 - - [26/Apr/2022:09:48:13 -0400] "GET /wp-content/plugins/jetpack/css/jetpack-icons.min.css?ver=10.8 HTTP/1.1" 200 866 "http://hosting.digitaldatatechs.com/wp-admin/plugins.php?activate-multi=true&plugin_status=all&paged=1&s=" "Mozilla/5.0 (Windows NT 10.0; Win64; x64) AppleWebKit/537.36 (KHTML, like Gecko) Chrome/100.0.4896.127 Safari/537.36"
192.168.254.251 - - [26/Apr/2022:09:48:13 -0400] "GET /wp-content/plugins/jetpack/jetpack_vendor/automattic/jetpack-jitm/build/index.css?minify=false&ver=3f4f26203015637ccf2d8200c9f09e3f HTTP/1.1" 200 7611 "http://hosting.digitaldatatechs.com/wp-admin/plugins.php?activate-multi=true&plugin_status=all&paged=1&s=" "Mozilla/5.0 (Windows NT 10.0; Win64; x64) AppleWebKit/537.36 (KHTML, like Gecko) Chrome/100.0.4896.127 Safari/537.36"
192.168.254.251 - - [26/Apr/2022:09:48:13 -0400] "GET /wp-content/plugins/wp-rocket/assets/css/wpr-admin-common.css?ver=3.8.7 HTTP/1.1" 200 1005 "http://hosting.digitaldatatechs.com/wp-admin/plugins.php?activate-multi=true&plugin_status=all&paged=1&s=" "Mozilla/5.0 (Windows NT 10.0; Win64; x64) AppleWebKit/537.36 (KHTML, like Gecko) Chrome/100.0.4896.127 Safari/537.36"
192.168.254.251 - - [26/Apr/2022:09:48:13 -0400] "GET /wp-content/plugins/wp-rocket/assets/css/wpr-modal.css?ver=3.8.7 HTTP/1.1" 200 8076 "http://hosting.digitaldatatechs.com/wp-admin/plugins.php?activate-multi=true&plugin_status=all&paged=1&s=" "Mozilla/5.0 (Windows NT 10.0; Win64; x64) AppleWebKit/537.36 (KHTML, like Gecko) Chrome/100.0.4896.127 Safari/537.36"
192.168.254.251 - - [26/Apr/2022:09:48:13 -0400] "GET /wp-content/plugins/imagify/assets/css/sweetalert2.min.css?ver=4.6.6 HTTP/1.1" 200 15834 "http://hosting.digitaldatatechs.com/wp-admin/plugins.php?activate-multi=true&plugin_status=all&paged=1&s=" "Mozilla/5.0 (Windows NT 10.0; Win64; x64) AppleWebKit/537.36 (KHTML, like Gecko) Chrome/100.0.4896.127 Safari/537.36"
192.168.254.251 - - [26/Apr/2022:09:48:13 -0400] "GET /wp-content/plugins/imagify/assets/css/sweetalert-custom.min.css?ver=1.10 HTTP/1.1" 200 3461 "http://hosting.digitaldatatechs.com/wp-admin/plugins.php?activate-multi=true&plugin_status=all&paged=1&s=" "Mozilla/5.0 (Windows NT 10.0; Win64; x64) AppleWebKit/537.36 (KHTML, like Gecko) Chrome/100.0.4896.127 Safari/537.36"
192.168.254.251 - - [26/Apr/2022:09:48:13 -0400] "GET /wp-content/plugins/imagify/assets/css/admin.min.css?ver=1.10 HTTP/1.1" 200 29884 "http://hosting.digitaldatatechs.com/wp-admin/plugins.php?activate-multi=true&plugin_status=all&paged=1&s=" "Mozilla/5.0 (Windows NT 10.0; Win64; x64) AppleWebKit/537.36 (KHTML, like Gecko) Chrome/100.0.4896.127 Safari/537.36"
192.168.254.251 - - [26/Apr/2022:09:48:13 -0400] "GET /wp-content/plugins/imagify/assets/css/notices.min.css?ver=1.10 HTTP/1.1" 200 5512 "http://hosting.digitaldatatechs.com/wp-admin/plugins.php?activate-multi=true&plugin_status=all&paged=1&s=" "Mozilla/5.0 (Windows NT 10.0; Win64; x64) AppleWebKit/537.36 (KHTML, like Gecko) Chrome/100.0.4896.127 Safari/537.36"
192.168.254.251 - - [26/Apr/2022:09:48:13 -0400] "GET /wp-content/plugins/jetpack/_inc/build/admin.css?ver=10.8 HTTP/1.1" 200 125996 "http://hosting.digitaldatatechs.com/wp-admin/plugins.php?activate-multi=true&plugin_status=all&paged=1&s=" "Mozilla/5.0 (Windows NT 10.0; Win64; x64) AppleWebKit/537.36 (KHTML, like Gecko) Chrome/100.0.4896.127 Safari/537.36"
192.168.254.251 - - [26/Apr/2022:09:48:13 -0400] "GET /wp-content/plugins/jetpack/css/jetpack-banners.min.css?ver=10.8-20121016 HTTP/1.1" 200 7704 "http://hosting.digitaldatatechs.com/wp-admin/plugins.php?activate-multi=true&plugin_status=all&paged=1&s=" "Mozilla/5.0 (Windows NT 10.0; Win64; x64) AppleWebKit/537.36 (KHTML, like Gecko) Chrome/100.0.4896.127 Safari/537.36"
192.168.254.251 - - [26/Apr/2022:09:48:13 -0400] "GET /wp-content/plugins/wptouch/admin/js/wptouch-ajax.js?ver=7eb635b5cfe4c465b46ea8aedc691148 HTTP/1.1" 200 2253 "http://hosting.digitaldatatechs.com/wp-admin/plugins.php?activate-multi=true&plugin_status=all&paged=1&s=" "Mozilla/5.0 (Windows NT 10.0; Win64; x64) AppleWebKit/537.36 (KHTML, like Gecko) Chrome/100.0.4896.127 Safari/537.36"
192.168.254.251 - - [26/Apr/2022:09:48:13 -0400] "GET /wp-content/plugins/wp-optimize-premium/js/jquery.blockUI.min.js?ver=3.1.4 HTTP/1.1" 200 9162 "http://hosting.digitaldatatechs.com/wp-admin/plugins.php?activate-multi=true&plugin_status=all&paged=1&s=" "Mozilla/5.0 (Windows NT 10.0; Win64; x64) AppleWebKit/537.36 (KHTML, like Gecko) Chrome/100.0.4896.127 Safari/537.36"
192.168.254.251 - - [26/Apr/2022:09:48:13 -0400] "GET /wp-content/plugins/wp-optimize-premium/js/wposmush-3-1-4.min.js?ver=3.1.4 HTTP/1.1" 200 17973 "http://hosting.digitaldatatechs.com/wp-admin/plugins.php?activate-multi=true&plugin_status=all&paged=1&s=" "Mozilla/5.0 (Windows NT 10.0; Win64; x64) AppleWebKit/537.36 (KHTML, like Gecko) Chrome/100.0.4896.127 Safari/537.36"
192.168.254.251 - - [26/Apr/2022:09:48:13 -0400] "GET /wp-content/plugins/wp-optimize-premium/js/send-command-3-1-4.min.js?ver=3.1.4 HTTP/1.1" 200 1765 "http://hosting.digitaldatatechs.com/wp-admin/plugins.php?activate-multi=true&plugin_status=all&paged=1&s=" "Mozilla/5.0 (Windows NT 10.0; Win64; x64) AppleWebKit/537.36 (KHTML, like Gecko) Chrome/100.0.4896.127 Safari/537.36"
192.168.254.251 - - [26/Apr/2022:09:48:13 -0400] "GET /wp-content/plugins/wp-optimize-premium/js/minify-admin-purge-3-1-4.min.js?ver=3.1.4 HTTP/1.1" 200 315 "http://hosting.digitaldatatechs.com/wp-admin/plugins.php?activate-multi=true&plugin_status=all&paged=1&s=" "Mozilla/5.0 (Windows NT 10.0; Win64; x64) AppleWebKit/537.36 (KHTML, like Gecko) Chrome/100.0.4896.127 Safari/537.36"
192.168.254.251 - - [26/Apr/2022:09:48:13 -0400] "GET /wp-content/plugins/akismet/_inc/akismet.js?ver=4.2.3 HTTP/1.1" 200 13254 "http://hosting.digitaldatatechs.com/wp-admin/plugins.php?activate-multi=true&plugin_status=all&paged=1&s=" "Mozilla/5.0 (Windows NT 10.0; Win64; x64) AppleWebKit/537.36 (KHTML, like Gecko) Chrome/100.0.4896.127 Safari/537.36"
192.168.254.251 - - [26/Apr/2022:09:48:13 -0400] "GET /wp-content/plugins/wptouch/admin/js/wptouch-admin-remodal.js?ver=7eb635b5cfe4c465b46ea8aedc691148 HTTP/1.1" 200 16594 "http://hosting.digitaldatatechs.com/wp-admin/plugins.php?activate-multi=true&plugin_status=all&paged=1&s=" "Mozilla/5.0 (Windows NT 10.0; Win64; x64) AppleWebKit/537.36 (KHTML, like Gecko) Chrome/100.0.4896.127 Safari/537.36"
192.168.254.251 - - [26/Apr/2022:09:48:12 -0400] "GET /wp-content/plugins/all-in-one-seo-pack-pro/dist/Pro/assets/css/chunk-vendors.css?ver=4.0.15 HTTP/1.1" 200 235093 "http://hosting.digitaldatatechs.com/wp-admin/plugins.php?activate-multi=true&plugin_status=all&paged=1&s=" "Mozilla/5.0 (Windows NT 10.0; Win64; x64) AppleWebKit/537.36 (KHTML, like Gecko) Chrome/100.0.4896.127 Safari/537.36"
192.168.254.251 - - [26/Apr/2022:09:48:13 -0400] "GET /wp-content/plugins/all-in-one-seo-pack-pro/dist/Pro/assets/js/app.js?ver=4.0.15 HTTP/1.1" 200 2534 "http://hosting.digitaldatatechs.com/wp-admin/plugins.php?activate-multi=true&plugin_status=all&paged=1&s=" "Mozilla/5.0 (Windows NT 10.0; Win64; x64) AppleWebKit/537.36 (KHTML, like Gecko) Chrome/100.0.4896.127 Safari/537.36"
192.168.254.251 - - [26/Apr/2022:09:48:13 -0400] "GET /wp-content/plugins/all-in-one-seo-pack-pro/dist/Pro/assets/js/plugins.js?ver=4.0.15 HTTP/1.1" 200 11929 "http://hosting.digitaldatatechs.com/wp-admin/plugins.php?activate-multi=true&plugin_status=all&paged=1&s=" "Mozilla/5.0 (Windows NT 10.0; Win64; x64) AppleWebKit/537.36 (KHTML, like Gecko) Chrome/100.0.4896.127 Safari/537.36"
192.168.254.251 - - [26/Apr/2022:09:48:13 -0400] "GET /wp-content/plugins/all-in-one-seo-pack-pro/dist/Pro/assets/js/chunk-vendors.js?ver=4.0.15 HTTP/1.1" 200 1860326 "http://hosting.digitaldatatechs.com/wp-admin/plugins.php?activate-multi=true&plugin_status=all&paged=1&s=" "Mozilla/5.0 (Windows NT 10.0; Win64; x64) AppleWebKit/537.36 (KHTML, like Gecko) Chrome/100.0.4896.127 Safari/537.36"
192.168.254.242 - - [26/Apr/2022:09:48:09 -0400] "GET /?page_id=2 HTTP/1.1" 200 77145 "http://hosting.digitaldatatechs.com/?page_id=2" "WP Rocket/Preload"
192.168.254.251 - - [26/Apr/2022:09:48:13 -0400] "GET /wp-content/plugins/ultimate-member/includes/admin/assets/js/um-admin-global.js?ver=2.3.2 HTTP/1.1" 200 1864 "http://hosting.digitaldatatechs.com/wp-admin/plugins.php?activate-multi=true&plugin_status=all&paged=1&s=" "Mozilla/5.0 (Windows NT 10.0; Win64; x64) AppleWebKit/537.36 (KHTML, like Gecko) Chrome/100.0.4896.127 Safari/537.36"
192.168.254.251 - - [26/Apr/2022:09:48:13 -0400] "GET /wp-content/plugins/jetpack/_inc/build/connect-button.min.js?ver=10.8 HTTP/1.1" 200 3473 "http://hosting.digitaldatatechs.com/wp-admin/plugins.php?activate-multi=true&plugin_status=all&paged=1&s=" "Mozilla/5.0 (Windows NT 10.0; Win64; x64) AppleWebKit/537.36 (KHTML, like Gecko) Chrome/100.0.4896.127 Safari/537.36"
192.168.254.251 - - [26/Apr/2022:09:48:13 -0400] "GET /wp-content/plugins/jetpack/jetpack_vendor/automattic/jetpack-jitm/build/index.js?minify=false&ver=3f4f26203015637ccf2d8200c9f09e3f HTTP/1.1" 200 4485 "http://hosting.digitaldatatechs.com/wp-admin/plugins.php?activate-multi=true&plugin_status=all&paged=1&s=" "Mozilla/5.0 (Windows NT 10.0; Win64; x64) AppleWebKit/537.36 (KHTML, like Gecko) Chrome/100.0.4896.127 Safari/537.36"
192.168.254.251 - - [26/Apr/2022:09:48:13 -0400] "GET /wp-content/plugins/jetpack/_inc/build/jetpack-connection-banner.min.js?ver=10.8 HTTP/1.1" 200 1251 "http://hosting.digitaldatatechs.com/wp-admin/plugins.php?activate-multi=true&plugin_status=all&paged=1&s=" "Mozilla/5.0 (Windows NT 10.0; Win64; x64) AppleWebKit/537.36 (KHTML, like Gecko) Chrome/100.0.4896.127 Safari/537.36"
192.168.254.251 - - [26/Apr/2022:09:48:13 -0400] "GET /wp-content/plugins/all-in-one-seo-pack-pro/dist/Pro/assets/js/chunk-common.js?ver=4.0.15 HTTP/1.1" 200 2429399 "http://hosting.digitaldatatechs.com/wp-admin/plugins.php?activate-multi=true&plugin_status=all&paged=1&s=" "Mozilla/5.0 (Windows NT 10.0; Win64; x64) AppleWebKit/537.36 (KHTML, like Gecko) Chrome/100.0.4896.127 Safari/537.36"
192.168.254.251 - - [26/Apr/2022:09:48:13 -0400] "GET /wp-content/plugins/wp-rocket/assets/js/wpr-admin-common.js?ver=3.8.7 HTTP/1.1" 200 272 "http://hosting.digitaldatatechs.com/wp-admin/plugins.php?activate-multi=true&plugin_status=all&paged=1&s=" "Mozilla/5.0 (Windows NT 10.0; Win64; x64) AppleWebKit/537.36 (KHTML, like Gecko) Chrome/100.0.4896.127 Safari/537.36"
192.168.254.242 - - [26/Apr/2022:09:47:59 -0400] "POST /wp-cron.php?doing_wp_cron=1650980878.9654409885406494140625 HTTP/1.1" 200 - "http://hosting.digitaldatatechs.com/wp-cron.php?doing_wp_cron=1650980878.9654409885406494140625" "dU1kQE1gVCDD"
192.168.254.251 - - [26/Apr/2022:09:48:13 -0400] "GET /wp-content/plugins/imagify/assets/js/es6-promise.auto.min.js?ver=4.1.1 HTTP/1.1" 200 6353 "http://hosting.digitaldatatechs.com/wp-admin/plugins.php?activate-multi=true&plugin_status=all&paged=1&s=" "Mozilla/5.0 (Windows NT 10.0; Win64; x64) AppleWebKit/537.36 (KHTML, like Gecko) Chrome/100.0.4896.127 Safari/537.36"
192.168.254.251 - - [26/Apr/2022:09:48:13 -0400] "GET /wp-content/plugins/wp-rocket/assets/js/wpr-modal.js?ver=3.8.7 HTTP/1.1" 200 4816 "http://hosting.digitaldatatechs.com/wp-admin/plugins.php?activate-multi=true&plugin_status=all&paged=1&s=" "Mozilla/5.0 (Windows NT 10.0; Win64; x64) AppleWebKit/537.36 (KHTML, like Gecko) Chrome/100.0.4896.127 Safari/537.36"
192.168.254.251 - - [26/Apr/2022:09:48:13 -0400] "GET /wp-content/plugins/imagify/assets/js/sweetalert2.min.js?ver=4.6.6 HTTP/1.1" 200 22638 "http://hosting.digitaldatatechs.com/wp-admin/plugins.php?activate-multi=true&plugin_status=all&paged=1&s=" "Mozilla/5.0 (Windows NT 10.0; Win64; x64) AppleWebKit/537.36 (KHTML, like Gecko) Chrome/100.0.4896.127 Safari/537.36"
192.168.254.251 - - [26/Apr/2022:09:48:13 -0400] "GET /wp-content/plugins/imagify/assets/js/admin.min.js?ver=1.10 HTTP/1.1" 200 1885 "http://hosting.digitaldatatechs.com/wp-admin/plugins.php?activate-multi=true&plugin_status=all&paged=1&s=" "Mozilla/5.0 (Windows NT 10.0; Win64; x64) AppleWebKit/537.36 (KHTML, like Gecko) Chrome/100.0.4896.127 Safari/537.36"
192.168.254.251 - - [26/Apr/2022:09:48:13 -0400] "GET /wp-content/plugins/imagify/assets/js/notices.min.js?ver=1.10 HTTP/1.1" 200 2199 "http://hosting.digitaldatatechs.com/wp-admin/plugins.php?activate-multi=true&plugin_status=all&paged=1&s=" "Mozilla/5.0 (Windows NT 10.0; Win64; x64) AppleWebKit/537.36 (KHTML, like Gecko) Chrome/100.0.4896.127 Safari/537.36"
192.168.254.251 - - [26/Apr/2022:09:48:13 -0400] "GET /wp-content/plugins/wptouch/admin/images/wptouch-admin-icon.png HTTP/1.1" 200 503 "http://hosting.digitaldatatechs.com/wp-admin/plugins.php?activate-multi=true&plugin_status=all&paged=1&s=" "Mozilla/5.0 (Windows NT 10.0; Win64; x64) AppleWebKit/537.36 (KHTML, like Gecko) Chrome/100.0.4896.127 Safari/537.36"
192.168.254.251 - - [26/Apr/2022:09:48:13 -0400] "GET /wp-content/plugins/ultimate-member/assets/img/default_avatar.jpg HTTP/1.1" 200 1815 "http://hosting.digitaldatatechs.com/wp-admin/plugins.php?activate-multi=true&plugin_status=all&paged=1&s=" "Mozilla/5.0 (Windows NT 10.0; Win64; x64) AppleWebKit/537.36 (KHTML, like Gecko) Chrome/100.0.4896.127 Safari/537.36"
192.168.254.251 - - [26/Apr/2022:09:48:13 -0400] "GET /wp-content/plugins/jetpack/images/jetpack-powering-up.svg HTTP/1.1" 200 17081 "http://hosting.digitaldatatechs.com/wp-admin/plugins.php?activate-multi=true&plugin_status=all&paged=1&s=" "Mozilla/5.0 (Windows NT 10.0; Win64; x64) AppleWebKit/537.36 (KHTML, like Gecko) Chrome/100.0.4896.127 Safari/537.36"
192.168.254.251 - - [26/Apr/2022:09:48:13 -0400] "GET /wp-content/plugins/imagify/assets/images/imagify-logo.png HTTP/1.1" 200 3161 "http://hosting.digitaldatatechs.com/wp-admin/plugins.php?activate-multi=true&plugin_status=all&paged=1&s=" "Mozilla/5.0 (Windows NT 10.0; Win64; x64) AppleWebKit/537.36 (KHTML, like Gecko) Chrome/100.0.4896.127 Safari/537.36"
192.168.254.251 - - [26/Apr/2022:09:48:13 -0400] "GET /wp-content/plugins/imagify/assets/images/user.svg HTTP/1.1" 200 1615 "http://hosting.digitaldatatechs.com/wp-admin/plugins.php?activate-multi=true&plugin_status=all&paged=1&s=" "Mozilla/5.0 (Windows NT 10.0; Win64; x64) AppleWebKit/537.36 (KHTML, like Gecko) Chrome/100.0.4896.127 Safari/537.36"
192.168.254.251 - - [26/Apr/2022:09:48:13 -0400] "GET /wp-content/plugins/jetpack/_inc/fonts/jetpack/jetpack.woff HTTP/1.1" 200 1056 "http://hosting.digitaldatatechs.com/wp-content/plugins/jetpack/css/jetpack-icons.min.css?ver=10.8" "Mozilla/5.0 (Windows NT 10.0; Win64; x64) AppleWebKit/537.36 (KHTML, like Gecko) Chrome/100.0.4896.127 Safari/537.36"
192.168.254.251 - - [26/Apr/2022:09:48:13 -0400] "GET /wp-content/plugins/imagify/assets/images/key.svg HTTP/1.1" 200 718 "http://hosting.digitaldatatechs.com/wp-admin/plugins.php?activate-multi=true&plugin_status=all&paged=1&s=" "Mozilla/5.0 (Windows NT 10.0; Win64; x64) AppleWebKit/537.36 (KHTML, like Gecko) Chrome/100.0.4896.127 Safari/537.36"
192.168.254.251 - - [26/Apr/2022:09:48:13 -0400] "GET /wp-content/plugins/imagify/assets/images/gear.svg HTTP/1.1" 200 3499 "http://hosting.digitaldatatechs.com/wp-admin/plugins.php?activate-multi=true&plugin_status=all&paged=1&s=" "Mozilla/5.0 (Windows NT 10.0; Win64; x64) AppleWebKit/537.36 (KHTML, like Gecko) Chrome/100.0.4896.127 Safari/537.36"
192.168.254.242 - - [26/Apr/2022:09:48:11 -0400] "GET /?page_id=2 HTTP/1.1" 200 65009 "http://hosting.digitaldatatechs.com/?page_id=2" "Mozilla/5.0 (iPhone; CPU iPhone OS 9_1 like Mac OS X) AppleWebKit/601.1.46 (KHTML, like Gecko) Version/9.0 Mobile/13B143 Safari/601.1 WP Rocket/Preload"
192.168.254.251 - - [26/Apr/2022:09:48:13 -0400] "GET /index.php?rest_route=/jetpack/v4/jitm&message_path=wp%3Aplugins%3Aadmin_notices&query=activate-multi%253Dtrue%252Cplugin_status%253Dall%252Cpaged%253D1%252Cs%253D&full_jp_logo_exists=false&_wpnonce=5635a5eb1a&_=1650980893203 HTTP/1.1" 200 2 "http://hosting.digitaldatatechs.com/wp-admin/plugins.php?plugin_status=all&paged=1&s" "Mozilla/5.0 (Windows NT 10.0; Win64; x64) AppleWebKit/537.36 (KHTML, like Gecko) Chrome/100.0.4896.127 Safari/537.36"
192.168.254.242 - - [26/Apr/2022:09:48:12 -0400] "GET /?page_id=2 HTTP/1.1" 200 77145 "http://hosting.digitaldatatechs.com/?page_id=2" "WP Rocket/Preload"
192.168.254.242 - - [26/Apr/2022:09:48:14 -0400] "GET /?page_id=2 HTTP/1.1" 200 65009 "http://hosting.digitaldatatechs.com/?page_id=2" "Mozilla/5.0 (iPhone; CPU iPhone OS 9_1 like Mac OS X) AppleWebKit/601.1.46 (KHTML, like Gecko) Version/9.0 Mobile/13B143 Safari/601.1 WP Rocket/Preload"
192.168.254.242 - - [26/Apr/2022:09:47:54 -0400] "POST /wp-admin/admin-ajax.php?action=rocket_preload&nonce=6fe1c26556 HTTP/1.1" 200 - "http://hosting.digitaldatatechs.com/wp-admin/admin-ajax.php?action=rocket_preload&nonce=6fe1c26556" "NqrFJ9cFdwBm"
::1 - - [26/Apr/2022:09:48:20 -0400] "OPTIONS * HTTP/1.0" 200 - "-" "Apache/2.4.6 (CentOS) OpenSSL/1.0.2k-fips PHP/7.4.29 mod_perl/2.0.11 Perl/v5.16.3 (internal dummy connection)"
::1 - - [26/Apr/2022:09:48:21 -0400] "OPTIONS * HTTP/1.0" 200 - "-" "Apache/2.4.6 (CentOS) OpenSSL/1.0.2k-fips PHP/7.4.29 mod_perl/2.0.11 Perl/v5.16.3 (internal dummy connection)"
::1 - - [26/Apr/2022:09:48:22 -0400] "OPTIONS * HTTP/1.0" 200 - "-" "Apache/2.4.6 (CentOS) OpenSSL/1.0.2k-fips PHP/7.4.29 mod_perl/2.0.11 Perl/v5.16.3 (internal dummy connection)"
::1 - - [26/Apr/2022:09:48:23 -0400] "OPTIONS * HTTP/1.0" 200 - "-" "Apache/2.4.6 (CentOS) OpenSSL/1.0.2k-fips PHP/7.4.29 mod_perl/2.0.11 Perl/v5.16.3 (internal dummy connection)"
192.168.254.251 - - [26/Apr/2022:09:49:14 -0400] "POST /wp-admin/admin-ajax.php HTTP/1.1" 200 47 "http://hosting.digitaldatatechs.com/wp-admin/plugins.php?plugin_status=all&paged=1&s" "Mozilla/5.0 (Windows NT 10.0; Win64; x64) AppleWebKit/537.36 (KHTML, like Gecko) Chrome/100.0.4896.127 Safari/537.36"
192.168.254.242 - - [26/Apr/2022:09:49:19 -0400] "GET / HTTP/1.1" 200 74691 "http://hosting.digitaldatatechs.com/" "WordPress/5.9.3; http://hosting.digitaldatatechs.com"
192.168.254.242 - - [26/Apr/2022:09:49:15 -0400] "POST /wp-cron.php?doing_wp_cron=1650980955.7301928997039794921875 HTTP/1.1" 200 - "http://hosting.digitaldatatechs.com/wp-cron.php?doing_wp_cron=1650980955.7301928997039794921875" "mZhpgH9MfhfW"
::1 - - [26/Apr/2022:09:50:08 -0400] "OPTIONS * HTTP/1.0" 200 - "-" "Apache/2.4.6 (CentOS) OpenSSL/1.0.2k-fips PHP/7.4.29 mod_perl/2.0.11 Perl/v5.16.3 (internal dummy connection)"
::1 - - [26/Apr/2022:09:50:09 -0400] "OPTIONS * HTTP/1.0" 200 - "-" "Apache/2.4.6 (CentOS) OpenSSL/1.0.2k-fips PHP/7.4.29 mod_perl/2.0.11 Perl/v5.16.3 (internal dummy connection)"
::1 - - [26/Apr/2022:09:50:10 -0400] "OPTIONS * HTTP/1.0" 200 - "-" "Apache/2.4.6 (CentOS) OpenSSL/1.0.2k-fips PHP/7.4.29 mod_perl/2.0.11 Perl/v5.16.3 (internal dummy connection)"
192.168.254.251 - - [26/Apr/2022:09:51:15 -0400] "POST /wp-admin/admin-ajax.php HTTP/1.1" 200 47 "http://hosting.digitaldatatechs.com/wp-admin/plugins.php?plugin_status=all&paged=1&s" "Mozilla/5.0 (Windows NT 10.0; Win64; x64) AppleWebKit/537.36 (KHTML, like Gecko) Chrome/100.0.4896.127 Safari/537.36"
192.168.254.242 - - [26/Apr/2022:09:51:17 -0400] "POST /wp-cron.php?doing_wp_cron=1650981077.2619700431823730468750 HTTP/1.1" 200 - "http://hosting.digitaldatatechs.com/wp-cron.php?doing_wp_cron=1650981077.2619700431823730468750" "ZuAw5mm4bodg"
192.168.254.251 - - [26/Apr/2022:09:53:16 -0400] "POST /wp-admin/admin-ajax.php HTTP/1.1" 200 47 "http://hosting.digitaldatatechs.com/wp-admin/plugins.php?plugin_status=all&paged=1&s" "Mozilla/5.0 (Windows NT 10.0; Win64; x64) AppleWebKit/537.36 (KHTML, like Gecko) Chrome/100.0.4896.127 Safari/537.36"
192.168.254.242 - - [26/Apr/2022:09:53:19 -0400] "POST /wp-cron.php?doing_wp_cron=1650981199.4955298900604248046875 HTTP/1.1" 200 - "http://hosting.digitaldatatechs.com/wp-cron.php?doing_wp_cron=1650981199.4955298900604248046875" "UClRCtjBtntU"
192.168.254.251 - - [26/Apr/2022:09:55:17 -0400] "POST /wp-admin/admin-ajax.php HTTP/1.1" 200 47 "http://hosting.digitaldatatechs.com/wp-admin/plugins.php?plugin_status=all&paged=1&s" "Mozilla/5.0 (Windows NT 10.0; Win64; x64) AppleWebKit/537.36 (KHTML, like Gecko) Chrome/100.0.4896.127 Safari/537.36"
192.168.254.242 - - [26/Apr/2022:09:55:18 -0400] "POST /wp-cron.php?doing_wp_cron=1650981318.8557150363922119140625 HTTP/1.1" 200 - "http://hosting.digitaldatatechs.com/wp-cron.php?doing_wp_cron=1650981318.8557150363922119140625" "zYKYVZ5LSd47"
::1 - - [26/Apr/2022:09:56:27 -0400] "OPTIONS * HTTP/1.0" 200 - "-" "Apache/2.4.6 (CentOS) OpenSSL/1.0.2k-fips PHP/7.4.29 mod_perl/2.0.11 Perl/v5.16.3 (internal dummy connection)"
::1 - - [26/Apr/2022:09:56:34 -0400] "OPTIONS * HTTP/1.0" 200 - "-" "Apache/2.4.6 (CentOS) OpenSSL/1.0.2k-fips PHP/7.4.29 mod_perl/2.0.11 Perl/v5.16.3 (internal dummy connection)"
::1 - - [26/Apr/2022:09:56:42 -0400] "OPTIONS * HTTP/1.0" 200 - "-" "Apache/2.4.6 (CentOS) OpenSSL/1.0.2k-fips PHP/7.4.29 mod_perl/2.0.11 Perl/v5.16.3 (internal dummy connection)"
192.168.254.251 - - [26/Apr/2022:09:57:17 -0400] "POST /wp-admin/admin-ajax.php HTTP/1.1" 200 47 "http://hosting.digitaldatatechs.com/wp-admin/plugins.php?plugin_status=all&paged=1&s" "Mozilla/5.0 (Windows NT 10.0; Win64; x64) AppleWebKit/537.36 (KHTML, like Gecko) Chrome/100.0.4896.127 Safari/537.36"
192.168.254.242 - - [26/Apr/2022:09:57:20 -0400] "POST /wp-cron.php?doing_wp_cron=1650981440.3490760326385498046875 HTTP/1.1" 200 - "http://hosting.digitaldatatechs.com/wp-cron.php?doing_wp_cron=1650981440.3490760326385498046875" "DtJZMkJQGgZ3"
192.168.254.251 - - [26/Apr/2022:09:57:23 -0400] "GET /wp-admin/plugins.php HTTP/1.1" 200 152367 "http://hosting.digitaldatatechs.com/wp-admin/plugins.php?plugin_status=all&paged=1&s" "Mozilla/5.0 (Windows NT 10.0; Win64; x64) AppleWebKit/537.36 (KHTML, like Gecko) Chrome/100.0.4896.127 Safari/537.36"
192.168.254.251 - - [26/Apr/2022:09:57:26 -0400] "GET /wp-content/plugins/wptouch/admin/css/wptouch-admin-remodal.css?ver=7eb635b5cfe4c465b46ea8aedc691148 HTTP/1.1" 304 - "http://hosting.digitaldatatechs.com/wp-admin/plugins.php" "Mozilla/5.0 (Windows NT 10.0; Win64; x64) AppleWebKit/537.36 (KHTML, like Gecko) Chrome/100.0.4896.127 Safari/537.36"
192.168.254.251 - - [26/Apr/2022:09:57:26 -0400] "GET /wp-content/plugins/ultimate-member/includes/admin/assets/css/um-admin-global.css?ver=2.3.2 HTTP/1.1" 304 - "http://hosting.digitaldatatechs.com/wp-admin/plugins.php" "Mozilla/5.0 (Windows NT 10.0; Win64; x64) AppleWebKit/537.36 (KHTML, like Gecko) Chrome/100.0.4896.127 Safari/537.36"
192.168.254.251 - - [26/Apr/2022:09:57:26 -0400] "GET /wp-content/plugins/akismet/_inc/akismet.css?ver=4.2.3 HTTP/1.1" 304 - "http://hosting.digitaldatatechs.com/wp-admin/plugins.php" "Mozilla/5.0 (Windows NT 10.0; Win64; x64) AppleWebKit/537.36 (KHTML, like Gecko) Chrome/100.0.4896.127 Safari/537.36"
192.168.254.251 - - [26/Apr/2022:09:57:26 -0400] "GET /wp-content/plugins/jetpack/css/jetpack-connect.min.css?ver=10.8 HTTP/1.1" 304 - "http://hosting.digitaldatatechs.com/wp-admin/plugins.php" "Mozilla/5.0 (Windows NT 10.0; Win64; x64) AppleWebKit/537.36 (KHTML, like Gecko) Chrome/100.0.4896.127 Safari/537.36"
192.168.254.251 - - [26/Apr/2022:09:57:26 -0400] "GET /wp-content/plugins/jetpack/jetpack_vendor/automattic/jetpack-jitm/build/index.css?minify=false&ver=3f4f26203015637ccf2d8200c9f09e3f HTTP/1.1" 304 - "http://hosting.digitaldatatechs.com/wp-admin/plugins.php" "Mozilla/5.0 (Windows NT 10.0; Win64; x64) AppleWebKit/537.36 (KHTML, like Gecko) Chrome/100.0.4896.127 Safari/537.36"
192.168.254.251 - - [26/Apr/2022:09:57:26 -0400] "GET /wp-content/plugins/imagify/assets/css/sweetalert-custom.min.css?ver=1.10 HTTP/1.1" 304 - "http://hosting.digitaldatatechs.com/wp-admin/plugins.php" "Mozilla/5.0 (Windows NT 10.0; Win64; x64) AppleWebKit/537.36 (KHTML, like Gecko) Chrome/100.0.4896.127 Safari/537.36"
192.168.254.251 - - [26/Apr/2022:09:57:26 -0400] "GET /wp-content/plugins/jetpack/css/jetpack-icons.min.css?ver=10.8 HTTP/1.1" 304 - "http://hosting.digitaldatatechs.com/wp-admin/plugins.php" "Mozilla/5.0 (Windows NT 10.0; Win64; x64) AppleWebKit/537.36 (KHTML, like Gecko) Chrome/100.0.4896.127 Safari/537.36"
192.168.254.251 - - [26/Apr/2022:09:57:26 -0400] "GET /wp-content/plugins/imagify/assets/css/admin.min.css?ver=1.10 HTTP/1.1" 304 - "http://hosting.digitaldatatechs.com/wp-admin/plugins.php" "Mozilla/5.0 (Windows NT 10.0; Win64; x64) AppleWebKit/537.36 (KHTML, like Gecko) Chrome/100.0.4896.127 Safari/537.36"
192.168.254.251 - - [26/Apr/2022:09:57:26 -0400] "GET /wp-content/plugins/imagify/assets/css/sweetalert2.min.css?ver=4.6.6 HTTP/1.1" 304 - "http://hosting.digitaldatatechs.com/wp-admin/plugins.php" "Mozilla/5.0 (Windows NT 10.0; Win64; x64) AppleWebKit/537.36 (KHTML, like Gecko) Chrome/100.0.4896.127 Safari/537.36"
192.168.254.251 - - [26/Apr/2022:09:57:26 -0400] "GET /wp-content/plugins/imagify/assets/css/notices.min.css?ver=1.10 HTTP/1.1" 304 - "http://hosting.digitaldatatechs.com/wp-admin/plugins.php" "Mozilla/5.0 (Windows NT 10.0; Win64; x64) AppleWebKit/537.36 (KHTML, like Gecko) Chrome/100.0.4896.127 Safari/537.36"
192.168.254.251 - - [26/Apr/2022:09:57:26 -0400] "GET /wp-content/plugins/jetpack/_inc/build/admin.css?ver=10.8 HTTP/1.1" 304 - "http://hosting.digitaldatatechs.com/wp-admin/plugins.php" "Mozilla/5.0 (Windows NT 10.0; Win64; x64) AppleWebKit/537.36 (KHTML, like Gecko) Chrome/100.0.4896.127 Safari/537.36"
192.168.254.251 - - [26/Apr/2022:09:57:26 -0400] "GET /wp-content/plugins/jetpack/css/jetpack-banners.min.css?ver=10.8-20121016 HTTP/1.1" 304 - "http://hosting.digitaldatatechs.com/wp-admin/plugins.php" "Mozilla/5.0 (Windows NT 10.0; Win64; x64) AppleWebKit/537.36 (KHTML, like Gecko) Chrome/100.0.4896.127 Safari/537.36"
192.168.254.251 - - [26/Apr/2022:09:57:26 -0400] "GET /wp-content/plugins/wptouch/admin/js/wptouch-ajax.js?ver=7eb635b5cfe4c465b46ea8aedc691148 HTTP/1.1" 304 - "http://hosting.digitaldatatechs.com/wp-admin/plugins.php" "Mozilla/5.0 (Windows NT 10.0; Win64; x64) AppleWebKit/537.36 (KHTML, like Gecko) Chrome/100.0.4896.127 Safari/537.36"
192.168.254.251 - - [26/Apr/2022:09:57:26 -0400] "GET /wp-content/plugins/akismet/_inc/akismet.js?ver=4.2.3 HTTP/1.1" 304 - "http://hosting.digitaldatatechs.com/wp-admin/plugins.php" "Mozilla/5.0 (Windows NT 10.0; Win64; x64) AppleWebKit/537.36 (KHTML, like Gecko) Chrome/100.0.4896.127 Safari/537.36"
192.168.254.251 - - [26/Apr/2022:09:57:26 -0400] "GET /wp-content/plugins/wptouch/admin/js/wptouch-admin-remodal.js?ver=7eb635b5cfe4c465b46ea8aedc691148 HTTP/1.1" 304 - "http://hosting.digitaldatatechs.com/wp-admin/plugins.php" "Mozilla/5.0 (Windows NT 10.0; Win64; x64) AppleWebKit/537.36 (KHTML, like Gecko) Chrome/100.0.4896.127 Safari/537.36"
192.168.254.251 - - [26/Apr/2022:09:57:26 -0400] "GET /wp-content/plugins/ultimate-member/includes/admin/assets/js/um-admin-global.js?ver=2.3.2 HTTP/1.1" 304 - "http://hosting.digitaldatatechs.com/wp-admin/plugins.php" "Mozilla/5.0 (Windows NT 10.0; Win64; x64) AppleWebKit/537.36 (KHTML, like Gecko) Chrome/100.0.4896.127 Safari/537.36"
192.168.254.251 - - [26/Apr/2022:09:57:26 -0400] "GET /wp-content/plugins/jetpack/_inc/build/connect-button.min.js?ver=10.8 HTTP/1.1" 304 - "http://hosting.digitaldatatechs.com/wp-admin/plugins.php" "Mozilla/5.0 (Windows NT 10.0; Win64; x64) AppleWebKit/537.36 (KHTML, like Gecko) Chrome/100.0.4896.127 Safari/537.36"
192.168.254.251 - - [26/Apr/2022:09:57:26 -0400] "GET /wp-content/plugins/jetpack/jetpack_vendor/automattic/jetpack-jitm/build/index.js?minify=false&ver=3f4f26203015637ccf2d8200c9f09e3f HTTP/1.1" 304 - "http://hosting.digitaldatatechs.com/wp-admin/plugins.php" "Mozilla/5.0 (Windows NT 10.0; Win64; x64) AppleWebKit/537.36 (KHTML, like Gecko) Chrome/100.0.4896.127 Safari/537.36"
192.168.254.251 - - [26/Apr/2022:09:57:26 -0400] "GET /wp-content/plugins/jetpack/_inc/build/jetpack-connection-banner.min.js?ver=10.8 HTTP/1.1" 304 - "http://hosting.digitaldatatechs.com/wp-admin/plugins.php" "Mozilla/5.0 (Windows NT 10.0; Win64; x64) AppleWebKit/537.36 (KHTML, like Gecko) Chrome/100.0.4896.127 Safari/537.36"
192.168.254.251 - - [26/Apr/2022:09:57:26 -0400] "GET /wp-content/plugins/imagify/assets/js/sweetalert2.min.js?ver=4.6.6 HTTP/1.1" 304 - "http://hosting.digitaldatatechs.com/wp-admin/plugins.php" "Mozilla/5.0 (Windows NT 10.0; Win64; x64) AppleWebKit/537.36 (KHTML, like Gecko) Chrome/100.0.4896.127 Safari/537.36"
192.168.254.251 - - [26/Apr/2022:09:57:26 -0400] "GET /wp-content/plugins/imagify/assets/js/admin.min.js?ver=1.10 HTTP/1.1" 304 - "http://hosting.digitaldatatechs.com/wp-admin/plugins.php" "Mozilla/5.0 (Windows NT 10.0; Win64; x64) AppleWebKit/537.36 (KHTML, like Gecko) Chrome/100.0.4896.127 Safari/537.36"
192.168.254.251 - - [26/Apr/2022:09:57:26 -0400] "GET /wp-content/plugins/imagify/assets/js/es6-promise.auto.min.js?ver=4.1.1 HTTP/1.1" 304 - "http://hosting.digitaldatatechs.com/wp-admin/plugins.php" "Mozilla/5.0 (Windows NT 10.0; Win64; x64) AppleWebKit/537.36 (KHTML, like Gecko) Chrome/100.0.4896.127 Safari/537.36"
192.168.254.251 - - [26/Apr/2022:09:57:26 -0400] "GET /wp-content/plugins/imagify/assets/js/notices.min.js?ver=1.10 HTTP/1.1" 304 - "http://hosting.digitaldatatechs.com/wp-admin/plugins.php" "Mozilla/5.0 (Windows NT 10.0; Win64; x64) AppleWebKit/537.36 (KHTML, like Gecko) Chrome/100.0.4896.127 Safari/537.36"
192.168.254.251 - - [26/Apr/2022:09:57:26 -0400] "GET /wp-content/plugins/jetpack/_inc/fonts/jetpack/jetpack.woff HTTP/1.1" 304 - "http://hosting.digitaldatatechs.com/wp-content/plugins/jetpack/css/jetpack-icons.min.css?ver=10.8" "Mozilla/5.0 (Windows NT 10.0; Win64; x64) AppleWebKit/537.36 (KHTML, like Gecko) Chrome/100.0.4896.127 Safari/537.36"
192.168.254.251 - - [26/Apr/2022:09:57:26 -0400] "GET /wp-content/plugins/wptouch/admin/images/wptouch-admin-icon.png HTTP/1.1" 304 - "http://hosting.digitaldatatechs.com/wp-admin/plugins.php" "Mozilla/5.0 (Windows NT 10.0; Win64; x64) AppleWebKit/537.36 (KHTML, like Gecko) Chrome/100.0.4896.127 Safari/537.36"
192.168.254.251 - - [26/Apr/2022:09:57:26 -0400] "GET /wp-content/plugins/ultimate-member/assets/img/default_avatar.jpg HTTP/1.1" 304 - "http://hosting.digitaldatatechs.com/wp-admin/plugins.php" "Mozilla/5.0 (Windows NT 10.0; Win64; x64) AppleWebKit/537.36 (KHTML, like Gecko) Chrome/100.0.4896.127 Safari/537.36"
192.168.254.251 - - [26/Apr/2022:09:57:26 -0400] "GET /wp-content/plugins/jetpack/images/jetpack-powering-up.svg HTTP/1.1" 304 - "http://hosting.digitaldatatechs.com/wp-admin/plugins.php" "Mozilla/5.0 (Windows NT 10.0; Win64; x64) AppleWebKit/537.36 (KHTML, like Gecko) Chrome/100.0.4896.127 Safari/537.36"
192.168.254.251 - - [26/Apr/2022:09:57:26 -0400] "GET /wp-content/plugins/imagify/assets/images/imagify-logo.png HTTP/1.1" 304 - "http://hosting.digitaldatatechs.com/wp-admin/plugins.php" "Mozilla/5.0 (Windows NT 10.0; Win64; x64) AppleWebKit/537.36 (KHTML, like Gecko) Chrome/100.0.4896.127 Safari/537.36"
192.168.254.251 - - [26/Apr/2022:09:57:26 -0400] "GET /wp-content/plugins/imagify/assets/images/user.svg HTTP/1.1" 304 - "http://hosting.digitaldatatechs.com/wp-admin/plugins.php" "Mozilla/5.0 (Windows NT 10.0; Win64; x64) AppleWebKit/537.36 (KHTML, like Gecko) Chrome/100.0.4896.127 Safari/537.36"
192.168.254.251 - - [26/Apr/2022:09:57:26 -0400] "GET /wp-content/plugins/imagify/assets/images/key.svg HTTP/1.1" 304 - "http://hosting.digitaldatatechs.com/wp-admin/plugins.php" "Mozilla/5.0 (Windows NT 10.0; Win64; x64) AppleWebKit/537.36 (KHTML, like Gecko) Chrome/100.0.4896.127 Safari/537.36"
192.168.254.251 - - [26/Apr/2022:09:57:26 -0400] "GET /wp-content/plugins/imagify/assets/images/gear.svg HTTP/1.1" 304 - "http://hosting.digitaldatatechs.com/wp-admin/plugins.php" "Mozilla/5.0 (Windows NT 10.0; Win64; x64) AppleWebKit/537.36 (KHTML, like Gecko) Chrome/100.0.4896.127 Safari/537.36"
192.168.254.251 - - [26/Apr/2022:09:57:27 -0400] "GET /index.php?rest_route=/jetpack/v4/jitm&message_path=wp%3Aplugins%3Aadmin_notices&query=&full_jp_logo_exists=false&_wpnonce=5635a5eb1a&_=1650981446925 HTTP/1.1" 200 2 "http://hosting.digitaldatatechs.com/wp-admin/plugins.php" "Mozilla/5.0 (Windows NT 10.0; Win64; x64) AppleWebKit/537.36 (KHTML, like Gecko) Chrome/100.0.4896.127 Safari/537.36"
192.168.254.251 - - [26/Apr/2022:09:57:35 -0400] "POST /wp-admin/admin-ajax.php HTTP/1.1" 200 16 "http://hosting.digitaldatatechs.com/wp-admin/plugins.php" "Mozilla/5.0 (Windows NT 10.0; Win64; x64) AppleWebKit/537.36 (KHTML, like Gecko) Chrome/100.0.4896.127 Safari/537.36"
::1 - - [26/Apr/2022:09:57:44 -0400] "OPTIONS * HTTP/1.0" 200 - "-" "Apache/2.4.6 (CentOS) OpenSSL/1.0.2k-fips PHP/7.4.29 mod_perl/2.0.11 Perl/v5.16.3 (internal dummy connection)"
192.168.254.242 - - [26/Apr/2022:09:58:03 -0400] "GET / HTTP/1.1" 200 74691 "-" "-"
192.168.254.242 - - [26/Apr/2022:09:58:00 -0400] "POST /wp-cron.php?doing_wp_cron=1650981480.4159910678863525390625 HTTP/1.1" 200 - "http://hosting.digitaldatatechs.com/wp-cron.php?doing_wp_cron=1650981480.4159910678863525390625" "dT5A6ghC7krW"
192.168.254.251 - - [26/Apr/2022:09:57:53 -0400] "POST /wp-admin/plugins.php HTTP/1.1" 302 - "http://hosting.digitaldatatechs.com/wp-admin/plugins.php" "Mozilla/5.0 (Windows NT 10.0; Win64; x64) AppleWebKit/537.36 (KHTML, like Gecko) Chrome/100.0.4896.127 Safari/537.36"
192.168.254.251 - - [26/Apr/2022:09:58:07 -0400] "GET /wp-admin/options-general.php?page=rlrsssl_really_simple_ssl&tab=configuration HTTP/1.1" 302 - "http://hosting.digitaldatatechs.com/wp-admin/plugins.php" "Mozilla/5.0 (Windows NT 10.0; Win64; x64) AppleWebKit/537.36 (KHTML, like Gecko) Chrome/100.0.4896.127 Safari/537.36"
::1 - - [26/Apr/2022:09:58:19 -0400] "OPTIONS * HTTP/1.0" 200 - "-" "Apache/2.4.6 (CentOS) OpenSSL/1.0.2k-fips PHP/7.4.29 mod_perl/2.0.11 Perl/v5.16.3 (internal dummy connection)"
::1 - - [26/Apr/2022:09:58:20 -0400] "OPTIONS * HTTP/1.0" 200 - "-" "Apache/2.4.6 (CentOS) OpenSSL/1.0.2k-fips PHP/7.4.29 mod_perl/2.0.11 Perl/v5.16.3 (internal dummy connection)"
::1 - - [26/Apr/2022:09:58:23 -0400] "OPTIONS * HTTP/1.0" 200 - "-" "Apache/2.4.6 (CentOS) OpenSSL/1.0.2k-fips PHP/7.4.29 mod_perl/2.0.11 Perl/v5.16.3 (internal dummy connection)"
192.168.254.251 - - [26/Apr/2022:09:58:44 -0400] "-" 408 - "-" "-"
::1 - - [26/Apr/2022:09:59:00 -0400] "OPTIONS * HTTP/1.0" 200 - "-" "Apache/2.4.6 (CentOS) OpenSSL/1.0.2k-fips PHP/7.4.29 mod_perl/2.0.11 Perl/v5.16.3 (internal dummy connection)"
::1 - - [26/Apr/2022:09:59:04 -0400] "OPTIONS * HTTP/1.0" 200 - "-" "Apache/2.4.6 (CentOS) OpenSSL/1.0.2k-fips PHP/7.4.29 mod_perl/2.0.11 Perl/v5.16.3 (internal dummy connection)"
::1 - - [26/Apr/2022:09:59:22 -0400] "OPTIONS * HTTP/1.0" 200 - "-" "Apache/2.4.6 (CentOS) OpenSSL/1.0.2k-fips PHP/7.4.29 mod_perl/2.0.11 Perl/v5.16.3 (internal dummy connection)"
192.168.254.242 - - [27/Apr/2022:12:07:10 -0400] "GET /wp-content/uploads/2017/10/reloads0 HTTP/1.1" 404 233 "-" "Mozilla/5.0 (Macintosh; Intel Mac OS X 10.14; rv:70.0) Gecko/20100101 Firefox/70.0"
192.168.254.242 - - [27/Apr/2022:12:07:10 -0400] "GET /wp-content/uploads/2017/10/reloads0 HTTP/1.1" 404 233 "-" "Mozilla/5.0 (Macintosh; Intel Mac OS X 10.14; rv:70.0) Gecko/20100101 Firefox/70.0"
::1 - - [27/Apr/2022:12:19:09 -0400] "OPTIONS * HTTP/1.0" 200 - "-" "Apache/2.4.6 (CentOS) OpenSSL/1.0.2k-fips PHP/7.4.29 mod_perl/2.0.11 Perl/v5.16.3 (internal dummy connection)"
::1 - - [27/Apr/2022:12:19:10 -0400] "OPTIONS * HTTP/1.0" 200 - "-" "Apache/2.4.6 (CentOS) OpenSSL/1.0.2k-fips PHP/7.4.29 mod_perl/2.0.11 Perl/v5.16.3 (internal dummy connection)"
::1 - - [27/Apr/2022:12:19:11 -0400] "OPTIONS * HTTP/1.0" 200 - "-" "Apache/2.4.6 (CentOS) OpenSSL/1.0.2k-fips PHP/7.4.29 mod_perl/2.0.11 Perl/v5.16.3 (internal dummy connection)"
::1 - - [27/Apr/2022:12:22:31 -0400] "OPTIONS * HTTP/1.0" 200 - "-" "Apache/2.4.6 (CentOS) OpenSSL/1.0.2k-fips PHP/7.4.29 mod_perl/2.0.11 Perl/v5.16.3 (internal dummy connection)"
::1 - - [27/Apr/2022:12:32:40 -0400] "OPTIONS * HTTP/1.0" 200 - "-" "Apache/2.4.6 (CentOS) OpenSSL/1.0.2k-fips PHP/7.4.29 mod_perl/2.0.11 Perl/v5.16.3 (internal dummy connection)"
::1 - - [27/Apr/2022:12:33:09 -0400] "OPTIONS * HTTP/1.0" 200 - "-" "Apache/2.4.6 (CentOS) OpenSSL/1.0.2k-fips PHP/7.4.29 mod_perl/2.0.11 Perl/v5.16.3 (internal dummy connection)"
::1 - - [27/Apr/2022:12:33:10 -0400] "OPTIONS * HTTP/1.0" 200 - "-" "Apache/2.4.6 (CentOS) OpenSSL/1.0.2k-fips PHP/7.4.29 mod_perl/2.0.11 Perl/v5.16.3 (internal dummy connection)"
::1 - - [27/Apr/2022:12:35:28 -0400] "OPTIONS * HTTP/1.0" 200 - "-" "Apache/2.4.6 (CentOS) OpenSSL/1.0.2k-fips PHP/7.4.29 mod_perl/2.0.11 Perl/v5.16.3 (internal dummy connection)"
::1 - - [27/Apr/2022:12:36:22 -0400] "OPTIONS * HTTP/1.0" 200 - "-" "Apache/2.4.6 (CentOS) OpenSSL/1.0.2k-fips PHP/7.4.29 mod_perl/2.0.11 Perl/v5.16.3 (internal dummy connection)"
::1 - - [27/Apr/2022:12:36:28 -0400] "OPTIONS * HTTP/1.0" 200 - "-" "Apache/2.4.6 (CentOS) OpenSSL/1.0.2k-fips PHP/7.4.29 mod_perl/2.0.11 Perl/v5.16.3 (internal dummy connection)"
::1 - - [27/Apr/2022:12:36:37 -0400] "OPTIONS * HTTP/1.0" 200 - "-" "Apache/2.4.6 (CentOS) OpenSSL/1.0.2k-fips PHP/7.4.29 mod_perl/2.0.11 Perl/v5.16.3 (internal dummy connection)"
::1 - - [27/Apr/2022:12:36:38 -0400] "OPTIONS * HTTP/1.0" 200 - "-" "Apache/2.4.6 (CentOS) OpenSSL/1.0.2k-fips PHP/7.4.29 mod_perl/2.0.11 Perl/v5.16.3 (internal dummy connection)"
::1 - - [27/Apr/2022:12:37:26 -0400] "OPTIONS * HTTP/1.0" 200 - "-" "Apache/2.4.6 (CentOS) OpenSSL/1.0.2k-fips PHP/7.4.29 mod_perl/2.0.11 Perl/v5.16.3 (internal dummy connection)"
::1 - - [27/Apr/2022:13:14:13 -0400] "OPTIONS * HTTP/1.0" 200 - "-" "Apache/2.4.6 (CentOS) OpenSSL/1.0.2k-fips PHP/7.4.29 mod_perl/2.0.11 Perl/v5.16.3 (internal dummy connection)"
::1 - - [27/Apr/2022:13:14:14 -0400] "OPTIONS * HTTP/1.0" 200 - "-" "Apache/2.4.6 (CentOS) OpenSSL/1.0.2k-fips PHP/7.4.29 mod_perl/2.0.11 Perl/v5.16.3 (internal dummy connection)"
::1 - - [27/Apr/2022:13:14:29 -0400] "OPTIONS * HTTP/1.0" 200 - "-" "Apache/2.4.6 (CentOS) OpenSSL/1.0.2k-fips PHP/7.4.29 mod_perl/2.0.11 Perl/v5.16.3 (internal dummy connection)"
::1 - - [27/Apr/2022:13:20:07 -0400] "OPTIONS * HTTP/1.0" 200 - "-" "Apache/2.4.6 (CentOS) OpenSSL/1.0.2k-fips PHP/7.4.29 mod_perl/2.0.11 Perl/v5.16.3 (internal dummy connection)"
::1 - - [27/Apr/2022:13:20:08 -0400] "OPTIONS * HTTP/1.0" 200 - "-" "Apache/2.4.6 (CentOS) OpenSSL/1.0.2k-fips PHP/7.4.29 mod_perl/2.0.11 Perl/v5.16.3 (internal dummy connection)"
::1 - - [27/Apr/2022:13:30:29 -0400] "OPTIONS * HTTP/1.0" 200 - "-" "Apache/2.4.6 (CentOS) OpenSSL/1.0.2k-fips PHP/7.4.29 mod_perl/2.0.11 Perl/v5.16.3 (internal dummy connection)"
::1 - - [27/Apr/2022:13:38:21 -0400] "OPTIONS * HTTP/1.0" 200 - "-" "Apache/2.4.6 (CentOS) OpenSSL/1.0.2k-fips PHP/7.4.29 mod_perl/2.0.11 Perl/v5.16.3 (internal dummy connection)"
::1 - - [27/Apr/2022:13:38:51 -0400] "OPTIONS * HTTP/1.0" 200 - "-" "Apache/2.4.6 (CentOS) OpenSSL/1.0.2k-fips PHP/7.4.29 mod_perl/2.0.11 Perl/v5.16.3 (internal dummy connection)"
::1 - - [27/Apr/2022:13:39:02 -0400] "OPTIONS * HTTP/1.0" 200 - "-" "Apache/2.4.6 (CentOS) OpenSSL/1.0.2k-fips PHP/7.4.29 mod_perl/2.0.11 Perl/v5.16.3 (internal dummy connection)"
::1 - - [27/Apr/2022:13:43:11 -0400] "OPTIONS * HTTP/1.0" 200 - "-" "Apache/2.4.6 (CentOS) OpenSSL/1.0.2k-fips PHP/7.4.29 mod_perl/2.0.11 Perl/v5.16.3 (internal dummy connection)"
::1 - - [27/Apr/2022:13:43:44 -0400] "OPTIONS * HTTP/1.0" 200 - "-" "Apache/2.4.6 (CentOS) OpenSSL/1.0.2k-fips PHP/7.4.29 mod_perl/2.0.11 Perl/v5.16.3 (internal dummy connection)"
::1 - - [27/Apr/2022:13:44:21 -0400] "OPTIONS * HTTP/1.0" 200 - "-" "Apache/2.4.6 (CentOS) OpenSSL/1.0.2k-fips PHP/7.4.29 mod_perl/2.0.11 Perl/v5.16.3 (internal dummy connection)"
::1 - - [27/Apr/2022:13:46:01 -0400] "OPTIONS * HTTP/1.0" 200 - "-" "Apache/2.4.6 (CentOS) OpenSSL/1.0.2k-fips PHP/7.4.29 mod_perl/2.0.11 Perl/v5.16.3 (internal dummy connection)"
::1 - - [27/Apr/2022:13:46:02 -0400] "OPTIONS * HTTP/1.0" 200 - "-" "Apache/2.4.6 (CentOS) OpenSSL/1.0.2k-fips PHP/7.4.29 mod_perl/2.0.11 Perl/v5.16.3 (internal dummy connection)"
::1 - - [27/Apr/2022:13:46:04 -0400] "OPTIONS * HTTP/1.0" 200 - "-" "Apache/2.4.6 (CentOS) OpenSSL/1.0.2k-fips PHP/7.4.29 mod_perl/2.0.11 Perl/v5.16.3 (internal dummy connection)"
::1 - - [27/Apr/2022:13:58:37 -0400] "OPTIONS * HTTP/1.0" 200 - "-" "Apache/2.4.6 (CentOS) OpenSSL/1.0.2k-fips PHP/7.4.29 mod_perl/2.0.11 Perl/v5.16.3 (internal dummy connection)"
::1 - - [27/Apr/2022:13:58:40 -0400] "OPTIONS * HTTP/1.0" 200 - "-" "Apache/2.4.6 (CentOS) OpenSSL/1.0.2k-fips PHP/7.4.29 mod_perl/2.0.11 Perl/v5.16.3 (internal dummy connection)"
192.168.254.242 - - [27/Apr/2022:14:03:48 -0400] "GET /wp-content/uploads/woocommerce_uploads/ HTTP/1.1" 200 - "http://www.wvbucksnbass.com/wp-content/uploads/woocommerce_uploads/" "WordPress/5.9.3; https://www.wvbucksnbass.com"
::1 - - [27/Apr/2022:14:04:57 -0400] "OPTIONS * HTTP/1.0" 200 - "-" "Apache/2.4.6 (CentOS) OpenSSL/1.0.2k-fips PHP/7.4.29 mod_perl/2.0.11 Perl/v5.16.3 (internal dummy connection)"
::1 - - [27/Apr/2022:14:09:13 -0400] "OPTIONS * HTTP/1.0" 200 - "-" "Apache/2.4.6 (CentOS) OpenSSL/1.0.2k-fips PHP/7.4.29 mod_perl/2.0.11 Perl/v5.16.3 (internal dummy connection)"
::1 - - [27/Apr/2022:14:10:18 -0400] "OPTIONS * HTTP/1.0" 200 - "-" "Apache/2.4.6 (CentOS) OpenSSL/1.0.2k-fips PHP/7.4.29 mod_perl/2.0.11 Perl/v5.16.3 (internal dummy connection)"
::1 - - [27/Apr/2022:14:12:47 -0400] "OPTIONS * HTTP/1.0" 200 - "-" "Apache/2.4.6 (CentOS) OpenSSL/1.0.2k-fips PHP/7.4.29 mod_perl/2.0.11 Perl/v5.16.3 (internal dummy connection)"
::1 - - [27/Apr/2022:14:13:48 -0400] "OPTIONS * HTTP/1.0" 200 - "-" "Apache/2.4.6 (CentOS) OpenSSL/1.0.2k-fips PHP/7.4.29 mod_perl/2.0.11 Perl/v5.16.3 (internal dummy connection)"
::1 - - [27/Apr/2022:14:21:04 -0400] "OPTIONS * HTTP/1.0" 200 - "-" "Apache/2.4.6 (CentOS) OpenSSL/1.0.2k-fips PHP/7.4.29 mod_perl/2.0.11 Perl/v5.16.3 (internal dummy connection)"
::1 - - [27/Apr/2022:14:21:05 -0400] "OPTIONS * HTTP/1.0" 200 - "-" "Apache/2.4.6 (CentOS) OpenSSL/1.0.2k-fips PHP/7.4.29 mod_perl/2.0.11 Perl/v5.16.3 (internal dummy connection)"
::1 - - [27/Apr/2022:14:25:03 -0400] "OPTIONS * HTTP/1.0" 200 - "-" "Apache/2.4.6 (CentOS) OpenSSL/1.0.2k-fips PHP/7.4.29 mod_perl/2.0.11 Perl/v5.16.3 (internal dummy connection)"
::1 - - [27/Apr/2022:14:25:19 -0400] "OPTIONS * HTTP/1.0" 200 - "-" "Apache/2.4.6 (CentOS) OpenSSL/1.0.2k-fips PHP/7.4.29 mod_perl/2.0.11 Perl/v5.16.3 (internal dummy connection)"
::1 - - [27/Apr/2022:14:25:55 -0400] "OPTIONS * HTTP/1.0" 200 - "-" "Apache/2.4.6 (CentOS) OpenSSL/1.0.2k-fips PHP/7.4.29 mod_perl/2.0.11 Perl/v5.16.3 (internal dummy connection)"
::1 - - [27/Apr/2022:14:26:44 -0400] "OPTIONS * HTTP/1.0" 200 - "-" "Apache/2.4.6 (CentOS) OpenSSL/1.0.2k-fips PHP/7.4.29 mod_perl/2.0.11 Perl/v5.16.3 (internal dummy connection)"
::1 - - [27/Apr/2022:14:26:45 -0400] "OPTIONS * HTTP/1.0" 200 - "-" "Apache/2.4.6 (CentOS) OpenSSL/1.0.2k-fips PHP/7.4.29 mod_perl/2.0.11 Perl/v5.16.3 (internal dummy connection)"
::1 - - [27/Apr/2022:14:28:11 -0400] "OPTIONS * HTTP/1.0" 200 - "-" "Apache/2.4.6 (CentOS) OpenSSL/1.0.2k-fips PHP/7.4.29 mod_perl/2.0.11 Perl/v5.16.3 (internal dummy connection)"
::1 - - [27/Apr/2022:14:28:41 -0400] "OPTIONS * HTTP/1.0" 200 - "-" "Apache/2.4.6 (CentOS) OpenSSL/1.0.2k-fips PHP/7.4.29 mod_perl/2.0.11 Perl/v5.16.3 (internal dummy connection)"
::1 - - [27/Apr/2022:14:33:20 -0400] "OPTIONS * HTTP/1.0" 200 - "-" "Apache/2.4.6 (CentOS) OpenSSL/1.0.2k-fips PHP/7.4.29 mod_perl/2.0.11 Perl/v5.16.3 (internal dummy connection)"
::1 - - [27/Apr/2022:14:33:40 -0400] "OPTIONS * HTTP/1.0" 200 - "-" "Apache/2.4.6 (CentOS) OpenSSL/1.0.2k-fips PHP/7.4.29 mod_perl/2.0.11 Perl/v5.16.3 (internal dummy connection)"
::1 - - [27/Apr/2022:14:34:17 -0400] "OPTIONS * HTTP/1.0" 200 - "-" "Apache/2.4.6 (CentOS) OpenSSL/1.0.2k-fips PHP/7.4.29 mod_perl/2.0.11 Perl/v5.16.3 (internal dummy connection)"
::1 - - [27/Apr/2022:14:34:59 -0400] "OPTIONS * HTTP/1.0" 200 - "-" "Apache/2.4.6 (CentOS) OpenSSL/1.0.2k-fips PHP/7.4.29 mod_perl/2.0.11 Perl/v5.16.3 (internal dummy connection)"
::1 - - [27/Apr/2022:14:37:07 -0400] "OPTIONS * HTTP/1.0" 200 - "-" "Apache/2.4.6 (CentOS) OpenSSL/1.0.2k-fips PHP/7.4.29 mod_perl/2.0.11 Perl/v5.16.3 (internal dummy connection)"
::1 - - [27/Apr/2022:14:37:08 -0400] "OPTIONS * HTTP/1.0" 200 - "-" "Apache/2.4.6 (CentOS) OpenSSL/1.0.2k-fips PHP/7.4.29 mod_perl/2.0.11 Perl/v5.16.3 (internal dummy connection)"
::1 - - [27/Apr/2022:14:37:09 -0400] "OPTIONS * HTTP/1.0" 200 - "-" "Apache/2.4.6 (CentOS) OpenSSL/1.0.2k-fips PHP/7.4.29 mod_perl/2.0.11 Perl/v5.16.3 (internal dummy connection)"
::1 - - [27/Apr/2022:14:37:10 -0400] "OPTIONS * HTTP/1.0" 200 - "-" "Apache/2.4.6 (CentOS) OpenSSL/1.0.2k-fips PHP/7.4.29 mod_perl/2.0.11 Perl/v5.16.3 (internal dummy connection)"
::1 - - [27/Apr/2022:14:37:11 -0400] "OPTIONS * HTTP/1.0" 200 - "-" "Apache/2.4.6 (CentOS) OpenSSL/1.0.2k-fips PHP/7.4.29 mod_perl/2.0.11 Perl/v5.16.3 (internal dummy connection)"
::1 - - [27/Apr/2022:14:39:43 -0400] "OPTIONS * HTTP/1.0" 200 - "-" "Apache/2.4.6 (CentOS) OpenSSL/1.0.2k-fips PHP/7.4.29 mod_perl/2.0.11 Perl/v5.16.3 (internal dummy connection)"
::1 - - [27/Apr/2022:14:39:45 -0400] "OPTIONS * HTTP/1.0" 200 - "-" "Apache/2.4.6 (CentOS) OpenSSL/1.0.2k-fips PHP/7.4.29 mod_perl/2.0.11 Perl/v5.16.3 (internal dummy connection)"
::1 - - [27/Apr/2022:14:39:51 -0400] "OPTIONS * HTTP/1.0" 200 - "-" "Apache/2.4.6 (CentOS) OpenSSL/1.0.2k-fips PHP/7.4.29 mod_perl/2.0.11 Perl/v5.16.3 (internal dummy connection)"
::1 - - [27/Apr/2022:14:40:37 -0400] "OPTIONS * HTTP/1.0" 200 - "-" "Apache/2.4.6 (CentOS) OpenSSL/1.0.2k-fips PHP/7.4.29 mod_perl/2.0.11 Perl/v5.16.3 (internal dummy connection)"
::1 - - [27/Apr/2022:14:41:28 -0400] "OPTIONS * HTTP/1.0" 200 - "-" "Apache/2.4.6 (CentOS) OpenSSL/1.0.2k-fips PHP/7.4.29 mod_perl/2.0.11 Perl/v5.16.3 (internal dummy connection)"
::1 - - [27/Apr/2022:14:41:29 -0400] "OPTIONS * HTTP/1.0" 200 - "-" "Apache/2.4.6 (CentOS) OpenSSL/1.0.2k-fips PHP/7.4.29 mod_perl/2.0.11 Perl/v5.16.3 (internal dummy connection)"
::1 - - [27/Apr/2022:14:41:30 -0400] "OPTIONS * HTTP/1.0" 200 - "-" "Apache/2.4.6 (CentOS) OpenSSL/1.0.2k-fips PHP/7.4.29 mod_perl/2.0.11 Perl/v5.16.3 (internal dummy connection)"
::1 - - [27/Apr/2022:14:42:22 -0400] "OPTIONS * HTTP/1.0" 200 - "-" "Apache/2.4.6 (CentOS) OpenSSL/1.0.2k-fips PHP/7.4.29 mod_perl/2.0.11 Perl/v5.16.3 (internal dummy connection)"
::1 - - [28/Apr/2022:11:53:19 -0400] "OPTIONS * HTTP/1.0" 200 - "-" "Apache/2.4.6 (CentOS) OpenSSL/1.0.2k-fips PHP/7.4.29 mod_perl/2.0.11 Perl/v5.16.3 (internal dummy connection)"
::1 - - [28/Apr/2022:11:53:20 -0400] "OPTIONS * HTTP/1.0" 200 - "-" "Apache/2.4.6 (CentOS) OpenSSL/1.0.2k-fips PHP/7.4.29 mod_perl/2.0.11 Perl/v5.16.3 (internal dummy connection)"
::1 - - [28/Apr/2022:11:53:23 -0400] "OPTIONS * HTTP/1.0" 200 - "-" "Apache/2.4.6 (CentOS) OpenSSL/1.0.2k-fips PHP/7.4.29 mod_perl/2.0.11 Perl/v5.16.3 (internal dummy connection)"
::1 - - [28/Apr/2022:11:58:18 -0400] "OPTIONS * HTTP/1.0" 200 - "-" "Apache/2.4.6 (CentOS) OpenSSL/1.0.2k-fips PHP/7.4.29 mod_perl/2.0.11 Perl/v5.16.3 (internal dummy connection)"
::1 - - [28/Apr/2022:12:00:15 -0400] "OPTIONS * HTTP/1.0" 200 - "-" "Apache/2.4.6 (CentOS) OpenSSL/1.0.2k-fips PHP/7.4.29 mod_perl/2.0.11 Perl/v5.16.3 (internal dummy connection)"
::1 - - [28/Apr/2022:12:01:26 -0400] "OPTIONS * HTTP/1.0" 200 - "-" "Apache/2.4.6 (CentOS) OpenSSL/1.0.2k-fips PHP/7.4.29 mod_perl/2.0.11 Perl/v5.16.3 (internal dummy connection)"
::1 - - [28/Apr/2022:12:11:28 -0400] "OPTIONS * HTTP/1.0" 200 - "-" "Apache/2.4.6 (CentOS) OpenSSL/1.0.2k-fips PHP/7.4.29 mod_perl/2.0.11 Perl/v5.16.3 (internal dummy connection)"
::1 - - [28/Apr/2022:12:12:30 -0400] "OPTIONS * HTTP/1.0" 200 - "-" "Apache/2.4.6 (CentOS) OpenSSL/1.0.2k-fips PHP/7.4.29 mod_perl/2.0.11 Perl/v5.16.3 (internal dummy connection)"
192.168.254.242 - - [28/Apr/2022:12:36:15 -0400] "GET /wp-content/uploads/2017/10/reloads0 HTTP/1.1" 404 233 "-" "Mozilla/5.0 (Macintosh; Intel Mac OS X 10.14; rv:70.0) Gecko/20100101 Firefox/70.0"
::1 - - [28/Apr/2022:12:37:39 -0400] "OPTIONS * HTTP/1.0" 200 - "-" "Apache/2.4.6 (CentOS) OpenSSL/1.0.2k-fips PHP/7.4.29 mod_perl/2.0.11 Perl/v5.16.3 (internal dummy connection)"
::1 - - [28/Apr/2022:12:43:45 -0400] "OPTIONS * HTTP/1.0" 200 - "-" "Apache/2.4.6 (CentOS) OpenSSL/1.0.2k-fips PHP/7.4.29 mod_perl/2.0.11 Perl/v5.16.3 (internal dummy connection)"
::1 - - [28/Apr/2022:12:43:47 -0400] "OPTIONS * HTTP/1.0" 200 - "-" "Apache/2.4.6 (CentOS) OpenSSL/1.0.2k-fips PHP/7.4.29 mod_perl/2.0.11 Perl/v5.16.3 (internal dummy connection)"
::1 - - [28/Apr/2022:12:55:12 -0400] "OPTIONS * HTTP/1.0" 200 - "-" "Apache/2.4.6 (CentOS) OpenSSL/1.0.2k-fips PHP/7.4.29 mod_perl/2.0.11 Perl/v5.16.3 (internal dummy connection)"
::1 - - [28/Apr/2022:13:01:19 -0400] "OPTIONS * HTTP/1.0" 200 - "-" "Apache/2.4.6 (CentOS) OpenSSL/1.0.2k-fips PHP/7.4.29 mod_perl/2.0.11 Perl/v5.16.3 (internal dummy connection)"
::1 - - [28/Apr/2022:13:01:21 -0400] "OPTIONS * HTTP/1.0" 200 - "-" "Apache/2.4.6 (CentOS) OpenSSL/1.0.2k-fips PHP/7.4.29 mod_perl/2.0.11 Perl/v5.16.3 (internal dummy connection)"
::1 - - [28/Apr/2022:13:11:40 -0400] "OPTIONS * HTTP/1.0" 200 - "-" "Apache/2.4.6 (CentOS) OpenSSL/1.0.2k-fips PHP/7.4.29 mod_perl/2.0.11 Perl/v5.16.3 (internal dummy connection)"
