46.4.96.69 - - [29/Aug/2019:12:27:16 -0400] "GET /sitemap.xml HTTP/1.1" 404 209 "-" "Mozilla/5.0 (compatible; BLEXBot/1.0; +http://webmeup-crawler.com/)"
46.4.96.69 - - [29/Aug/2019:15:15:15 -0400] "GET /robots.txt HTTP/1.1" 404 208 "-" "Mozilla/5.0 (compatible; BLEXBot/1.0; +http://webmeup-crawler.com/)"
155.159.119.220 - - [29/Aug/2019:18:19:16 -0400] "GET /robots.txt HTTP/1.1" 404 208 "-" "Dispatch/0.11.3"
46.4.96.69 - - [29/Aug/2019:18:29:28 -0400] "GET /robots.txt HTTP/1.1" 404 208 "-" "Mozilla/5.0 (compatible; BLEXBot/1.0; +http://webmeup-crawler.com/)"
46.4.96.69 - - [29/Aug/2019:23:14:14 -0400] "GET /robots.txt HTTP/1.1" 404 208 "-" "Mozilla/5.0 (compatible; BLEXBot/1.0; +http://webmeup-crawler.com/)"
157.55.39.49 - - [31/Aug/2019:00:50:12 -0400] "GET /robots.txt HTTP/1.1" 404 208 "-" "Mozilla/5.0 (compatible; bingbot/2.0; +http://www.bing.com/bingbot.htm)"
40.77.167.23 - - [31/Aug/2019:00:50:14 -0400] "GET / HTTP/1.1" 301 - "-" "Mozilla/5.0 (compatible; bingbot/2.0; +http://www.bing.com/bingbot.htm)"
207.46.13.178 - - [31/Aug/2019:14:39:29 -0400] "GET / HTTP/1.1" 301 - "-" "Mozilla/5.0 (compatible; bingbot/2.0; +http://www.bing.com/bingbot.htm)"
192.168.254.242 - - [31/Aug/2019:14:39:30 -0400] "POST /wp-cron.php?doing_wp_cron=1567276770.0012900829315185546875 HTTP/1.1" 200 - "http://hosting.digitaldatatechs.com/wp-cron.php?doing_wp_cron=1567276770.0012900829315185546875" "WordPress/5.2.2; https://hosting.digitaldatatechs.com"
216.244.66.236 - - [01/Sep/2019:01:06:29 -0400] "GET /robots.txt HTTP/1.1" 404 208 "-" "Mozilla/5.0 (compatible; DotBot/1.1; http://www.opensiteexplorer.org/dotbot, help@moz.com)"
216.244.66.236 - - [01/Sep/2019:01:14:22 -0400] "GET / HTTP/1.1" 301 - "-" "Mozilla/5.0 (compatible; DotBot/1.1; http://www.opensiteexplorer.org/dotbot, help@moz.com)"
192.168.254.242 - - [01/Sep/2019:01:14:22 -0400] "POST /wp-cron.php?doing_wp_cron=1567314862.8112189769744873046875 HTTP/1.1" 200 - "http://hosting.digitaldatatechs.com/wp-cron.php?doing_wp_cron=1567314862.8112189769744873046875" "WordPress/5.2.2; https://hosting.digitaldatatechs.com"
207.46.13.191 - - [01/Sep/2019:02:32:42 -0400] "GET / HTTP/1.1" 301 - "-" "Mozilla/5.0 (compatible; bingbot/2.0; +http://www.bing.com/bingbot.htm)"
192.168.254.242 - - [01/Sep/2019:02:32:42 -0400] "POST /wp-cron.php?doing_wp_cron=1567319562.2538061141967773437500 HTTP/1.1" 200 - "http://hosting.digitaldatatechs.com/wp-cron.php?doing_wp_cron=1567319562.2538061141967773437500" "WordPress/5.2.2; https://hosting.digitaldatatechs.com"
207.46.13.145 - - [01/Sep/2019:10:19:55 -0400] "GET /robots.txt HTTP/1.1" 404 208 "-" "Mozilla/5.0 (compatible; bingbot/2.0; +http://www.bing.com/bingbot.htm)"
192.168.254.242 - - [01/Sep/2019:16:59:57 -0400] "POST /wp-cron.php?doing_wp_cron=1567371597.3333950042724609375000 HTTP/1.1" 200 - "http://hosting.digitaldatatechs.com/wp-cron.php?doing_wp_cron=1567371597.3333950042724609375000" "WordPress/5.2.2; https://hosting.digitaldatatechs.com"
40.77.167.67 - - [01/Sep/2019:16:59:57 -0400] "GET / HTTP/1.1" 301 - "-" "Mozilla/5.0 (compatible; bingbot/2.0; +http://www.bing.com/bingbot.htm)"
157.55.39.37 - - [02/Sep/2019:11:46:58 -0400] "GET /robots.txt HTTP/1.1" 404 208 "-" "Mozilla/5.0 (compatible; bingbot/2.0; +http://www.bing.com/bingbot.htm)"
40.77.167.190 - - [02/Sep/2019:11:47:06 -0400] "GET / HTTP/1.1" 301 - "-" "Mozilla/5.0 (compatible; bingbot/2.0; +http://www.bing.com/bingbot.htm)"
192.168.254.242 - - [02/Sep/2019:11:47:06 -0400] "POST /wp-cron.php?doing_wp_cron=1567439226.7650349140167236328125 HTTP/1.1" 200 - "http://hosting.digitaldatatechs.com/wp-cron.php?doing_wp_cron=1567439226.7650349140167236328125" "WordPress/5.2.2; https://hosting.digitaldatatechs.com"
207.46.13.95 - - [03/Sep/2019:00:06:32 -0400] "GET / HTTP/1.1" 301 - "-" "Mozilla/5.0 (compatible; bingbot/2.0; +http://www.bing.com/bingbot.htm)"
207.46.13.50 - - [03/Sep/2019:14:03:27 -0400] "GET / HTTP/1.1" 301 - "-" "Mozilla/5.0 (compatible; bingbot/2.0; +http://www.bing.com/bingbot.htm)"
157.55.39.91 - - [04/Sep/2019:01:39:30 -0400] "GET / HTTP/1.1" 301 - "-" "Mozilla/5.0 (compatible; bingbot/2.0; +http://www.bing.com/bingbot.htm)"
192.168.254.242 - - [04/Sep/2019:01:39:31 -0400] "POST /wp-cron.php?doing_wp_cron=1567575571.0366790294647216796875 HTTP/1.1" 200 - "http://hosting.digitaldatatechs.com/wp-cron.php?doing_wp_cron=1567575571.0366790294647216796875" "WordPress/5.2.2; https://hosting.digitaldatatechs.com"
216.244.66.236 - - [04/Sep/2019:03:08:26 -0400] "GET /robots.txt HTTP/1.1" 404 208 "-" "Mozilla/5.0 (compatible; DotBot/1.1; http://www.opensiteexplorer.org/dotbot, help@moz.com)"
216.244.66.236 - - [04/Sep/2019:03:16:24 -0400] "GET / HTTP/1.1" 301 - "-" "Mozilla/5.0 (compatible; DotBot/1.1; http://www.opensiteexplorer.org/dotbot, help@moz.com)"
192.168.254.242 - - [04/Sep/2019:03:16:25 -0400] "POST /wp-cron.php?doing_wp_cron=1567581385.2200829982757568359375 HTTP/1.1" 200 - "http://hosting.digitaldatatechs.com/wp-cron.php?doing_wp_cron=1567581385.2200829982757568359375" "WordPress/5.2.2; https://hosting.digitaldatatechs.com"
157.55.39.24 - - [04/Sep/2019:20:18:13 -0400] "GET /robots.txt HTTP/1.1" 404 208 "-" "Mozilla/5.0 (compatible; bingbot/2.0; +http://www.bing.com/bingbot.htm)"
207.46.13.215 - - [04/Sep/2019:20:18:18 -0400] "GET /robots.txt HTTP/1.1" 404 208 "-" "Mozilla/5.0 (compatible; bingbot/2.0; +http://www.bing.com/bingbot.htm)"
207.46.13.148 - - [05/Sep/2019:14:24:46 -0400] "GET / HTTP/1.1" 301 - "-" "Mozilla/5.0 (compatible; bingbot/2.0; +http://www.bing.com/bingbot.htm)"
192.168.254.242 - - [05/Sep/2019:14:24:46 -0400] "POST /wp-cron.php?doing_wp_cron=1567707886.3830430507659912109375 HTTP/1.1" 200 - "http://hosting.digitaldatatechs.com/wp-cron.php?doing_wp_cron=1567707886.3830430507659912109375" "WordPress/5.2.3; https://hosting.digitaldatatechs.com"
139.59.95.121 - - [05/Sep/2019:22:00:03 -0400] "GET /wp-login.php HTTP/1.1" 302 - "-" "Mozilla/5.0 (X11; Ubuntu; Linux x86_64; rv:62.0) Gecko/20100101 Firefox/62.0"
192.168.254.242 - - [05/Sep/2019:22:00:03 -0400] "POST /wp-cron.php?doing_wp_cron=1567735203.4249970912933349609375 HTTP/1.1" 200 - "http://hosting.digitaldatatechs.com/wp-cron.php?doing_wp_cron=1567735203.4249970912933349609375" "WordPress/5.2.3; https://hosting.digitaldatatechs.com"
139.59.95.121 - - [05/Sep/2019:22:00:07 -0400] "GET ///?author=1 HTTP/1.1" 301 - "-" "Mozilla/5.0 (X11; Ubuntu; Linux x86_64; rv:62.0) Gecko/20100101 Firefox/62.0"
139.59.95.121 - - [05/Sep/2019:22:00:11 -0400] "GET ///wp-json/wp/v2/users/ HTTP/1.1" 404 218 "-" "Mozilla/5.0 (X11; Ubuntu; Linux x86_64; rv:62.0) Gecko/20100101 Firefox/62.0"
192.168.254.242 - - [05/Sep/2019:22:00:12 -0400] "POST /wp-cron.php?doing_wp_cron=1567735212.0083949565887451171875 HTTP/1.1" 200 - "http://hosting.digitaldatatechs.com/wp-cron.php?doing_wp_cron=1567735212.0083949565887451171875" "WordPress/5.2.3; https://hosting.digitaldatatechs.com"
139.59.95.121 - - [05/Sep/2019:22:00:11 -0400] "GET ///?author=2 HTTP/1.1" 301 - "-" "Mozilla/5.0 (X11; Ubuntu; Linux x86_64; rv:62.0) Gecko/20100101 Firefox/62.0"
207.46.13.91 - - [06/Sep/2019:08:06:23 -0400] "GET / HTTP/1.1" 301 - "-" "Mozilla/5.0 (compatible; bingbot/2.0; +http://www.bing.com/bingbot.htm)"
167.71.254.85 - - [06/Sep/2019:18:58:40 -0400] "GET / HTTP/1.0" 301 - "-" "Mozilla/5.0 (compatible; NetcraftSurveyAgent/1.0; +info@netcraft.com)"
40.77.167.144 - - [06/Sep/2019:19:30:33 -0400] "GET / HTTP/1.1" 301 - "-" "Mozilla/5.0 (compatible; bingbot/2.0; +http://www.bing.com/bingbot.htm)"
167.71.188.193 - - [06/Sep/2019:21:03:01 -0400] "GET / HTTP/1.0" 301 - "-" "Mozilla/5.0 (compatible; NetcraftSurveyAgent/1.0; +info@netcraft.com)"
60.191.38.77 - - [07/Sep/2019:02:04:21 -0400] "GET / HTTP/1.1" 301 - "-" "Mozilla/5.0 (Macintosh; Intel Mac OS X 10.11; rv:47.0) Gecko/20100101 Firefox/47.0"
192.168.254.242 - - [07/Sep/2019:02:31:34 -0400] "POST /wp-cron.php?doing_wp_cron=1567837894.4861888885498046875000 HTTP/1.1" 200 - "http://hosting.digitaldatatechs.com/wp-cron.php?doing_wp_cron=1567837894.4861888885498046875000" "WordPress/5.2.3; https://hosting.digitaldatatechs.com"
111.7.100.27 - - [07/Sep/2019:02:31:34 -0400] "GET / HTTP/1.1" 301 - "-" "Mozilla/5.0 (Windows NT 10.0; Win64; x64) AppleWebKit/537.36 (KHTML, like Gecko) Chrome/72.0.3626.119 Safari/537.36"
192.168.254.242 - - [07/Sep/2019:02:31:39 -0400] "POST /wp-cron.php?doing_wp_cron=1567837899.3931028842926025390625 HTTP/1.1" 200 - "http://hosting.digitaldatatechs.com/wp-cron.php?doing_wp_cron=1567837899.3931028842926025390625" "WordPress/5.2.3; https://hosting.digitaldatatechs.com"
111.7.100.27 - - [07/Sep/2019:02:31:39 -0400] "GET / HTTP/1.1" 301 - "-" "Mozilla/5.0 (Windows NT 10.0; Win64; x64) AppleWebKit/537.36 (KHTML, like Gecko) Chrome/72.0.3626.119 Safari/537.36"
157.55.39.19 - - [07/Sep/2019:11:00:45 -0400] "GET /robots.txt HTTP/1.1" 404 208 "-" "Mozilla/5.0 (compatible; bingbot/2.0; +http://www.bing.com/bingbot.htm)"
207.46.13.169 - - [07/Sep/2019:11:00:48 -0400] "GET / HTTP/1.1" 301 - "-" "Mozilla/5.0 (compatible; bingbot/2.0; +http://www.bing.com/bingbot.htm)"
207.46.13.183 - - [08/Sep/2019:00:38:02 -0400] "GET / HTTP/1.1" 301 - "-" "Mozilla/5.0 (compatible; bingbot/2.0; +http://www.bing.com/bingbot.htm)"
106.75.26.68 - - [08/Sep/2019:20:22:39 -0400] "GET / HTTP/1.1" 301 - "-" "Mozilla/5.0 (Windows NT 6.1) AppleWebKit/537.36 (KHTML, like Gecko) Chrome/49.0.2623.112 Safari/537.36"
36.99.136.133 - - [08/Sep/2019:23:01:25 -0400] "GET / HTTP/1.1" 301 - "-" "Mozilla/5.0 (Windows NT 10.0; Win64; x64) AppleWebKit/537.36 (KHTML, like Gecko) Chrome/72.0.3626.119 Safari/537.36"
156.217.236.143 - - [10/Sep/2019:06:25:44 -0400] "GET /wp-login.php HTTP/1.1" 302 - "-" "Mozilla/5.0 (Windows NT 6.1; WOW64; rv:40.0) Gecko/20100101 Firefox/40.1"
156.217.236.143 - - [10/Sep/2019:06:25:51 -0400] "GET /wp-login.php HTTP/1.1" 302 - "-" "Mozilla/5.0 (Windows NT 6.1; WOW64; rv:40.0) Gecko/20100101 Firefox/40.1"
156.217.236.143 - - [10/Sep/2019:06:25:56 -0400] "GET / HTTP/1.1" 301 - "-" "Mozilla/5.0 (Windows NT 6.1; WOW64; rv:40.0) Gecko/20100101 Firefox/40.1"
216.244.66.236 - - [10/Sep/2019:15:19:43 -0400] "GET /robots.txt HTTP/1.1" 404 208 "-" "Mozilla/5.0 (compatible; DotBot/1.1; http://www.opensiteexplorer.org/dotbot, help@moz.com)"
216.244.66.236 - - [10/Sep/2019:15:27:09 -0400] "GET / HTTP/1.1" 301 - "-" "Mozilla/5.0 (compatible; DotBot/1.1; http://www.opensiteexplorer.org/dotbot, help@moz.com)"
157.55.39.49 - - [10/Sep/2019:21:03:43 -0400] "GET /robots.txt HTTP/1.1" 404 208 "-" "Mozilla/5.0 (compatible; bingbot/2.0; +http://www.bing.com/bingbot.htm)"
192.168.254.242 - - [10/Sep/2019:21:03:49 -0400] "POST /wp-cron.php?doing_wp_cron=1568163829.9032940864562988281250 HTTP/1.1" 200 - "http://hosting.digitaldatatechs.com/wp-cron.php?doing_wp_cron=1568163829.9032940864562988281250" "WordPress/5.2.3; https://hosting.digitaldatatechs.com"
207.46.13.109 - - [10/Sep/2019:21:03:49 -0400] "GET / HTTP/1.1" 301 - "-" "Mozilla/5.0 (compatible; bingbot/2.0; +http://www.bing.com/bingbot.htm)"
157.55.39.77 - - [11/Sep/2019:19:41:19 -0400] "GET / HTTP/1.1" 301 - "-" "Mozilla/5.0 (compatible; bingbot/2.0; +http://www.bing.com/bingbot.htm)"
192.168.254.242 - - [11/Sep/2019:19:41:20 -0400] "POST /wp-cron.php?doing_wp_cron=1568245280.0530059337615966796875 HTTP/1.1" 200 - "http://hosting.digitaldatatechs.com/wp-cron.php?doing_wp_cron=1568245280.0530059337615966796875" "WordPress/5.2.3; https://hosting.digitaldatatechs.com"
40.77.167.152 - - [12/Sep/2019:13:55:22 -0400] "GET / HTTP/1.1" 301 - "-" "Mozilla/5.0 (compatible; bingbot/2.0; +http://www.bing.com/bingbot.htm)"
66.249.69.47 - - [12/Sep/2019:15:30:14 -0400] "GET /robots.txt HTTP/1.1" 404 208 "-" "Mozilla/5.0 (compatible; Googlebot/2.1; +http://www.google.com/bot.html)"
66.249.69.45 - - [12/Sep/2019:15:30:14 -0400] "GET /bajbowuuscl.html HTTP/1.1" 404 214 "-" "Mozilla/5.0 (compatible; Googlebot/2.1; +http://www.google.com/bot.html)"
157.55.39.195 - - [12/Sep/2019:18:32:45 -0400] "GET /robots.txt HTTP/1.1" 404 208 "-" "Mozilla/5.0 (compatible; bingbot/2.0; +http://www.bing.com/bingbot.htm)"
204.246.159.170 - - [12/Sep/2019:20:08:07 -0400] "GET / HTTP/1.1" 301 - "-" "-"
192.168.254.242 - - [12/Sep/2019:20:08:08 -0400] "POST /wp-cron.php?doing_wp_cron=1568333288.0965440273284912109375 HTTP/1.1" 200 - "http://hosting.digitaldatatechs.com/wp-cron.php?doing_wp_cron=1568333288.0965440273284912109375" "WordPress/5.2.3; https://hosting.digitaldatatechs.com"
216.244.66.236 - - [13/Sep/2019:17:30:28 -0400] "GET /robots.txt HTTP/1.1" 404 208 "-" "Mozilla/5.0 (compatible; DotBot/1.1; http://www.opensiteexplorer.org/dotbot, help@moz.com)"
216.244.66.236 - - [13/Sep/2019:17:37:39 -0400] "GET / HTTP/1.1" 301 - "-" "Mozilla/5.0 (compatible; DotBot/1.1; http://www.opensiteexplorer.org/dotbot, help@moz.com)"
192.168.254.242 - - [13/Sep/2019:17:37:39 -0400] "POST /wp-cron.php?doing_wp_cron=1568410659.9369509220123291015625 HTTP/1.1" 200 - "http://hosting.digitaldatatechs.com/wp-cron.php?doing_wp_cron=1568410659.9369509220123291015625" "WordPress/5.2.3; https://hosting.digitaldatatechs.com"
157.55.39.39 - - [14/Sep/2019:04:12:53 -0400] "GET /robots.txt HTTP/1.1" 404 208 "-" "Mozilla/5.0 (compatible; bingbot/2.0; +http://www.bing.com/bingbot.htm)"
207.46.13.122 - - [14/Sep/2019:04:12:56 -0400] "GET / HTTP/1.1" 301 - "-" "Mozilla/5.0 (compatible; bingbot/2.0; +http://www.bing.com/bingbot.htm)"
192.168.254.242 - - [14/Sep/2019:04:12:56 -0400] "POST /wp-cron.php?doing_wp_cron=1568448776.6556420326232910156250 HTTP/1.1" 200 - "http://hosting.digitaldatatechs.com/wp-cron.php?doing_wp_cron=1568448776.6556420326232910156250" "WordPress/5.2.3; https://hosting.digitaldatatechs.com"
207.46.13.168 - - [14/Sep/2019:18:48:10 -0400] "GET / HTTP/1.1" 301 - "-" "Mozilla/5.0 (compatible; bingbot/2.0; +http://www.bing.com/bingbot.htm)"
192.168.254.242 - - [14/Sep/2019:18:48:10 -0400] "POST /wp-cron.php?doing_wp_cron=1568501290.4969630241394042968750 HTTP/1.1" 200 - "http://hosting.digitaldatatechs.com/wp-cron.php?doing_wp_cron=1568501290.4969630241394042968750" "WordPress/5.2.3; https://hosting.digitaldatatechs.com"
183.253.80.79 - - [14/Sep/2019:19:57:21 -0400] "GET / HTTP/1.1" 301 - "-" "Mozilla/5.0 (iPhone; CPU iPhone OS 10_2_1 like Mac OS X) AppleWebKit/602.4.6 (KHTML, like Gecko) Version/10.0 Mobile/14D27 Safari/602.1"
78.46.176.21 - - [14/Sep/2019:22:37:59 -0400] "GET /robots.txt HTTP/1.1" 404 208 "-" "Mozilla/5.0 (compatible; MJ12bot/v1.4.8; http://mj12bot.com/)"
78.46.176.21 - - [14/Sep/2019:22:38:01 -0400] "GET /index.php/products/business-email/ HTTP/1.1" 301 - "-" "Mozilla/5.0 (compatible; MJ12bot/v1.4.8; http://mj12bot.com/)"
192.168.254.242 - - [14/Sep/2019:22:39:34 -0400] "POST /wp-cron.php?doing_wp_cron=1568515174.1130468845367431640625 HTTP/1.1" 200 - "http://hosting.digitaldatatechs.com/wp-cron.php?doing_wp_cron=1568515174.1130468845367431640625" "WordPress/5.2.3; https://hosting.digitaldatatechs.com"
78.46.176.21 - - [14/Sep/2019:22:39:33 -0400] "GET /index.php/products/code-signing-certificate/ HTTP/1.1" 301 - "-" "Mozilla/5.0 (compatible; MJ12bot/v1.4.8; http://mj12bot.com/)"
192.168.254.242 - - [14/Sep/2019:22:41:01 -0400] "POST /wp-cron.php?doing_wp_cron=1568515261.9774329662322998046875 HTTP/1.1" 200 - "http://hosting.digitaldatatechs.com/wp-cron.php?doing_wp_cron=1568515261.9774329662322998046875" "WordPress/5.2.3; https://hosting.digitaldatatechs.com"
78.46.176.21 - - [14/Sep/2019:22:41:01 -0400] "GET /index.php/products/cpanel-deluxe/ HTTP/1.1" 301 - "-" "Mozilla/5.0 (compatible; MJ12bot/v1.4.8; http://mj12bot.com/)"
78.46.176.21 - - [14/Sep/2019:22:42:35 -0400] "GET /index.php/products/cpanel-economy/ HTTP/1.1" 301 - "-" "Mozilla/5.0 (compatible; MJ12bot/v1.4.8; http://mj12bot.com/)"
192.168.254.242 - - [14/Sep/2019:22:44:05 -0400] "POST /wp-cron.php?doing_wp_cron=1568515445.8280029296875000000000 HTTP/1.1" 200 - "http://hosting.digitaldatatechs.com/wp-cron.php?doing_wp_cron=1568515445.8280029296875000000000" "WordPress/5.2.3; https://hosting.digitaldatatechs.com"
78.46.176.21 - - [14/Sep/2019:22:44:05 -0400] "GET /index.php/products/cpanel-starter/ HTTP/1.1" 301 - "-" "Mozilla/5.0 (compatible; MJ12bot/v1.4.8; http://mj12bot.com/)"
78.46.176.21 - - [14/Sep/2019:22:45:36 -0400] "GET /index.php/products/cpanel-ultimate/ HTTP/1.1" 301 - "-" "Mozilla/5.0 (compatible; MJ12bot/v1.4.8; http://mj12bot.com/)"
192.168.254.242 - - [14/Sep/2019:22:47:10 -0400] "POST /wp-cron.php?doing_wp_cron=1568515630.6258969306945800781250 HTTP/1.1" 200 - "http://hosting.digitaldatatechs.com/wp-cron.php?doing_wp_cron=1568515630.6258969306945800781250" "WordPress/5.2.3; https://hosting.digitaldatatechs.com"
78.46.176.21 - - [14/Sep/2019:22:47:09 -0400] "GET /index.php/products/dedicated-hosting-ip/ HTTP/1.1" 301 - "-" "Mozilla/5.0 (compatible; MJ12bot/v1.4.8; http://mj12bot.com/)"
78.46.176.21 - - [14/Sep/2019:22:48:43 -0400] "GET /index.php/products/dedicated-linux-server-deluxe/ HTTP/1.1" 301 - "-" "Mozilla/5.0 (compatible; MJ12bot/v1.4.8; http://mj12bot.com/)"
192.168.254.242 - - [14/Sep/2019:22:50:13 -0400] "POST /wp-cron.php?doing_wp_cron=1568515813.9345180988311767578125 HTTP/1.1" 200 - "http://hosting.digitaldatatechs.com/wp-cron.php?doing_wp_cron=1568515813.9345180988311767578125" "WordPress/5.2.3; https://hosting.digitaldatatechs.com"
78.46.176.21 - - [14/Sep/2019:22:50:13 -0400] "GET /index.php/products/dedicated-linux-server-economy/ HTTP/1.1" 301 - "-" "Mozilla/5.0 (compatible; MJ12bot/v1.4.8; http://mj12bot.com/)"
78.46.176.21 - - [14/Sep/2019:22:51:44 -0400] "GET /index.php/products/dedicated-linux-server-ultimate/ HTTP/1.1" 301 - "-" "Mozilla/5.0 (compatible; MJ12bot/v1.4.8; http://mj12bot.com/)"
192.168.254.242 - - [14/Sep/2019:22:53:18 -0400] "POST /wp-cron.php?doing_wp_cron=1568515998.1800880432128906250000 HTTP/1.1" 200 - "http://hosting.digitaldatatechs.com/wp-cron.php?doing_wp_cron=1568515998.1800880432128906250000" "WordPress/5.2.3; https://hosting.digitaldatatechs.com"
78.46.176.21 - - [14/Sep/2019:22:53:17 -0400] "GET /index.php/products/dedicated-linux-server-value/ HTTP/1.1" 301 - "-" "Mozilla/5.0 (compatible; MJ12bot/v1.4.8; http://mj12bot.com/)"
78.46.176.21 - - [14/Sep/2019:22:54:50 -0400] "GET /index.php/products/dedicated-windows-server-deluxe/ HTTP/1.1" 301 - "-" "Mozilla/5.0 (compatible; MJ12bot/v1.4.8; http://mj12bot.com/)"
192.168.254.242 - - [14/Sep/2019:22:56:23 -0400] "POST /wp-cron.php?doing_wp_cron=1568516183.0144510269165039062500 HTTP/1.1" 200 - "http://hosting.digitaldatatechs.com/wp-cron.php?doing_wp_cron=1568516183.0144510269165039062500" "WordPress/5.2.3; https://hosting.digitaldatatechs.com"
78.46.176.21 - - [14/Sep/2019:22:56:22 -0400] "GET /index.php/products/dedicated-windows-server-economy/ HTTP/1.1" 301 - "-" "Mozilla/5.0 (compatible; MJ12bot/v1.4.8; http://mj12bot.com/)"
78.46.176.21 - - [14/Sep/2019:22:57:53 -0400] "GET /index.php/products/dedicated-windows-server-ultimate/ HTTP/1.1" 301 - "-" "Mozilla/5.0 (compatible; MJ12bot/v1.4.8; http://mj12bot.com/)"
192.168.254.242 - - [14/Sep/2019:22:59:25 -0400] "POST /wp-cron.php?doing_wp_cron=1568516365.5775759220123291015625 HTTP/1.1" 200 - "http://hosting.digitaldatatechs.com/wp-cron.php?doing_wp_cron=1568516365.5775759220123291015625" "WordPress/5.2.3; https://hosting.digitaldatatechs.com"
78.46.176.21 - - [14/Sep/2019:22:59:25 -0400] "GET /index.php/products/dedicated-windows-server-value/ HTTP/1.1" 301 - "-" "Mozilla/5.0 (compatible; MJ12bot/v1.4.8; http://mj12bot.com/)"
78.46.176.21 - - [14/Sep/2019:23:00:57 -0400] "GET /index.php/products/email-marketing-beginner/ HTTP/1.1" 301 - "-" "Mozilla/5.0 (compatible; MJ12bot/v1.4.8; http://mj12bot.com/)"
192.168.254.242 - - [14/Sep/2019:23:02:30 -0400] "POST /wp-cron.php?doing_wp_cron=1568516550.3116540908813476562500 HTTP/1.1" 200 - "http://hosting.digitaldatatechs.com/wp-cron.php?doing_wp_cron=1568516550.3116540908813476562500" "WordPress/5.2.3; https://hosting.digitaldatatechs.com"
78.46.176.21 - - [14/Sep/2019:23:02:30 -0400] "GET /index.php/products/email-marketing-pro/ HTTP/1.1" 301 - "-" "Mozilla/5.0 (compatible; MJ12bot/v1.4.8; http://mj12bot.com/)"
78.46.176.21 - - [14/Sep/2019:23:04:01 -0400] "GET /index.php/products/email-marketing-up-running/ HTTP/1.1" 301 - "-" "Mozilla/5.0 (compatible; MJ12bot/v1.4.8; http://mj12bot.com/)"
78.46.176.21 - - [14/Sep/2019:23:05:29 -0400] "GET /index.php/products/email-ultimate-business/ HTTP/1.1" 301 - "-" "Mozilla/5.0 (compatible; MJ12bot/v1.4.8; http://mj12bot.com/)"
192.168.254.242 - - [14/Sep/2019:23:07:01 -0400] "POST /wp-cron.php?doing_wp_cron=1568516821.6546690464019775390625 HTTP/1.1" 200 - "http://hosting.digitaldatatechs.com/wp-cron.php?doing_wp_cron=1568516821.6546690464019775390625" "WordPress/5.2.3; https://hosting.digitaldatatechs.com"
78.46.176.21 - - [14/Sep/2019:23:07:01 -0400] "GET /index.php/products/online-calendar-group/ HTTP/1.1" 301 - "-" "Mozilla/5.0 (compatible; MJ12bot/v1.4.8; http://mj12bot.com/)"
78.46.176.21 - - [14/Sep/2019:23:08:33 -0400] "GET /index.php/products/online-calendar-personal/ HTTP/1.1" 301 - "-" "Mozilla/5.0 (compatible; MJ12bot/v1.4.8; http://mj12bot.com/)"
192.168.254.242 - - [14/Sep/2019:23:10:05 -0400] "POST /wp-cron.php?doing_wp_cron=1568517005.0379641056060791015625 HTTP/1.1" 200 - "http://hosting.digitaldatatechs.com/wp-cron.php?doing_wp_cron=1568517005.0379641056060791015625" "WordPress/5.2.3; https://hosting.digitaldatatechs.com"
78.46.176.21 - - [14/Sep/2019:23:10:04 -0400] "GET /index.php/products/online-calendar-unlimited/ HTTP/1.1" 301 - "-" "Mozilla/5.0 (compatible; MJ12bot/v1.4.8; http://mj12bot.com/)"
78.46.176.21 - - [14/Sep/2019:23:11:35 -0400] "GET /index.php/products/online-storage-deluxe/ HTTP/1.1" 301 - "-" "Mozilla/5.0 (compatible; MJ12bot/v1.4.8; http://mj12bot.com/)"
78.46.176.21 - - [14/Sep/2019:23:13:03 -0400] "GET /index.php/products/online-storage-economy/ HTTP/1.1" 301 - "-" "Mozilla/5.0 (compatible; MJ12bot/v1.4.8; http://mj12bot.com/)"
192.168.254.242 - - [14/Sep/2019:23:14:34 -0400] "POST /wp-cron.php?doing_wp_cron=1568517274.8327090740203857421875 HTTP/1.1" 200 - "http://hosting.digitaldatatechs.com/wp-cron.php?doing_wp_cron=1568517274.8327090740203857421875" "WordPress/5.2.3; https://hosting.digitaldatatechs.com"
78.46.176.21 - - [14/Sep/2019:23:14:34 -0400] "GET /index.php/products/personal-email/ HTTP/1.1" 301 - "-" "Mozilla/5.0 (compatible; MJ12bot/v1.4.8; http://mj12bot.com/)"
78.46.176.21 - - [14/Sep/2019:23:15:30 -0400] "GET /index.php/products/premium-ssl-1-site/ HTTP/1.1" 301 - "-" "Mozilla/5.0 (compatible; MJ12bot/v1.4.8; http://mj12bot.com/)"
78.46.176.21 - - [14/Sep/2019:23:16:14 -0400] "GET /index.php/products/premium-ssl-5-site/ HTTP/1.1" 301 - "-" "Mozilla/5.0 (compatible; MJ12bot/v1.4.8; http://mj12bot.com/)"
192.168.254.242 - - [14/Sep/2019:23:17:39 -0400] "POST /wp-cron.php?doing_wp_cron=1568517459.9455499649047851562500 HTTP/1.1" 200 - "http://hosting.digitaldatatechs.com/wp-cron.php?doing_wp_cron=1568517459.9455499649047851562500" "WordPress/5.2.3; https://hosting.digitaldatatechs.com"
78.46.176.21 - - [14/Sep/2019:23:17:39 -0400] "GET /index.php/products/quick-shopping-cart-deluxe/ HTTP/1.1" 301 - "-" "Mozilla/5.0 (compatible; MJ12bot/v1.4.8; http://mj12bot.com/)"
78.46.176.21 - - [14/Sep/2019:23:18:23 -0400] "GET /index.php/products/quick-shopping-cart-economy/ HTTP/1.1" 301 - "-" "Mozilla/5.0 (compatible; MJ12bot/v1.4.8; http://mj12bot.com/)"
192.168.254.242 - - [14/Sep/2019:23:19:48 -0400] "POST /wp-cron.php?doing_wp_cron=1568517588.9449219703674316406250 HTTP/1.1" 200 - "http://hosting.digitaldatatechs.com/wp-cron.php?doing_wp_cron=1568517588.9449219703674316406250" "WordPress/5.2.3; https://hosting.digitaldatatechs.com"
78.46.176.21 - - [14/Sep/2019:23:19:48 -0400] "GET /index.php/products/quick-shopping-cart-premium/ HTTP/1.1" 301 - "-" "Mozilla/5.0 (compatible; MJ12bot/v1.4.8; http://mj12bot.com/)"
78.46.176.21 - - [14/Sep/2019:23:21:13 -0400] "GET /index.php/products/search-engine-optimization-seo/ HTTP/1.1" 301 - "-" "Mozilla/5.0 (compatible; MJ12bot/v1.4.8; http://mj12bot.com/)"
192.168.254.242 - - [14/Sep/2019:23:22:39 -0400] "POST /wp-cron.php?doing_wp_cron=1568517759.0453040599822998046875 HTTP/1.1" 200 - "http://hosting.digitaldatatechs.com/wp-cron.php?doing_wp_cron=1568517759.0453040599822998046875" "WordPress/5.2.3; https://hosting.digitaldatatechs.com"
78.46.176.21 - - [14/Sep/2019:23:22:38 -0400] "GET /index.php/products/standard-ssl-1-site/ HTTP/1.1" 301 - "-" "Mozilla/5.0 (compatible; MJ12bot/v1.4.8; http://mj12bot.com/)"
78.46.176.21 - - [14/Sep/2019:23:24:04 -0400] "GET /index.php/products/standard-ssl-5-site/ HTTP/1.1" 301 - "-" "Mozilla/5.0 (compatible; MJ12bot/v1.4.8; http://mj12bot.com/)"
192.168.254.242 - - [14/Sep/2019:23:25:31 -0400] "POST /wp-cron.php?doing_wp_cron=1568517931.7861769199371337890625 HTTP/1.1" 200 - "http://hosting.digitaldatatechs.com/wp-cron.php?doing_wp_cron=1568517931.7861769199371337890625" "WordPress/5.2.3; https://hosting.digitaldatatechs.com"
78.46.176.21 - - [14/Sep/2019:23:25:31 -0400] "GET /index.php/products/standard-ssl-wildcard/ HTTP/1.1" 301 - "-" "Mozilla/5.0 (compatible; MJ12bot/v1.4.8; http://mj12bot.com/)"
78.46.176.21 - - [14/Sep/2019:23:26:57 -0400] "GET /index.php/products/vps-linux-deluxe/ HTTP/1.1" 301 - "-" "Mozilla/5.0 (compatible; MJ12bot/v1.4.8; http://mj12bot.com/)"
192.168.254.242 - - [14/Sep/2019:23:28:22 -0400] "POST /wp-cron.php?doing_wp_cron=1568518102.2838959693908691406250 HTTP/1.1" 200 - "http://hosting.digitaldatatechs.com/wp-cron.php?doing_wp_cron=1568518102.2838959693908691406250" "WordPress/5.2.3; https://hosting.digitaldatatechs.com"
78.46.176.21 - - [14/Sep/2019:23:28:22 -0400] "GET /index.php/products/vps-linux-economy/ HTTP/1.1" 301 - "-" "Mozilla/5.0 (compatible; MJ12bot/v1.4.8; http://mj12bot.com/)"
78.46.176.21 - - [14/Sep/2019:23:29:47 -0400] "GET /index.php/products/vps-linux-ultimate/ HTTP/1.1" 301 - "-" "Mozilla/5.0 (compatible; MJ12bot/v1.4.8; http://mj12bot.com/)"
192.168.254.242 - - [14/Sep/2019:23:31:12 -0400] "POST /wp-cron.php?doing_wp_cron=1568518272.4438869953155517578125 HTTP/1.1" 200 - "http://hosting.digitaldatatechs.com/wp-cron.php?doing_wp_cron=1568518272.4438869953155517578125" "WordPress/5.2.3; https://hosting.digitaldatatechs.com"
78.46.176.21 - - [14/Sep/2019:23:31:12 -0400] "GET /index.php/products/vps-linux-value/ HTTP/1.1" 301 - "-" "Mozilla/5.0 (compatible; MJ12bot/v1.4.8; http://mj12bot.com/)"
78.46.176.21 - - [14/Sep/2019:23:32:37 -0400] "GET /index.php/products/vps-windows-deluxe/ HTTP/1.1" 301 - "-" "Mozilla/5.0 (compatible; MJ12bot/v1.4.8; http://mj12bot.com/)"
192.168.254.242 - - [14/Sep/2019:23:34:02 -0400] "POST /wp-cron.php?doing_wp_cron=1568518442.4487960338592529296875 HTTP/1.1" 200 - "http://hosting.digitaldatatechs.com/wp-cron.php?doing_wp_cron=1568518442.4487960338592529296875" "WordPress/5.2.3; https://hosting.digitaldatatechs.com"
78.46.176.21 - - [14/Sep/2019:23:34:02 -0400] "GET /index.php/products/vps-windows-economy/ HTTP/1.1" 301 - "-" "Mozilla/5.0 (compatible; MJ12bot/v1.4.8; http://mj12bot.com/)"
78.46.176.21 - - [14/Sep/2019:23:35:27 -0400] "GET /index.php/products/vps-windows-ultimate/ HTTP/1.1" 301 - "-" "Mozilla/5.0 (compatible; MJ12bot/v1.4.8; http://mj12bot.com/)"
192.168.254.242 - - [14/Sep/2019:23:36:52 -0400] "POST /wp-cron.php?doing_wp_cron=1568518612.3913059234619140625000 HTTP/1.1" 200 - "http://hosting.digitaldatatechs.com/wp-cron.php?doing_wp_cron=1568518612.3913059234619140625000" "WordPress/5.2.3; https://hosting.digitaldatatechs.com"
78.46.176.21 - - [14/Sep/2019:23:36:52 -0400] "GET /index.php/products/vps-windows-value/ HTTP/1.1" 301 - "-" "Mozilla/5.0 (compatible; MJ12bot/v1.4.8; http://mj12bot.com/)"
78.46.176.21 - - [14/Sep/2019:23:38:17 -0400] "GET /index.php/products/website-backup-25-gb/ HTTP/1.1" 301 - "-" "Mozilla/5.0 (compatible; MJ12bot/v1.4.8; http://mj12bot.com/)"
78.46.176.21 - - [14/Sep/2019:23:39:42 -0400] "GET /index.php/products/website-backup-5-gb/ HTTP/1.1" 301 - "-" "Mozilla/5.0 (compatible; MJ12bot/v1.4.8; http://mj12bot.com/)"
192.168.254.242 - - [14/Sep/2019:23:39:42 -0400] "POST /wp-cron.php?doing_wp_cron=1568518782.5577759742736816406250 HTTP/1.1" 200 - "http://hosting.digitaldatatechs.com/wp-cron.php?doing_wp_cron=1568518782.5577759742736816406250" "WordPress/5.2.3; https://hosting.digitaldatatechs.com"
78.46.176.21 - - [14/Sep/2019:23:41:09 -0400] "GET /index.php/products/website-backup-50-gb/ HTTP/1.1" 301 - "-" "Mozilla/5.0 (compatible; MJ12bot/v1.4.8; http://mj12bot.com/)"
192.168.254.242 - - [14/Sep/2019:23:42:34 -0400] "POST /wp-cron.php?doing_wp_cron=1568518954.1003129482269287109375 HTTP/1.1" 200 - "http://hosting.digitaldatatechs.com/wp-cron.php?doing_wp_cron=1568518954.1003129482269287109375" "WordPress/5.2.3; https://hosting.digitaldatatechs.com"
78.46.176.21 - - [14/Sep/2019:23:42:33 -0400] "GET /index.php/products/website-builder-business/ HTTP/1.1" 301 - "-" "Mozilla/5.0 (compatible; MJ12bot/v1.4.8; http://mj12bot.com/)"
78.46.176.21 - - [14/Sep/2019:23:43:59 -0400] "GET /index.php/products/website-builder-business-plus/ HTTP/1.1" 301 - "-" "Mozilla/5.0 (compatible; MJ12bot/v1.4.8; http://mj12bot.com/)"
192.168.254.242 - - [14/Sep/2019:23:45:24 -0400] "POST /wp-cron.php?doing_wp_cron=1568519124.2841238975524902343750 HTTP/1.1" 200 - "http://hosting.digitaldatatechs.com/wp-cron.php?doing_wp_cron=1568519124.2841238975524902343750" "WordPress/5.2.3; https://hosting.digitaldatatechs.com"
78.46.176.21 - - [14/Sep/2019:23:45:24 -0400] "GET /index.php/products/website-builder-personal/ HTTP/1.1" 301 - "-" "Mozilla/5.0 (compatible; MJ12bot/v1.4.8; http://mj12bot.com/)"
78.46.176.21 - - [14/Sep/2019:23:46:49 -0400] "GET /index.php/products/website-security-deluxe/ HTTP/1.1" 301 - "-" "Mozilla/5.0 (compatible; MJ12bot/v1.4.8; http://mj12bot.com/)"
192.168.254.242 - - [14/Sep/2019:23:48:14 -0400] "POST /wp-cron.php?doing_wp_cron=1568519294.6943759918212890625000 HTTP/1.1" 200 - "http://hosting.digitaldatatechs.com/wp-cron.php?doing_wp_cron=1568519294.6943759918212890625000" "WordPress/5.2.3; https://hosting.digitaldatatechs.com"
78.46.176.21 - - [14/Sep/2019:23:48:13 -0400] "GET /index.php/products/website-security-essential/ HTTP/1.1" 301 - "-" "Mozilla/5.0 (compatible; MJ12bot/v1.4.8; http://mj12bot.com/)"
78.46.176.21 - - [14/Sep/2019:23:49:39 -0400] "GET /index.php/products/website-security-express/ HTTP/1.1" 301 - "-" "Mozilla/5.0 (compatible; MJ12bot/v1.4.8; http://mj12bot.com/)"
192.168.254.242 - - [14/Sep/2019:23:51:04 -0400] "POST /wp-cron.php?doing_wp_cron=1568519464.9586100578308105468750 HTTP/1.1" 200 - "http://hosting.digitaldatatechs.com/wp-cron.php?doing_wp_cron=1568519464.9586100578308105468750" "WordPress/5.2.3; https://hosting.digitaldatatechs.com"
78.46.176.21 - - [14/Sep/2019:23:51:04 -0400] "GET /index.php/products/wordpress-basic/ HTTP/1.1" 301 - "-" "Mozilla/5.0 (compatible; MJ12bot/v1.4.8; http://mj12bot.com/)"
78.46.176.21 - - [14/Sep/2019:23:52:29 -0400] "GET /index.php/products/wordpress-developer/ HTTP/1.1" 301 - "-" "Mozilla/5.0 (compatible; MJ12bot/v1.4.8; http://mj12bot.com/)"
192.168.254.242 - - [14/Sep/2019:23:53:55 -0400] "POST /wp-cron.php?doing_wp_cron=1568519635.0055100917816162109375 HTTP/1.1" 200 - "http://hosting.digitaldatatechs.com/wp-cron.php?doing_wp_cron=1568519635.0055100917816162109375" "WordPress/5.2.3; https://hosting.digitaldatatechs.com"
78.46.176.21 - - [14/Sep/2019:23:53:54 -0400] "GET /index.php/products/wordpress-pro/ HTTP/1.1" 301 - "-" "Mozilla/5.0 (compatible; MJ12bot/v1.4.8; http://mj12bot.com/)"
78.46.176.21 - - [14/Sep/2019:23:55:19 -0400] "GET /index.php/products/wordpress-ultimate/ HTTP/1.1" 301 - "-" "Mozilla/5.0 (compatible; MJ12bot/v1.4.8; http://mj12bot.com/)"
192.168.254.242 - - [15/Sep/2019:06:13:11 -0400] "POST /wp-cron.php?doing_wp_cron=1568542391.0445740222930908203125 HTTP/1.1" 200 - "http://hosting.digitaldatatechs.com/wp-cron.php?doing_wp_cron=1568542391.0445740222930908203125" "WordPress/5.2.3; https://hosting.digitaldatatechs.com"
34.229.238.26 - - [15/Sep/2019:06:13:10 -0400] "GET / HTTP/1.1" 301 - "-" "Mozilla/5.0 (Windows NT 10.0; Win64; x64) AppleWebKit/537.36 (KHTML, like Gecko) Chrome/74.0.3729.131 Safari/537.36"
40.77.167.113 - - [15/Sep/2019:10:38:39 -0400] "GET / HTTP/1.1" 301 - "-" "Mozilla/5.0 (compatible; bingbot/2.0; +http://www.bing.com/bingbot.htm)"
192.168.254.242 - - [15/Sep/2019:10:38:39 -0400] "POST /wp-cron.php?doing_wp_cron=1568558319.5196959972381591796875 HTTP/1.1" 200 - "http://hosting.digitaldatatechs.com/wp-cron.php?doing_wp_cron=1568558319.5196959972381591796875" "WordPress/5.2.3; https://hosting.digitaldatatechs.com"
40.77.167.15 - - [15/Sep/2019:12:13:55 -0400] "GET /robots.txt HTTP/1.1" 404 208 "-" "Mozilla/5.0 (compatible; bingbot/2.0; +http://www.bing.com/bingbot.htm)"
146.148.80.88 - - [15/Sep/2019:13:54:05 -0400] "GET /wp-login.php HTTP/1.1" 302 - "-" "Mozilla/5.0 (X11; Ubuntu; Linux x86_64; rv:62.0) Gecko/20100101 Firefox/62.0"
192.168.254.242 - - [15/Sep/2019:13:54:05 -0400] "POST /wp-cron.php?doing_wp_cron=1568570045.3435359001159667968750 HTTP/1.1" 200 - "http://hosting.digitaldatatechs.com/wp-cron.php?doing_wp_cron=1568570045.3435359001159667968750" "WordPress/5.2.3; https://hosting.digitaldatatechs.com"
146.148.80.88 - - [15/Sep/2019:13:54:07 -0400] "GET ///?author=1 HTTP/1.1" 301 - "-" "Mozilla/5.0 (X11; Ubuntu; Linux x86_64; rv:62.0) Gecko/20100101 Firefox/62.0"
146.148.80.88 - - [15/Sep/2019:13:54:09 -0400] "GET ///wp-json/wp/v2/users/ HTTP/1.1" 404 218 "-" "Mozilla/5.0 (X11; Ubuntu; Linux x86_64; rv:62.0) Gecko/20100101 Firefox/62.0"
192.168.254.242 - - [15/Sep/2019:13:54:09 -0400] "POST /wp-cron.php?doing_wp_cron=1568570049.6745319366455078125000 HTTP/1.1" 200 - "http://hosting.digitaldatatechs.com/wp-cron.php?doing_wp_cron=1568570049.6745319366455078125000" "WordPress/5.2.3; https://hosting.digitaldatatechs.com"
146.148.80.88 - - [15/Sep/2019:13:54:09 -0400] "GET ///?author=2 HTTP/1.1" 301 - "-" "Mozilla/5.0 (X11; Ubuntu; Linux x86_64; rv:62.0) Gecko/20100101 Firefox/62.0"
157.55.39.151 - - [15/Sep/2019:22:56:18 -0400] "GET / HTTP/1.1" 301 - "-" "Mozilla/5.0 (compatible; bingbot/2.0; +http://www.bing.com/bingbot.htm)"
216.244.66.236 - - [16/Sep/2019:19:26:56 -0400] "GET /robots.txt HTTP/1.1" 404 208 "-" "Mozilla/5.0 (compatible; DotBot/1.1; http://www.opensiteexplorer.org/dotbot, help@moz.com)"
216.244.66.236 - - [16/Sep/2019:19:33:49 -0400] "GET / HTTP/1.1" 301 - "-" "Mozilla/5.0 (compatible; DotBot/1.1; http://www.opensiteexplorer.org/dotbot, help@moz.com)"
95.216.38.186 - - [16/Sep/2019:22:20:06 -0400] "GET /robots.txt HTTP/1.1" 404 208 "-" "Mozilla/5.0 (compatible; MJ12bot/v1.4.8; http://mj12bot.com/)"
95.216.38.186 - - [16/Sep/2019:22:20:08 -0400] "GET /?p=1 HTTP/1.1" 301 - "-" "Mozilla/5.0 (compatible; MJ12bot/v1.4.8; http://mj12bot.com/)"
157.55.39.34 - - [16/Sep/2019:22:42:55 -0400] "GET /robots.txt HTTP/1.1" 404 208 "-" "Mozilla/5.0 (compatible; bingbot/2.0; +http://www.bing.com/bingbot.htm)"
157.55.39.102 - - [16/Sep/2019:22:43:00 -0400] "GET / HTTP/1.1" 301 - "-" "Mozilla/5.0 (compatible; bingbot/2.0; +http://www.bing.com/bingbot.htm)"
157.55.39.53 - - [17/Sep/2019:13:39:59 -0400] "GET / HTTP/1.1" 301 - "-" "Mozilla/5.0 (compatible; bingbot/2.0; +http://www.bing.com/bingbot.htm)"
157.55.39.187 - - [18/Sep/2019:02:06:51 -0400] "GET / HTTP/1.1" 301 - "-" "Mozilla/5.0 (compatible; bingbot/2.0; +http://www.bing.com/bingbot.htm)"
207.46.13.7 - - [18/Sep/2019:07:39:26 -0400] "GET /robots.txt HTTP/1.1" 404 208 "-" "Mozilla/5.0 (compatible; bingbot/2.0; +http://www.bing.com/bingbot.htm)"
40.77.167.95 - - [18/Sep/2019:17:15:42 -0400] "GET / HTTP/1.1" 301 - "-" "Mozilla/5.0 (compatible; bingbot/2.0; +http://www.bing.com/bingbot.htm)"
192.168.254.242 - - [18/Sep/2019:17:15:42 -0400] "POST /wp-cron.php?doing_wp_cron=1568841342.3676829338073730468750 HTTP/1.1" 200 - "http://hosting.digitaldatatechs.com/wp-cron.php?doing_wp_cron=1568841342.3676829338073730468750" "WordPress/5.2.3; https://hosting.digitaldatatechs.com"
157.55.39.26 - - [19/Sep/2019:15:50:36 -0400] "GET /robots.txt HTTP/1.1" 404 208 "-" "Mozilla/5.0 (compatible; bingbot/2.0; +http://www.bing.com/bingbot.htm)"
207.46.13.191 - - [19/Sep/2019:15:50:40 -0400] "GET /robots.txt HTTP/1.1" 404 208 "-" "Mozilla/5.0 (compatible; bingbot/2.0; +http://www.bing.com/bingbot.htm)"
60.191.38.77 - - [19/Sep/2019:23:02:31 -0400] "GET / HTTP/1.1" 301 - "-" "Mozilla/5.0 (Macintosh; Intel Mac OS X 10.11; rv:47.0) Gecko/20100101 Firefox/47.0"
192.168.254.242 - - [19/Sep/2019:23:02:31 -0400] "POST /wp-cron.php?doing_wp_cron=1568948551.3601119518280029296875 HTTP/1.1" 200 - "http://hosting.digitaldatatechs.com/wp-cron.php?doing_wp_cron=1568948551.3601119518280029296875" "WordPress/5.2.3; https://hosting.digitaldatatechs.com"
192.168.254.242 - - [20/Sep/2019:03:57:39 -0400] "POST /wp-cron.php?doing_wp_cron=1568966259.7856359481811523437500 HTTP/1.1" 200 - "http://hosting.digitaldatatechs.com/wp-cron.php?doing_wp_cron=1568966259.7856359481811523437500" "WordPress/5.2.3; https://hosting.digitaldatatechs.com"
207.46.13.138 - - [20/Sep/2019:03:57:39 -0400] "GET / HTTP/1.1" 301 - "-" "Mozilla/5.0 (compatible; bingbot/2.0; +http://www.bing.com/bingbot.htm)"
192.168.254.242 - - [20/Sep/2019:18:20:15 -0400] "POST /wp-cron.php?doing_wp_cron=1569018015.8928329944610595703125 HTTP/1.1" 200 - "http://hosting.digitaldatatechs.com/wp-cron.php?doing_wp_cron=1569018015.8928329944610595703125" "WordPress/5.2.3; https://hosting.digitaldatatechs.com"
40.77.167.129 - - [20/Sep/2019:18:20:15 -0400] "GET / HTTP/1.1" 301 - "-" "Mozilla/5.0 (compatible; bingbot/2.0; +http://www.bing.com/bingbot.htm)"
34.67.92.212 - - [20/Sep/2019:20:50:02 -0400] "GET / HTTP/1.1" 301 - "-" "Mozilla/5.0 (Windows NT 10.0; Win64; x64; rv:68.0) Gecko/20100101 Firefox/68.0"
34.67.92.212 - - [20/Sep/2019:20:50:03 -0400] "GET /api/3/action/site_read HTTP/1.1" 404 220 "-" "Mozilla/5.0 (Windows NT 10.0; Win64; x64; rv:68.0) Gecko/20100101 Firefox/68.0"
34.67.92.212 - - [20/Sep/2019:20:50:03 -0400] "GET /api/catalog/v1 HTTP/1.1" 404 212 "-" "Mozilla/5.0 (Windows NT 10.0; Win64; x64; rv:68.0) Gecko/20100101 Firefox/68.0"
34.67.92.212 - - [20/Sep/2019:20:50:03 -0400] "GET /api/v2 HTTP/1.1" 404 204 "-" "Mozilla/5.0 (Windows NT 10.0; Win64; x64; rv:68.0) Gecko/20100101 Firefox/68.0"
34.67.92.212 - - [20/Sep/2019:20:50:03 -0400] "GET /api/1/datasets/?page_size=1 HTTP/1.1" 404 213 "-" "Mozilla/5.0 (Windows NT 10.0; Win64; x64; rv:68.0) Gecko/20100101 Firefox/68.0"
34.67.92.212 - - [20/Sep/2019:20:50:03 -0400] "GET /manageDeveloper/create/ HTTP/1.1" 404 221 "-" "Mozilla/5.0 (Windows NT 10.0; Win64; x64; rv:68.0) Gecko/20100101 Firefox/68.0"
34.67.92.212 - - [20/Sep/2019:20:50:03 -0400] "GET /sparql.json?query=SELECT+%2A+WHERE+%7B%3Fs+%3Fp+%3Fo%7D+LIMIT+1 HTTP/1.1" 404 209 "-" "Mozilla/5.0 (Windows NT 10.0; Win64; x64; rv:68.0) Gecko/20100101 Firefox/68.0"
34.67.92.212 - - [20/Sep/2019:20:50:03 -0400] "GET /api/v2 HTTP/1.1" 404 204 "-" "Mozilla/5.0 (Windows NT 10.0; Win64; x64; rv:68.0) Gecko/20100101 Firefox/68.0"
40.77.167.50 - - [21/Sep/2019:08:37:12 -0400] "GET / HTTP/1.1" 301 - "-" "Mozilla/5.0 (compatible; bingbot/2.0; +http://www.bing.com/bingbot.htm)"
192.168.254.242 - - [21/Sep/2019:08:37:12 -0400] "POST /wp-cron.php?doing_wp_cron=1569069432.6301050186157226562500 HTTP/1.1" 200 - "http://hosting.digitaldatatechs.com/wp-cron.php?doing_wp_cron=1569069432.6301050186157226562500" "WordPress/5.2.3; https://hosting.digitaldatatechs.com"
183.253.80.121 - - [21/Sep/2019:12:52:01 -0400] "GET / HTTP/1.1" 301 - "-" "Mozilla/5.0 (iPhone; CPU iPhone OS 11_0 like Mac OS X) AppleWebKit/604.1.38 (KHTML, like Gecko) Version/11.0 Mobile/15A372 Safari/604.1"
157.55.39.0 - - [21/Sep/2019:21:50:44 -0400] "GET /robots.txt HTTP/1.1" 404 208 "-" "Mozilla/5.0 (compatible; bingbot/2.0; +http://www.bing.com/bingbot.htm)"
207.46.13.173 - - [21/Sep/2019:21:50:51 -0400] "GET / HTTP/1.1" 301 - "-" "Mozilla/5.0 (compatible; bingbot/2.0; +http://www.bing.com/bingbot.htm)"
192.168.254.242 - - [21/Sep/2019:21:50:51 -0400] "POST /wp-cron.php?doing_wp_cron=1569117051.8151400089263916015625 HTTP/1.1" 200 - "http://hosting.digitaldatatechs.com/wp-cron.php?doing_wp_cron=1569117051.8151400089263916015625" "WordPress/5.2.3; https://hosting.digitaldatatechs.com"
40.77.167.144 - - [22/Sep/2019:13:14:29 -0400] "GET / HTTP/1.1" 301 - "-" "Mozilla/5.0 (compatible; bingbot/2.0; +http://www.bing.com/bingbot.htm)"
192.168.254.242 - - [22/Sep/2019:13:14:30 -0400] "POST /wp-cron.php?doing_wp_cron=1569172469.9867761135101318359375 HTTP/1.1" 200 - "http://hosting.digitaldatatechs.com/wp-cron.php?doing_wp_cron=1569172469.9867761135101318359375" "WordPress/5.2.3; https://hosting.digitaldatatechs.com"
157.55.39.24 - - [24/Sep/2019:00:27:52 -0400] "GET /robots.txt HTTP/1.1" 404 208 "-" "Mozilla/5.0 (compatible; bingbot/2.0; +http://www.bing.com/bingbot.htm)"
40.77.167.162 - - [24/Sep/2019:00:27:56 -0400] "GET / HTTP/1.1" 301 - "-" "Mozilla/5.0 (compatible; bingbot/2.0; +http://www.bing.com/bingbot.htm)"
192.168.254.242 - - [24/Sep/2019:00:27:56 -0400] "POST /wp-cron.php?doing_wp_cron=1569299276.7994670867919921875000 HTTP/1.1" 200 - "http://hosting.digitaldatatechs.com/wp-cron.php?doing_wp_cron=1569299276.7994670867919921875000" "WordPress/5.2.3; https://hosting.digitaldatatechs.com"
207.46.13.94 - - [24/Sep/2019:15:10:41 -0400] "GET / HTTP/1.1" 301 - "-" "Mozilla/5.0 (compatible; bingbot/2.0; +http://www.bing.com/bingbot.htm)"
192.168.254.242 - - [24/Sep/2019:15:10:41 -0400] "POST /wp-cron.php?doing_wp_cron=1569352241.6435580253601074218750 HTTP/1.1" 200 - "http://hosting.digitaldatatechs.com/wp-cron.php?doing_wp_cron=1569352241.6435580253601074218750" "WordPress/5.2.3; https://hosting.digitaldatatechs.com"
45.93.20.4 - - [25/Sep/2019:01:00:13 -0400] "HEAD / HTTP/1.1" 301 - "-" "Mozilla/5.0 (X11; U; Linux x86_64; de; rv:1.9.2.8) Gecko/20100723 Ubuntu/10.04 (lucid) Firefox/3.6.8"
192.168.254.242 - - [25/Sep/2019:01:00:13 -0400] "POST /wp-cron.php?doing_wp_cron=1569387613.5260939598083496093750 HTTP/1.1" 200 - "http://hosting.digitaldatatechs.com/wp-cron.php?doing_wp_cron=1569387613.5260939598083496093750" "WordPress/5.2.3; https://hosting.digitaldatatechs.com"
45.93.20.4 - - [25/Sep/2019:01:00:16 -0400] "HEAD /forum/ HTTP/1.1" 404 - "-" "Mozilla/5.0 (X11; U; Linux x86_64; de; rv:1.9.2.8) Gecko/20100723 Ubuntu/10.04 (lucid) Firefox/3.6.8"
45.93.20.4 - - [25/Sep/2019:01:00:17 -0400] "HEAD /forums/ HTTP/1.1" 404 - "-" "Mozilla/5.0 (X11; U; Linux x86_64; de; rv:1.9.2.8) Gecko/20100723 Ubuntu/10.04 (lucid) Firefox/3.6.8"
45.93.20.4 - - [25/Sep/2019:01:00:18 -0400] "HEAD /vb/ HTTP/1.1" 404 - "-" "Mozilla/5.0 (X11; U; Linux x86_64; de; rv:1.9.2.8) Gecko/20100723 Ubuntu/10.04 (lucid) Firefox/3.6.8"
45.93.20.4 - - [25/Sep/2019:01:00:18 -0400] "HEAD /vbulletin/ HTTP/1.1" 404 - "-" "Mozilla/5.0 (X11; U; Linux x86_64; de; rv:1.9.2.8) Gecko/20100723 Ubuntu/10.04 (lucid) Firefox/3.6.8"
45.93.20.4 - - [25/Sep/2019:01:00:19 -0400] "HEAD /vb5/ HTTP/1.1" 404 - "-" "Mozilla/5.0 (X11; U; Linux x86_64; de; rv:1.9.2.8) Gecko/20100723 Ubuntu/10.04 (lucid) Firefox/3.6.8"
45.93.20.4 - - [25/Sep/2019:01:00:20 -0400] "HEAD /vbulletin5/ HTTP/1.1" 404 - "-" "Mozilla/5.0 (X11; U; Linux x86_64; de; rv:1.9.2.8) Gecko/20100723 Ubuntu/10.04 (lucid) Firefox/3.6.8"
40.77.167.125 - - [25/Sep/2019:02:37:25 -0400] "GET / HTTP/1.1" 301 - "-" "Mozilla/5.0 (compatible; bingbot/2.0; +http://www.bing.com/bingbot.htm)"
192.168.254.242 - - [25/Sep/2019:02:37:26 -0400] "POST /wp-cron.php?doing_wp_cron=1569393446.3937199115753173828125 HTTP/1.1" 200 - "http://hosting.digitaldatatechs.com/wp-cron.php?doing_wp_cron=1569393446.3937199115753173828125" "WordPress/5.2.3; https://hosting.digitaldatatechs.com"
157.55.39.37 - - [25/Sep/2019:17:01:04 -0400] "GET /robots.txt HTTP/1.1" 404 208 "-" "Mozilla/5.0 (compatible; bingbot/2.0; +http://www.bing.com/bingbot.htm)"
40.77.167.85 - - [26/Sep/2019:05:52:11 -0400] "GET / HTTP/1.1" 301 - "-" "Mozilla/5.0 (compatible; bingbot/2.0; +http://www.bing.com/bingbot.htm)"
192.168.254.242 - - [26/Sep/2019:05:52:11 -0400] "POST /wp-cron.php?doing_wp_cron=1569491531.5575020313262939453125 HTTP/1.1" 200 - "http://hosting.digitaldatatechs.com/wp-cron.php?doing_wp_cron=1569491531.5575020313262939453125" "WordPress/5.2.3; https://hosting.digitaldatatechs.com"
157.55.39.246 - - [26/Sep/2019:19:00:41 -0400] "GET / HTTP/1.1" 301 - "-" "Mozilla/5.0 (compatible; bingbot/2.0; +http://www.bing.com/bingbot.htm)"
66.249.75.171 - - [26/Sep/2019:20:00:01 -0400] "GET /robots.txt HTTP/1.1" 404 208 "-" "Mozilla/5.0 (compatible; Googlebot/2.1; +http://www.google.com/bot.html)"
66.249.75.171 - - [26/Sep/2019:20:00:01 -0400] "GET /oujdosnar.html HTTP/1.1" 404 212 "-" "Mozilla/5.0 (compatible; Googlebot/2.1; +http://www.google.com/bot.html)"
192.168.254.242 - - [27/Sep/2019:09:52:09 -0400] "POST /wp-cron.php?doing_wp_cron=1569592329.2358748912811279296875 HTTP/1.1" 200 - "http://hosting.digitaldatatechs.com/wp-cron.php?doing_wp_cron=1569592329.2358748912811279296875" "WordPress/5.2.3; https://hosting.digitaldatatechs.com"
207.46.13.128 - - [27/Sep/2019:09:52:08 -0400] "GET / HTTP/1.1" 301 - "-" "Mozilla/5.0 (compatible; bingbot/2.0; +http://www.bing.com/bingbot.htm)"
157.55.39.29 - - [27/Sep/2019:22:17:49 -0400] "GET /robots.txt HTTP/1.1" 404 208 "-" "Mozilla/5.0 (compatible; bingbot/2.0; +http://www.bing.com/bingbot.htm)"
157.55.39.239 - - [27/Sep/2019:22:17:51 -0400] "GET / HTTP/1.1" 301 - "-" "Mozilla/5.0 (compatible; bingbot/2.0; +http://www.bing.com/bingbot.htm)"
192.168.254.242 - - [27/Sep/2019:22:17:51 -0400] "POST /wp-cron.php?doing_wp_cron=1569637071.5304610729217529296875 HTTP/1.1" 200 - "http://hosting.digitaldatatechs.com/wp-cron.php?doing_wp_cron=1569637071.5304610729217529296875" "WordPress/5.2.3; https://hosting.digitaldatatechs.com"
40.77.167.90 - - [28/Sep/2019:13:06:37 -0400] "GET / HTTP/1.1" 301 - "-" "Mozilla/5.0 (compatible; bingbot/2.0; +http://www.bing.com/bingbot.htm)"
192.168.254.242 - - [28/Sep/2019:13:06:38 -0400] "POST /wp-cron.php?doing_wp_cron=1569690398.1725280284881591796875 HTTP/1.1" 200 - "http://hosting.digitaldatatechs.com/wp-cron.php?doing_wp_cron=1569690398.1725280284881591796875" "WordPress/5.2.3; https://hosting.digitaldatatechs.com"
40.77.167.49 - - [29/Sep/2019:01:32:45 -0400] "GET / HTTP/1.1" 301 - "-" "Mozilla/5.0 (compatible; bingbot/2.0; +http://www.bing.com/bingbot.htm)"
192.168.254.242 - - [29/Sep/2019:01:32:46 -0400] "POST /wp-cron.php?doing_wp_cron=1569735166.0125310420989990234375 HTTP/1.1" 200 - "http://hosting.digitaldatatechs.com/wp-cron.php?doing_wp_cron=1569735166.0125310420989990234375" "WordPress/5.2.3; https://hosting.digitaldatatechs.com"
192.168.254.242 - - [29/Sep/2019:07:49:56 -0400] "POST /wp-cron.php?doing_wp_cron=1569757796.1517529487609863281250 HTTP/1.1" 200 - "http://hosting.digitaldatatechs.com/wp-cron.php?doing_wp_cron=1569757796.1517529487609863281250" "WordPress/5.2.3; https://hosting.digitaldatatechs.com"
45.93.20.4 - - [29/Sep/2019:07:49:55 -0400] "HEAD / HTTP/1.1" 301 - "-" "Mozilla/5.0 (X11; U; Linux x86_64; de; rv:1.9.2.8) Gecko/20100723 Ubuntu/10.04 (lucid) Firefox/3.6.8"
45.93.20.4 - - [29/Sep/2019:07:49:59 -0400] "HEAD /wp/ HTTP/1.1" 404 - "-" "Mozilla/5.0 (X11; U; Linux x86_64; de; rv:1.9.2.8) Gecko/20100723 Ubuntu/10.04 (lucid) Firefox/3.6.8"
45.93.20.4 - - [29/Sep/2019:07:49:59 -0400] "HEAD /wordpress/ HTTP/1.1" 404 - "-" "Mozilla/5.0 (X11; U; Linux x86_64; de; rv:1.9.2.8) Gecko/20100723 Ubuntu/10.04 (lucid) Firefox/3.6.8"
45.93.20.4 - - [29/Sep/2019:07:49:59 -0400] "HEAD /blog/ HTTP/1.1" 404 - "-" "Mozilla/5.0 (X11; U; Linux x86_64; de; rv:1.9.2.8) Gecko/20100723 Ubuntu/10.04 (lucid) Firefox/3.6.8"
157.55.39.220 - - [29/Sep/2019:16:57:39 -0400] "GET / HTTP/1.1" 301 - "-" "Mozilla/5.0 (compatible; bingbot/2.0; +http://www.bing.com/bingbot.htm)"
192.168.254.242 - - [29/Sep/2019:16:57:39 -0400] "POST /wp-cron.php?doing_wp_cron=1569790659.6750071048736572265625 HTTP/1.1" 200 - "http://hosting.digitaldatatechs.com/wp-cron.php?doing_wp_cron=1569790659.6750071048736572265625" "WordPress/5.2.3; https://hosting.digitaldatatechs.com"
157.55.39.25 - - [30/Sep/2019:06:40:11 -0400] "GET /robots.txt HTTP/1.1" 404 208 "-" "Mozilla/5.0 (compatible; bingbot/2.0; +http://www.bing.com/bingbot.htm)"
157.55.39.59 - - [30/Sep/2019:06:40:16 -0400] "GET / HTTP/1.1" 301 - "-" "Mozilla/5.0 (compatible; bingbot/2.0; +http://www.bing.com/bingbot.htm)"
157.55.39.41 - - [30/Sep/2019:19:05:49 -0400] "GET /robots.txt HTTP/1.1" 404 208 "-" "Mozilla/5.0 (compatible; bingbot/2.0; +http://www.bing.com/bingbot.htm)"
192.168.254.242 - - [30/Sep/2019:19:11:34 -0400] "POST /wp-cron.php?doing_wp_cron=1569885094.4837939739227294921875 HTTP/1.1" 200 - "http://hosting.digitaldatatechs.com/wp-cron.php?doing_wp_cron=1569885094.4837939739227294921875" "WordPress/5.2.3; https://hosting.digitaldatatechs.com"
157.55.39.194 - - [30/Sep/2019:19:11:34 -0400] "GET / HTTP/1.1" 301 - "-" "Mozilla/5.0 (compatible; bingbot/2.0; +http://www.bing.com/bingbot.htm)"
157.55.39.122 - - [01/Oct/2019:10:52:04 -0400] "GET / HTTP/1.1" 301 - "-" "Mozilla/5.0 (compatible; bingbot/2.0; +http://www.bing.com/bingbot.htm)"
157.55.39.244 - - [01/Oct/2019:23:56:20 -0400] "GET / HTTP/1.1" 301 - "-" "Mozilla/5.0 (compatible; bingbot/2.0; +http://www.bing.com/bingbot.htm)"
195.229.121.98 - - [02/Oct/2019:08:17:36 -0400] "GET / HTTP/1.1" 301 - "-" "Mozilla/5.0 (X11; Linux x86_64) AppleWebKit/537.31 (KHTML, like Gecko) Chrome/26.0.1410.63 Safari/537.31"
192.168.254.242 - - [02/Oct/2019:08:17:37 -0400] "POST /wp-cron.php?doing_wp_cron=1570018657.1327879428863525390625 HTTP/1.1" 200 - "http://hosting.digitaldatatechs.com/wp-cron.php?doing_wp_cron=1570018657.1327879428863525390625" "WordPress/5.2.3; https://hosting.digitaldatatechs.com"
195.229.121.98 - - [02/Oct/2019:08:17:41 -0400] "GET //blog/ HTTP/1.1" 404 203 "-" "Mozilla/5.0 (X11; Linux x86_64) AppleWebKit/537.31 (KHTML, like Gecko) Chrome/26.0.1410.63 Safari/537.31"
