192.168.254.251 - - [07/Apr/2019:10:20:11 -0400] "GET /wp-content/plugins/woocommerce/assets/css/admin.css?ver=3.5.7 HTTP/1.1" 304 - "http://hosting.digitaldatatechs.com/wp-admin/admin.php?page=wc-status" "Mozilla/5.0 (Windows NT 10.0; Win64; x64) AppleWebKit/537.36 (KHTML, like Gecko) Chrome/73.0.3683.103 Safari/537.36"
192.168.254.251 - - [07/Apr/2019:10:20:11 -0400] "GET /wp-content/plugins/woocommerce/assets/css/jquery-ui/jquery-ui.min.css?ver=3.5.7 HTTP/1.1" 304 - "http://hosting.digitaldatatechs.com/wp-admin/admin.php?page=wc-status" "Mozilla/5.0 (Windows NT 10.0; Win64; x64) AppleWebKit/537.36 (KHTML, like Gecko) Chrome/73.0.3683.103 Safari/537.36"
192.168.254.251 - - [07/Apr/2019:10:20:11 -0400] "GET /wp-content/plugins/woocommerce/assets/css/activation.css?ver=3.5.7 HTTP/1.1" 304 - "http://hosting.digitaldatatechs.com/wp-admin/admin.php?page=wc-status" "Mozilla/5.0 (Windows NT 10.0; Win64; x64) AppleWebKit/537.36 (KHTML, like Gecko) Chrome/73.0.3683.103 Safari/537.36"
192.168.254.251 - - [07/Apr/2019:10:20:11 -0400] "GET /wp-content/plugins/woocommerce/assets/js/jquery-blockui/jquery.blockUI.min.js?ver=2.70 HTTP/1.1" 304 - "http://hosting.digitaldatatechs.com/wp-admin/admin.php?page=wc-status" "Mozilla/5.0 (Windows NT 10.0; Win64; x64) AppleWebKit/537.36 (KHTML, like Gecko) Chrome/73.0.3683.103 Safari/537.36"
192.168.254.251 - - [07/Apr/2019:10:20:11 -0400] "GET /wp-content/plugins/woocommerce/assets/js/jquery-tiptip/jquery.tipTip.min.js?ver=3.5.7 HTTP/1.1" 304 - "http://hosting.digitaldatatechs.com/wp-admin/admin.php?page=wc-status" "Mozilla/5.0 (Windows NT 10.0; Win64; x64) AppleWebKit/537.36 (KHTML, like Gecko) Chrome/73.0.3683.103 Safari/537.36"
192.168.254.251 - - [07/Apr/2019:10:20:11 -0400] "GET /wp-content/plugins/woocommerce/assets/js/admin/system-status.min.js?ver=3.5.7 HTTP/1.1" 200 1811 "http://hosting.digitaldatatechs.com/wp-admin/admin.php?page=wc-status" "Mozilla/5.0 (Windows NT 10.0; Win64; x64) AppleWebKit/537.36 (KHTML, like Gecko) Chrome/73.0.3683.103 Safari/537.36"
192.168.254.251 - - [07/Apr/2019:10:20:11 -0400] "GET /wp-content/plugins/woocommerce/assets/js/admin/woocommerce_admin.min.js?ver=3.5.7 HTTP/1.1" 304 - "http://hosting.digitaldatatechs.com/wp-admin/admin.php?page=wc-status" "Mozilla/5.0 (Windows NT 10.0; Win64; x64) AppleWebKit/537.36 (KHTML, like Gecko) Chrome/73.0.3683.103 Safari/537.36"
192.168.254.251 - - [07/Apr/2019:10:20:11 -0400] "GET /wp-content/plugins/woocommerce/assets/js/selectWoo/selectWoo.full.min.js?ver=1.0.4 HTTP/1.1" 304 - "http://hosting.digitaldatatechs.com/wp-admin/admin.php?page=wc-status" "Mozilla/5.0 (Windows NT 10.0; Win64; x64) AppleWebKit/537.36 (KHTML, like Gecko) Chrome/73.0.3683.103 Safari/537.36"
192.168.254.251 - - [07/Apr/2019:10:20:11 -0400] "GET /wp-content/plugins/woocommerce/assets/js/admin/wc-enhanced-select.min.js?ver=3.5.7 HTTP/1.1" 304 - "http://hosting.digitaldatatechs.com/wp-admin/admin.php?page=wc-status" "Mozilla/5.0 (Windows NT 10.0; Win64; x64) AppleWebKit/537.36 (KHTML, like Gecko) Chrome/73.0.3683.103 Safari/537.36"
192.168.254.251 - - [07/Apr/2019:10:20:11 -0400] "GET /wp-content/plugins/woocommerce/assets/js/admin/wc-clipboard.min.js?ver=3.5.7 HTTP/1.1" 304 - "http://hosting.digitaldatatechs.com/wp-admin/admin.php?page=wc-status" "Mozilla/5.0 (Windows NT 10.0; Win64; x64) AppleWebKit/537.36 (KHTML, like Gecko) Chrome/73.0.3683.103 Safari/537.36"
192.168.254.251 - - [07/Apr/2019:10:20:11 -0400] "GET /wp-content/plugins/woocommerce/assets/fonts/WooCommerce.woff HTTP/1.1" 304 - "http://hosting.digitaldatatechs.com/wp-content/plugins/woocommerce/assets/css/menu.css?ver=3.5.7" "Mozilla/5.0 (Windows NT 10.0; Win64; x64) AppleWebKit/537.36 (KHTML, like Gecko) Chrome/73.0.3683.103 Safari/537.36"
192.168.254.251 - - [07/Apr/2019:10:20:33 -0400] "GET /wp-admin/admin.php?page=wc-setup HTTP/1.1" 200 62557 "http://hosting.digitaldatatechs.com/wp-admin/admin.php?page=wc-status" "Mozilla/5.0 (Windows NT 10.0; Win64; x64) AppleWebKit/537.36 (KHTML, like Gecko) Chrome/73.0.3683.103 Safari/537.36"
192.168.254.251 - - [07/Apr/2019:10:20:33 -0400] "GET /wp-includes/js/jquery/jquery.js?ver=1.12.4 HTTP/1.1" 304 - "http://hosting.digitaldatatechs.com/wp-admin/admin.php?page=wc-setup" "Mozilla/5.0 (Windows NT 10.0; Win64; x64) AppleWebKit/537.36 (KHTML, like Gecko) Chrome/73.0.3683.103 Safari/537.36"
192.168.254.251 - - [07/Apr/2019:10:20:33 -0400] "GET /wp-includes/js/jquery/jquery-migrate.min.js?ver=1.4.1 HTTP/1.1" 304 - "http://hosting.digitaldatatechs.com/wp-admin/admin.php?page=wc-setup" "Mozilla/5.0 (Windows NT 10.0; Win64; x64) AppleWebKit/537.36 (KHTML, like Gecko) Chrome/73.0.3683.103 Safari/537.36"
192.168.254.251 - - [07/Apr/2019:10:20:33 -0400] "GET /wp-content/plugins/woocommerce/assets/js/admin/wc-enhanced-select.min.js?ver=3.5.7 HTTP/1.1" 304 - "http://hosting.digitaldatatechs.com/wp-admin/admin.php?page=wc-setup" "Mozilla/5.0 (Windows NT 10.0; Win64; x64) AppleWebKit/537.36 (KHTML, like Gecko) Chrome/73.0.3683.103 Safari/537.36"
192.168.254.251 - - [07/Apr/2019:10:20:33 -0400] "GET /wp-content/plugins/woocommerce/assets/js/selectWoo/selectWoo.full.min.js?ver=1.0.4 HTTP/1.1" 304 - "http://hosting.digitaldatatechs.com/wp-admin/admin.php?page=wc-setup" "Mozilla/5.0 (Windows NT 10.0; Win64; x64) AppleWebKit/537.36 (KHTML, like Gecko) Chrome/73.0.3683.103 Safari/537.36"
192.168.254.251 - - [07/Apr/2019:10:20:33 -0400] "GET /wp-content/plugins/woocommerce/assets/js/jquery-blockui/jquery.blockUI.min.js?ver=2.70 HTTP/1.1" 304 - "http://hosting.digitaldatatechs.com/wp-admin/admin.php?page=wc-setup" "Mozilla/5.0 (Windows NT 10.0; Win64; x64) AppleWebKit/537.36 (KHTML, like Gecko) Chrome/73.0.3683.103 Safari/537.36"
192.168.254.251 - - [07/Apr/2019:10:20:33 -0400] "GET /wp-content/plugins/woocommerce/assets/js/admin/wc-setup.min.js?ver=3.5.7 HTTP/1.1" 200 5251 "http://hosting.digitaldatatechs.com/wp-admin/admin.php?page=wc-setup" "Mozilla/5.0 (Windows NT 10.0; Win64; x64) AppleWebKit/537.36 (KHTML, like Gecko) Chrome/73.0.3683.103 Safari/537.36"
192.168.254.251 - - [07/Apr/2019:10:20:33 -0400] "GET /wp-content/plugins/woocommerce/assets/js/jquery-tiptip/jquery.tipTip.min.js?ver=3.5.7 HTTP/1.1" 304 - "http://hosting.digitaldatatechs.com/wp-admin/admin.php?page=wc-setup" "Mozilla/5.0 (Windows NT 10.0; Win64; x64) AppleWebKit/537.36 (KHTML, like Gecko) Chrome/73.0.3683.103 Safari/537.36"
192.168.254.251 - - [07/Apr/2019:10:20:33 -0400] "GET /wp-admin/load-styles.php?c=1&dir=ltr&load%5B%5D=dashicons,admin-bar,wp-auth-check,buttons,install&ver=5.1.1 HTTP/1.1" 200 80915 "http://hosting.digitaldatatechs.com/wp-admin/admin.php?page=wc-setup" "Mozilla/5.0 (Windows NT 10.0; Win64; x64) AppleWebKit/537.36 (KHTML, like Gecko) Chrome/73.0.3683.103 Safari/537.36"
192.168.254.251 - - [07/Apr/2019:10:20:33 -0400] "GET /wp-content/plugins/woocommerce/assets/css/menu.css?ver=3.5.7 HTTP/1.1" 304 - "http://hosting.digitaldatatechs.com/wp-admin/admin.php?page=wc-setup" "Mozilla/5.0 (Windows NT 10.0; Win64; x64) AppleWebKit/537.36 (KHTML, like Gecko) Chrome/73.0.3683.103 Safari/537.36"
192.168.254.251 - - [07/Apr/2019:10:20:33 -0400] "GET /wp-content/plugins/woocommerce/assets/css/admin.css?ver=3.5.7 HTTP/1.1" 304 - "http://hosting.digitaldatatechs.com/wp-admin/admin.php?page=wc-setup" "Mozilla/5.0 (Windows NT 10.0; Win64; x64) AppleWebKit/537.36 (KHTML, like Gecko) Chrome/73.0.3683.103 Safari/537.36"
192.168.254.251 - - [07/Apr/2019:10:20:33 -0400] "GET /wp-content/plugins/woocommerce/assets/css/wc-setup.css?ver=3.5.7 HTTP/1.1" 200 28356 "http://hosting.digitaldatatechs.com/wp-admin/admin.php?page=wc-setup" "Mozilla/5.0 (Windows NT 10.0; Win64; x64) AppleWebKit/537.36 (KHTML, like Gecko) Chrome/73.0.3683.103 Safari/537.36"
192.168.254.251 - - [07/Apr/2019:10:20:33 -0400] "GET /wp-content/plugins/woocommerce/assets/images/woocommerce_logo.png HTTP/1.1" 200 5973 "http://hosting.digitaldatatechs.com/wp-admin/admin.php?page=wc-setup" "Mozilla/5.0 (Windows NT 10.0; Win64; x64) AppleWebKit/537.36 (KHTML, like Gecko) Chrome/73.0.3683.103 Safari/537.36"
192.168.254.251 - - [07/Apr/2019:10:20:54 -0400] "GET /wp-content/plugins/woocommerce/assets/images/icons/loader.svg HTTP/1.1" 200 553 "http://hosting.digitaldatatechs.com/wp-content/plugins/woocommerce/assets/css/admin.css?ver=3.5.7" "Mozilla/5.0 (Windows NT 10.0; Win64; x64) AppleWebKit/537.36 (KHTML, like Gecko) Chrome/73.0.3683.103 Safari/537.36"
192.168.254.251 - - [07/Apr/2019:10:20:54 -0400] "POST /wp-admin/admin.php?page=wc-setup HTTP/1.1" 302 - "http://hosting.digitaldatatechs.com/wp-admin/admin.php?page=wc-setup" "Mozilla/5.0 (Windows NT 10.0; Win64; x64) AppleWebKit/537.36 (KHTML, like Gecko) Chrome/73.0.3683.103 Safari/537.36"
192.168.254.251 - - [07/Apr/2019:10:20:54 -0400] "GET /wp-admin/admin.php?page=wc-setup&step=payment HTTP/1.1" 200 39667 "http://hosting.digitaldatatechs.com/wp-admin/admin.php?page=wc-setup" "Mozilla/5.0 (Windows NT 10.0; Win64; x64) AppleWebKit/537.36 (KHTML, like Gecko) Chrome/73.0.3683.103 Safari/537.36"
192.168.254.251 - - [07/Apr/2019:10:20:54 -0400] "GET /wp-content/plugins/woocommerce/assets/js/selectWoo/selectWoo.full.min.js?ver=1.0.4 HTTP/1.1" 304 - "http://hosting.digitaldatatechs.com/wp-admin/admin.php?page=wc-setup&step=payment" "Mozilla/5.0 (Windows NT 10.0; Win64; x64) AppleWebKit/537.36 (KHTML, like Gecko) Chrome/73.0.3683.103 Safari/537.36"
192.168.254.251 - - [07/Apr/2019:10:20:54 -0400] "GET /wp-content/plugins/woocommerce/assets/js/admin/wc-enhanced-select.min.js?ver=3.5.7 HTTP/1.1" 304 - "http://hosting.digitaldatatechs.com/wp-admin/admin.php?page=wc-setup&step=payment" "Mozilla/5.0 (Windows NT 10.0; Win64; x64) AppleWebKit/537.36 (KHTML, like Gecko) Chrome/73.0.3683.103 Safari/537.36"
192.168.254.251 - - [07/Apr/2019:10:20:54 -0400] "GET /wp-content/plugins/woocommerce/assets/js/jquery-tiptip/jquery.tipTip.min.js?ver=3.5.7 HTTP/1.1" 304 - "http://hosting.digitaldatatechs.com/wp-admin/admin.php?page=wc-setup&step=payment" "Mozilla/5.0 (Windows NT 10.0; Win64; x64) AppleWebKit/537.36 (KHTML, like Gecko) Chrome/73.0.3683.103 Safari/537.36"
192.168.254.251 - - [07/Apr/2019:10:20:54 -0400] "GET /wp-content/plugins/woocommerce/assets/js/admin/wc-setup.min.js?ver=3.5.7 HTTP/1.1" 304 - "http://hosting.digitaldatatechs.com/wp-admin/admin.php?page=wc-setup&step=payment" "Mozilla/5.0 (Windows NT 10.0; Win64; x64) AppleWebKit/537.36 (KHTML, like Gecko) Chrome/73.0.3683.103 Safari/537.36"
192.168.254.251 - - [07/Apr/2019:10:20:54 -0400] "GET /wp-content/plugins/woocommerce/assets/js/jquery-blockui/jquery.blockUI.min.js?ver=2.70 HTTP/1.1" 304 - "http://hosting.digitaldatatechs.com/wp-admin/admin.php?page=wc-setup&step=payment" "Mozilla/5.0 (Windows NT 10.0; Win64; x64) AppleWebKit/537.36 (KHTML, like Gecko) Chrome/73.0.3683.103 Safari/537.36"
192.168.254.251 - - [07/Apr/2019:10:20:54 -0400] "GET /wp-content/plugins/woocommerce/assets/css/menu.css?ver=3.5.7 HTTP/1.1" 304 - "http://hosting.digitaldatatechs.com/wp-admin/admin.php?page=wc-setup&step=payment" "Mozilla/5.0 (Windows NT 10.0; Win64; x64) AppleWebKit/537.36 (KHTML, like Gecko) Chrome/73.0.3683.103 Safari/537.36"
192.168.254.251 - - [07/Apr/2019:10:20:54 -0400] "GET /wp-content/plugins/woocommerce/assets/css/wc-setup.css?ver=3.5.7 HTTP/1.1" 304 - "http://hosting.digitaldatatechs.com/wp-admin/admin.php?page=wc-setup&step=payment" "Mozilla/5.0 (Windows NT 10.0; Win64; x64) AppleWebKit/537.36 (KHTML, like Gecko) Chrome/73.0.3683.103 Safari/537.36"
192.168.254.251 - - [07/Apr/2019:10:20:54 -0400] "GET /wp-content/plugins/woocommerce/assets/css/admin.css?ver=3.5.7 HTTP/1.1" 304 - "http://hosting.digitaldatatechs.com/wp-admin/admin.php?page=wc-setup&step=payment" "Mozilla/5.0 (Windows NT 10.0; Win64; x64) AppleWebKit/537.36 (KHTML, like Gecko) Chrome/73.0.3683.103 Safari/537.36"
192.168.254.251 - - [07/Apr/2019:10:20:54 -0400] "GET /wp-content/plugins/woocommerce/assets/images/stripe.png HTTP/1.1" 200 19084 "http://hosting.digitaldatatechs.com/wp-admin/admin.php?page=wc-setup&step=payment" "Mozilla/5.0 (Windows NT 10.0; Win64; x64) AppleWebKit/537.36 (KHTML, like Gecko) Chrome/73.0.3683.103 Safari/537.36"
192.168.254.251 - - [07/Apr/2019:10:20:54 -0400] "GET /wp-content/plugins/woocommerce/assets/images/woocommerce_logo.png HTTP/1.1" 304 - "http://hosting.digitaldatatechs.com/wp-admin/admin.php?page=wc-setup&step=payment" "Mozilla/5.0 (Windows NT 10.0; Win64; x64) AppleWebKit/537.36 (KHTML, like Gecko) Chrome/73.0.3683.103 Safari/537.36"
192.168.254.251 - - [07/Apr/2019:10:20:54 -0400] "GET /wp-content/plugins/woocommerce/assets/images/paypal.png HTTP/1.1" 200 46126 "http://hosting.digitaldatatechs.com/wp-admin/admin.php?page=wc-setup&step=payment" "Mozilla/5.0 (Windows NT 10.0; Win64; x64) AppleWebKit/537.36 (KHTML, like Gecko) Chrome/73.0.3683.103 Safari/537.36"
192.168.254.251 - - [07/Apr/2019:10:21:14 -0400] "GET /wp-content/plugins/woocommerce/assets/images/icons/loader.svg HTTP/1.1" 304 - "http://hosting.digitaldatatechs.com/wp-content/plugins/woocommerce/assets/css/admin.css?ver=3.5.7" "Mozilla/5.0 (Windows NT 10.0; Win64; x64) AppleWebKit/537.36 (KHTML, like Gecko) Chrome/73.0.3683.103 Safari/537.36"
192.168.254.251 - - [07/Apr/2019:10:21:15 -0400] "GET /wp-admin/admin.php?page=wc-setup&step=shipping HTTP/1.1" 200 38506 "http://hosting.digitaldatatechs.com/wp-admin/admin.php?page=wc-setup&step=payment" "Mozilla/5.0 (Windows NT 10.0; Win64; x64) AppleWebKit/537.36 (KHTML, like Gecko) Chrome/73.0.3683.103 Safari/537.36"
192.168.254.251 - - [07/Apr/2019:10:21:15 -0400] "GET /wp-content/plugins/woocommerce/assets/js/admin/wc-enhanced-select.min.js?ver=3.5.7 HTTP/1.1" 304 - "http://hosting.digitaldatatechs.com/wp-admin/admin.php?page=wc-setup&step=shipping" "Mozilla/5.0 (Windows NT 10.0; Win64; x64) AppleWebKit/537.36 (KHTML, like Gecko) Chrome/73.0.3683.103 Safari/537.36"
192.168.254.251 - - [07/Apr/2019:10:21:15 -0400] "GET /wp-content/plugins/woocommerce/assets/js/jquery-blockui/jquery.blockUI.min.js?ver=2.70 HTTP/1.1" 304 - "http://hosting.digitaldatatechs.com/wp-admin/admin.php?page=wc-setup&step=shipping" "Mozilla/5.0 (Windows NT 10.0; Win64; x64) AppleWebKit/537.36 (KHTML, like Gecko) Chrome/73.0.3683.103 Safari/537.36"
192.168.254.251 - - [07/Apr/2019:10:21:15 -0400] "GET /wp-content/plugins/woocommerce/assets/js/selectWoo/selectWoo.full.min.js?ver=1.0.4 HTTP/1.1" 304 - "http://hosting.digitaldatatechs.com/wp-admin/admin.php?page=wc-setup&step=shipping" "Mozilla/5.0 (Windows NT 10.0; Win64; x64) AppleWebKit/537.36 (KHTML, like Gecko) Chrome/73.0.3683.103 Safari/537.36"
192.168.254.251 - - [07/Apr/2019:10:21:15 -0400] "GET /wp-content/plugins/woocommerce/assets/js/jquery-tiptip/jquery.tipTip.min.js?ver=3.5.7 HTTP/1.1" 304 - "http://hosting.digitaldatatechs.com/wp-admin/admin.php?page=wc-setup&step=shipping" "Mozilla/5.0 (Windows NT 10.0; Win64; x64) AppleWebKit/537.36 (KHTML, like Gecko) Chrome/73.0.3683.103 Safari/537.36"
192.168.254.251 - - [07/Apr/2019:10:21:15 -0400] "GET /wp-content/plugins/woocommerce/assets/js/admin/wc-setup.min.js?ver=3.5.7 HTTP/1.1" 304 - "http://hosting.digitaldatatechs.com/wp-admin/admin.php?page=wc-setup&step=shipping" "Mozilla/5.0 (Windows NT 10.0; Win64; x64) AppleWebKit/537.36 (KHTML, like Gecko) Chrome/73.0.3683.103 Safari/537.36"
192.168.254.251 - - [07/Apr/2019:10:21:15 -0400] "GET /wp-content/plugins/woocommerce/assets/css/menu.css?ver=3.5.7 HTTP/1.1" 304 - "http://hosting.digitaldatatechs.com/wp-admin/admin.php?page=wc-setup&step=shipping" "Mozilla/5.0 (Windows NT 10.0; Win64; x64) AppleWebKit/537.36 (KHTML, like Gecko) Chrome/73.0.3683.103 Safari/537.36"
192.168.254.251 - - [07/Apr/2019:10:21:15 -0400] "GET /wp-content/plugins/woocommerce/assets/css/admin.css?ver=3.5.7 HTTP/1.1" 304 - "http://hosting.digitaldatatechs.com/wp-admin/admin.php?page=wc-setup&step=shipping" "Mozilla/5.0 (Windows NT 10.0; Win64; x64) AppleWebKit/537.36 (KHTML, like Gecko) Chrome/73.0.3683.103 Safari/537.36"
192.168.254.251 - - [07/Apr/2019:10:21:15 -0400] "GET /wp-content/plugins/woocommerce/assets/css/wc-setup.css?ver=3.5.7 HTTP/1.1" 304 - "http://hosting.digitaldatatechs.com/wp-admin/admin.php?page=wc-setup&step=shipping" "Mozilla/5.0 (Windows NT 10.0; Win64; x64) AppleWebKit/537.36 (KHTML, like Gecko) Chrome/73.0.3683.103 Safari/537.36"
192.168.254.251 - - [07/Apr/2019:10:21:16 -0400] "GET /wp-content/plugins/woocommerce/assets/images/woocommerce_logo.png HTTP/1.1" 304 - "http://hosting.digitaldatatechs.com/wp-admin/admin.php?page=wc-setup&step=shipping" "Mozilla/5.0 (Windows NT 10.0; Win64; x64) AppleWebKit/537.36 (KHTML, like Gecko) Chrome/73.0.3683.103 Safari/537.36"
192.168.254.251 - - [07/Apr/2019:10:21:16 -0400] "GET /wp-content/plugins/woocommerce/assets/images/obw-woocommerce-services-icon.png HTTP/1.1" 200 3684 "http://hosting.digitaldatatechs.com/wp-admin/admin.php?page=wc-setup&step=shipping" "Mozilla/5.0 (Windows NT 10.0; Win64; x64) AppleWebKit/537.36 (KHTML, like Gecko) Chrome/73.0.3683.103 Safari/537.36"
192.168.254.242 - - [07/Apr/2019:10:21:14 -0400] "POST /wp-cron.php?doing_wp_cron=1554646874.5998361110687255859375 HTTP/1.1" 200 - "http://hosting.digitaldatatechs.com/wp-cron.php?doing_wp_cron=1554646874.5998361110687255859375" "WordPress/5.1.1; http://hosting.digitaldatatechs.com"
192.168.254.251 - - [07/Apr/2019:10:21:14 -0400] "POST /wp-admin/admin.php?page=wc-setup&step=payment HTTP/1.1" 302 - "http://hosting.digitaldatatechs.com/wp-admin/admin.php?page=wc-setup&step=payment" "Mozilla/5.0 (Windows NT 10.0; Win64; x64) AppleWebKit/537.36 (KHTML, like Gecko) Chrome/73.0.3683.103 Safari/537.36"
192.168.254.242 - - [07/Apr/2019:10:24:58 -0400] "POST /wp-cron.php?doing_wp_cron=1554647098.4229509830474853515625 HTTP/1.1" 200 - "http://hosting.digitaldatatechs.com/wp-cron.php?doing_wp_cron=1554647098.4229509830474853515625" "WordPress/5.1.1; http://hosting.digitaldatatechs.com"
192.168.254.251 - - [07/Apr/2019:10:24:57 -0400] "GET /wp-login.php HTTP/1.1" 200 3413 "-" "Mozilla/5.0 (Windows NT 10.0; Win64; x64) AppleWebKit/537.36 (KHTML, like Gecko) Chrome/73.0.3683.103 Safari/537.36"
192.168.254.251 - - [07/Apr/2019:10:24:59 -0400] "GET /wp-includes/css/dashicons.min.css?ver=5.1.1 HTTP/1.1" 304 - "http://hosting.digitaldatatechs.com/wp-login.php" "Mozilla/5.0 (Windows NT 10.0; Win64; x64) AppleWebKit/537.36 (KHTML, like Gecko) Chrome/73.0.3683.103 Safari/537.36"
192.168.254.251 - - [07/Apr/2019:10:24:59 -0400] "GET /wp-includes/css/buttons.min.css?ver=5.1.1 HTTP/1.1" 304 - "http://hosting.digitaldatatechs.com/wp-login.php" "Mozilla/5.0 (Windows NT 10.0; Win64; x64) AppleWebKit/537.36 (KHTML, like Gecko) Chrome/73.0.3683.103 Safari/537.36"
192.168.254.251 - - [07/Apr/2019:10:24:59 -0400] "GET /wp-admin/css/forms.min.css?ver=5.1.1 HTTP/1.1" 304 - "http://hosting.digitaldatatechs.com/wp-login.php" "Mozilla/5.0 (Windows NT 10.0; Win64; x64) AppleWebKit/537.36 (KHTML, like Gecko) Chrome/73.0.3683.103 Safari/537.36"
192.168.254.251 - - [07/Apr/2019:10:24:59 -0400] "GET /wp-admin/css/l10n.min.css?ver=5.1.1 HTTP/1.1" 304 - "http://hosting.digitaldatatechs.com/wp-login.php" "Mozilla/5.0 (Windows NT 10.0; Win64; x64) AppleWebKit/537.36 (KHTML, like Gecko) Chrome/73.0.3683.103 Safari/537.36"
192.168.254.251 - - [07/Apr/2019:10:24:59 -0400] "GET /wp-admin/css/login.min.css?ver=5.1.1 HTTP/1.1" 304 - "http://hosting.digitaldatatechs.com/wp-login.php" "Mozilla/5.0 (Windows NT 10.0; Win64; x64) AppleWebKit/537.36 (KHTML, like Gecko) Chrome/73.0.3683.103 Safari/537.36"
192.168.254.251 - - [07/Apr/2019:10:24:59 -0400] "GET /wp-admin/images/wordpress-logo.svg?ver=20131107 HTTP/1.1" 304 - "http://hosting.digitaldatatechs.com/wp-admin/css/login.min.css?ver=5.1.1" "Mozilla/5.0 (Windows NT 10.0; Win64; x64) AppleWebKit/537.36 (KHTML, like Gecko) Chrome/73.0.3683.103 Safari/537.36"
192.168.254.251 - - [07/Apr/2019:10:24:59 -0400] "GET /favicon.ico HTTP/1.1" 404 209 "http://hosting.digitaldatatechs.com/wp-login.php" "Mozilla/5.0 (Windows NT 10.0; Win64; x64) AppleWebKit/537.36 (KHTML, like Gecko) Chrome/73.0.3683.103 Safari/537.36"
192.168.254.251 - - [07/Apr/2019:10:25:01 -0400] "POST /wp-login.php HTTP/1.1" 302 - "http://hosting.digitaldatatechs.com/wp-login.php" "Mozilla/5.0 (Windows NT 10.0; Win64; x64) AppleWebKit/537.36 (KHTML, like Gecko) Chrome/73.0.3683.103 Safari/537.36"
192.168.254.251 - - [07/Apr/2019:10:25:01 -0400] "GET /wp-admin/ HTTP/1.1" 200 74296 "http://hosting.digitaldatatechs.com/wp-login.php" "Mozilla/5.0 (Windows NT 10.0; Win64; x64) AppleWebKit/537.36 (KHTML, like Gecko) Chrome/73.0.3683.103 Safari/537.36"
192.168.254.251 - - [07/Apr/2019:10:25:04 -0400] "GET /wp-includes/js/thickbox/thickbox.css?ver=5.1.1 HTTP/1.1" 304 - "http://hosting.digitaldatatechs.com/wp-admin/" "Mozilla/5.0 (Windows NT 10.0; Win64; x64) AppleWebKit/537.36 (KHTML, like Gecko) Chrome/73.0.3683.103 Safari/537.36"
192.168.254.251 - - [07/Apr/2019:10:25:04 -0400] "GET /wp-content/plugins/woocommerce/assets/css/menu.css?ver=3.5.7 HTTP/1.1" 304 - "http://hosting.digitaldatatechs.com/wp-admin/" "Mozilla/5.0 (Windows NT 10.0; Win64; x64) AppleWebKit/537.36 (KHTML, like Gecko) Chrome/73.0.3683.103 Safari/537.36"
192.168.254.251 - - [07/Apr/2019:10:25:04 -0400] "GET /wp-content/plugins/woocommerce/assets/css/dashboard.css?ver=3.5.7 HTTP/1.1" 200 4705 "http://hosting.digitaldatatechs.com/wp-admin/" "Mozilla/5.0 (Windows NT 10.0; Win64; x64) AppleWebKit/537.36 (KHTML, like Gecko) Chrome/73.0.3683.103 Safari/537.36"
192.168.254.251 - - [07/Apr/2019:10:25:04 -0400] "GET /wp-content/plugins/woocommerce-services/dist/woocommerce-services-banner.css?ver=1.19.0 HTTP/1.1" 200 2321 "http://hosting.digitaldatatechs.com/wp-admin/" "Mozilla/5.0 (Windows NT 10.0; Win64; x64) AppleWebKit/537.36 (KHTML, like Gecko) Chrome/73.0.3683.103 Safari/537.36"
192.168.254.251 - - [07/Apr/2019:10:25:04 -0400] "GET /wp-content/plugins/jetpack/css/jetpack-icons.min.css?ver=7.2.1 HTTP/1.1" 200 672 "http://hosting.digitaldatatechs.com/wp-admin/" "Mozilla/5.0 (Windows NT 10.0; Win64; x64) AppleWebKit/537.36 (KHTML, like Gecko) Chrome/73.0.3683.103 Safari/537.36"
192.168.254.251 - - [07/Apr/2019:10:25:04 -0400] "GET /wp-content/plugins/woocommerce/assets/css/activation.css?ver=3.5.7 HTTP/1.1" 304 - "http://hosting.digitaldatatechs.com/wp-admin/" "Mozilla/5.0 (Windows NT 10.0; Win64; x64) AppleWebKit/537.36 (KHTML, like Gecko) Chrome/73.0.3683.103 Safari/537.36"
192.168.254.251 - - [07/Apr/2019:10:25:04 -0400] "GET /wp-content/plugins/jetpack/_inc/build/admin.dops-style.css?ver=7.2.1 HTTP/1.1" 200 78604 "http://hosting.digitaldatatechs.com/wp-admin/" "Mozilla/5.0 (Windows NT 10.0; Win64; x64) AppleWebKit/537.36 (KHTML, like Gecko) Chrome/73.0.3683.103 Safari/537.36"
192.168.254.251 - - [07/Apr/2019:10:25:04 -0400] "GET /wp-content/plugins/jetpack/css/jetpack-banners.min.css?ver=7.2.1-20121016 HTTP/1.1" 200 7015 "http://hosting.digitaldatatechs.com/wp-admin/" "Mozilla/5.0 (Windows NT 10.0; Win64; x64) AppleWebKit/537.36 (KHTML, like Gecko) Chrome/73.0.3683.103 Safari/537.36"
192.168.254.251 - - [07/Apr/2019:10:25:04 -0400] "GET /wp-content/plugins/woocommerce-services/dist/woocommerce-services-banner.js?ver=1.19.0 HTTP/1.1" 200 2447 "http://hosting.digitaldatatechs.com/wp-admin/" "Mozilla/5.0 (Windows NT 10.0; Win64; x64) AppleWebKit/537.36 (KHTML, like Gecko) Chrome/73.0.3683.103 Safari/537.36"
192.168.254.251 - - [07/Apr/2019:10:25:04 -0400] "GET /wp-includes/css/editor.min.css?ver=5.1.1 HTTP/1.1" 304 - "http://hosting.digitaldatatechs.com/wp-admin/" "Mozilla/5.0 (Windows NT 10.0; Win64; x64) AppleWebKit/537.36 (KHTML, like Gecko) Chrome/73.0.3683.103 Safari/537.36"
192.168.254.251 - - [07/Apr/2019:10:25:04 -0400] "GET /wp-includes/js/jquery/ui/datepicker.min.js?ver=1.11.4 HTTP/1.1" 304 - "http://hosting.digitaldatatechs.com/wp-admin/" "Mozilla/5.0 (Windows NT 10.0; Win64; x64) AppleWebKit/537.36 (KHTML, like Gecko) Chrome/73.0.3683.103 Safari/537.36"
192.168.254.251 - - [07/Apr/2019:10:25:04 -0400] "GET /wp-content/plugins/woocommerce/assets/js/admin/reports.min.js?ver=3.5.7 HTTP/1.1" 200 3236 "http://hosting.digitaldatatechs.com/wp-admin/" "Mozilla/5.0 (Windows NT 10.0; Win64; x64) AppleWebKit/537.36 (KHTML, like Gecko) Chrome/73.0.3683.103 Safari/537.36"
192.168.254.251 - - [07/Apr/2019:10:25:04 -0400] "GET /wp-content/plugins/woocommerce/assets/js/jquery-flot/jquery.flot.min.js?ver=3.5.7 HTTP/1.1" 200 35590 "http://hosting.digitaldatatechs.com/wp-admin/" "Mozilla/5.0 (Windows NT 10.0; Win64; x64) AppleWebKit/537.36 (KHTML, like Gecko) Chrome/73.0.3683.103 Safari/537.36"
192.168.254.251 - - [07/Apr/2019:10:25:04 -0400] "GET /wp-content/plugins/woocommerce/assets/js/jquery-flot/jquery.flot.resize.min.js?ver=3.5.7 HTTP/1.1" 200 1180 "http://hosting.digitaldatatechs.com/wp-admin/" "Mozilla/5.0 (Windows NT 10.0; Win64; x64) AppleWebKit/537.36 (KHTML, like Gecko) Chrome/73.0.3683.103 Safari/537.36"
192.168.254.251 - - [07/Apr/2019:10:25:04 -0400] "GET /wp-content/plugins/woocommerce/assets/js/jquery-flot/jquery.flot.time.min.js?ver=3.5.7 HTTP/1.1" 200 4623 "http://hosting.digitaldatatechs.com/wp-admin/" "Mozilla/5.0 (Windows NT 10.0; Win64; x64) AppleWebKit/537.36 (KHTML, like Gecko) Chrome/73.0.3683.103 Safari/537.36"
192.168.254.251 - - [07/Apr/2019:10:25:04 -0400] "GET /wp-admin/load-scripts.php?c=1&load%5B%5D=jquery-core,jquery-migrate,utils,underscore,wp-util,wp-a11y,updates,jquery-ui-core&ver=5.1.1 HTTP/1.1" 200 166792 "http://hosting.digitaldatatechs.com/wp-admin/" "Mozilla/5.0 (Windows NT 10.0; Win64; x64) AppleWebKit/537.36 (KHTML, like Gecko) Chrome/73.0.3683.103 Safari/537.36"
192.168.254.251 - - [07/Apr/2019:10:25:04 -0400] "GET /wp-content/plugins/woocommerce/assets/js/jquery-flot/jquery.flot.pie.min.js?ver=3.5.7 HTTP/1.1" 200 7931 "http://hosting.digitaldatatechs.com/wp-admin/" "Mozilla/5.0 (Windows NT 10.0; Win64; x64) AppleWebKit/537.36 (KHTML, like Gecko) Chrome/73.0.3683.103 Safari/537.36"
192.168.254.251 - - [07/Apr/2019:10:25:04 -0400] "GET /wp-content/plugins/woocommerce/assets/js/jquery-flot/jquery.flot.stack.min.js?ver=3.5.7 HTTP/1.1" 200 1301 "http://hosting.digitaldatatechs.com/wp-admin/" "Mozilla/5.0 (Windows NT 10.0; Win64; x64) AppleWebKit/537.36 (KHTML, like Gecko) Chrome/73.0.3683.103 Safari/537.36"
192.168.254.251 - - [07/Apr/2019:10:25:04 -0400] "GET /wp-admin/load-scripts.php?c=1&load%5B%5D=hoverIntent,common,admin-bar,wp-ajax-response,jquery-color,wp-lists,quicktags,jquery-query,admin-comments,jquery-ui-widget,jquer&load%5B%5D=y-ui-mouse,jquery-ui-sortable,postbox,dashboard,thickbox,plugin-install,shortcode,media-upload,svg-painter&ver=5.1.1 HTTP/1.1" 200 143655 "http://hosting.digitaldatatechs.com/wp-admin/" "Mozilla/5.0 (Windows NT 10.0; Win64; x64) AppleWebKit/537.36 (KHTML, like Gecko) Chrome/73.0.3683.103 Safari/537.36"
192.168.254.251 - - [07/Apr/2019:10:25:04 -0400] "GET /wp-includes/js/dist/vendor/wp-polyfill.min.js?ver=7.0.0 HTTP/1.1" 304 - "http://hosting.digitaldatatechs.com/wp-admin/" "Mozilla/5.0 (Windows NT 10.0; Win64; x64) AppleWebKit/537.36 (KHTML, like Gecko) Chrome/73.0.3683.103 Safari/537.36"
192.168.254.251 - - [07/Apr/2019:10:25:04 -0400] "GET /wp-includes/js/dist/hooks.min.js?ver=2.0.5 HTTP/1.1" 304 - "http://hosting.digitaldatatechs.com/wp-admin/" "Mozilla/5.0 (Windows NT 10.0; Win64; x64) AppleWebKit/537.36 (KHTML, like Gecko) Chrome/73.0.3683.103 Safari/537.36"
192.168.254.251 - - [07/Apr/2019:10:25:04 -0400] "GET /wp-includes/js/heartbeat.min.js?ver=5.1.1 HTTP/1.1" 304 - "http://hosting.digitaldatatechs.com/wp-admin/" "Mozilla/5.0 (Windows NT 10.0; Win64; x64) AppleWebKit/537.36 (KHTML, like Gecko) Chrome/73.0.3683.103 Safari/537.36"
192.168.254.251 - - [07/Apr/2019:10:25:04 -0400] "GET /wp-includes/js/wp-auth-check.min.js?ver=5.1.1 HTTP/1.1" 304 - "http://hosting.digitaldatatechs.com/wp-admin/" "Mozilla/5.0 (Windows NT 10.0; Win64; x64) AppleWebKit/537.36 (KHTML, like Gecko) Chrome/73.0.3683.103 Safari/537.36"
192.168.254.251 - - [07/Apr/2019:10:25:04 -0400] "GET /wp-content/plugins/jetpack/_inc/build/jetpack-connection-banner.min.js?ver=7.2.1 HTTP/1.1" 200 1341 "http://hosting.digitaldatatechs.com/wp-admin/" "Mozilla/5.0 (Windows NT 10.0; Win64; x64) AppleWebKit/537.36 (KHTML, like Gecko) Chrome/73.0.3683.103 Safari/537.36"
192.168.254.251 - - [07/Apr/2019:10:25:04 -0400] "GET /wp-includes/js/wplink.min.js?ver=5.1.1 HTTP/1.1" 304 - "http://hosting.digitaldatatechs.com/wp-admin/" "Mozilla/5.0 (Windows NT 10.0; Win64; x64) AppleWebKit/537.36 (KHTML, like Gecko) Chrome/73.0.3683.103 Safari/537.36"
192.168.254.251 - - [07/Apr/2019:10:25:04 -0400] "GET /wp-includes/js/jquery/ui/position.min.js?ver=1.11.4 HTTP/1.1" 304 - "http://hosting.digitaldatatechs.com/wp-admin/" "Mozilla/5.0 (Windows NT 10.0; Win64; x64) AppleWebKit/537.36 (KHTML, like Gecko) Chrome/73.0.3683.103 Safari/537.36"
192.168.254.251 - - [07/Apr/2019:10:25:04 -0400] "GET /wp-includes/js/jquery/ui/menu.min.js?ver=1.11.4 HTTP/1.1" 304 - "http://hosting.digitaldatatechs.com/wp-admin/" "Mozilla/5.0 (Windows NT 10.0; Win64; x64) AppleWebKit/537.36 (KHTML, like Gecko) Chrome/73.0.3683.103 Safari/537.36"
192.168.254.251 - - [07/Apr/2019:10:25:04 -0400] "GET /wp-includes/js/jquery/ui/autocomplete.min.js?ver=1.11.4 HTTP/1.1" 304 - "http://hosting.digitaldatatechs.com/wp-admin/" "Mozilla/5.0 (Windows NT 10.0; Win64; x64) AppleWebKit/537.36 (KHTML, like Gecko) Chrome/73.0.3683.103 Safari/537.36"
192.168.254.251 - - [07/Apr/2019:10:25:04 -0400] "GET /wp-content/plugins/jetpack/images/jetpack-logo-green.svg HTTP/1.1" 200 1885 "http://hosting.digitaldatatechs.com/wp-admin/" "Mozilla/5.0 (Windows NT 10.0; Win64; x64) AppleWebKit/537.36 (KHTML, like Gecko) Chrome/73.0.3683.103 Safari/537.36"
192.168.254.251 - - [07/Apr/2019:10:25:04 -0400] "GET /wp-content/plugins/jetpack/images/jetpack-powering-up.svg HTTP/1.1" 200 21091 "http://hosting.digitaldatatechs.com/wp-admin/" "Mozilla/5.0 (Windows NT 10.0; Win64; x64) AppleWebKit/537.36 (KHTML, like Gecko) Chrome/73.0.3683.103 Safari/537.36"
192.168.254.251 - - [07/Apr/2019:10:25:04 -0400] "GET /wp-includes/js/wp-emoji-release.min.js?ver=5.1.1 HTTP/1.1" 304 - "http://hosting.digitaldatatechs.com/wp-admin/" "Mozilla/5.0 (Windows NT 10.0; Win64; x64) AppleWebKit/537.36 (KHTML, like Gecko) Chrome/73.0.3683.103 Safari/537.36"
192.168.254.251 - - [07/Apr/2019:10:25:04 -0400] "GET /wp-content/plugins/woocommerce/assets/fonts/WooCommerce.woff HTTP/1.1" 304 - "http://hosting.digitaldatatechs.com/wp-content/plugins/woocommerce/assets/css/menu.css?ver=3.5.7" "Mozilla/5.0 (Windows NT 10.0; Win64; x64) AppleWebKit/537.36 (KHTML, like Gecko) Chrome/73.0.3683.103 Safari/537.36"
192.168.254.251 - - [07/Apr/2019:10:25:04 -0400] "GET /wp-content/plugins/jetpack/_inc/fonts/jetpack/jetpack.woff HTTP/1.1" 200 1056 "http://hosting.digitaldatatechs.com/wp-content/plugins/jetpack/css/jetpack-icons.min.css?ver=7.2.1" "Mozilla/5.0 (Windows NT 10.0; Win64; x64) AppleWebKit/537.36 (KHTML, like Gecko) Chrome/73.0.3683.103 Safari/537.36"
192.168.254.251 - - [07/Apr/2019:10:25:05 -0400] "GET /wp-includes/js/thickbox/loadingAnimation.gif HTTP/1.1" 304 - "http://hosting.digitaldatatechs.com/wp-admin/" "Mozilla/5.0 (Windows NT 10.0; Win64; x64) AppleWebKit/537.36 (KHTML, like Gecko) Chrome/73.0.3683.103 Safari/537.36"
66.220.149.2 - - [08/Apr/2019:16:25:51 -0400] "GET /wp-content/uploads/2019/04/logo_smaller.jpg HTTP/1.1" 200 1841 "-" "-"
95.216.2.253 - - [08/Apr/2019:17:31:59 -0400] "GET /robots.txt HTTP/1.1" 404 208 "-" "Mozilla/5.0 (compatible; MJ12bot/v1.4.8; http://mj12bot.com/)"
95.216.2.253 - - [08/Apr/2019:17:32:01 -0400] "GET /?p=1 HTTP/1.1" 301 - "-" "Mozilla/5.0 (compatible; MJ12bot/v1.4.8; http://mj12bot.com/)"
192.168.254.242 - - [08/Apr/2019:17:32:01 -0400] "POST /wp-cron.php?doing_wp_cron=1554759121.3933649063110351562500 HTTP/1.1" 200 - "http://hosting.digitaldatatechs.com/wp-cron.php?doing_wp_cron=1554759121.3933649063110351562500" "WordPress/5.1.1; https://hosting.digitaldatatechs.com"
46.4.96.69 - - [09/Apr/2019:07:23:44 -0400] "GET /robots.txt HTTP/1.1" 404 208 "-" "Mozilla/5.0 (compatible; BLEXBot/1.0; +http://webmeup-crawler.com/)"
46.4.96.69 - - [09/Apr/2019:11:49:25 -0400] "GET /robots.txt HTTP/1.1" 404 208 "-" "Mozilla/5.0 (compatible; BLEXBot/1.0; +http://webmeup-crawler.com/)"
46.4.96.69 - - [09/Apr/2019:11:49:25 -0400] "GET /sitemap.xml HTTP/1.1" 404 209 "-" "Mozilla/5.0 (compatible; BLEXBot/1.0; +http://webmeup-crawler.com/)"
123.125.67.219 - - [11/Apr/2019:14:55:03 -0400] "GET /robots.txt HTTP/1.1" 404 208 "-" "Mozilla/5.0 (Macintosh; Intel Mac OS X 10_13_1) AppleWebKit/537.36 (KHTML, like Gecko) Chrome/61.0.3163.100 Safari/537.36"
123.125.67.157 - - [12/Apr/2019:13:49:32 -0400] "GET /robots.txt HTTP/1.1" 404 208 "-" "Mozilla/5.0 (Windows NT 10.0; WOW64) AppleWebKit/537.36 (KHTML, like Gecko) Chrome/45.0.2454.93 Safari/537.36"
38.77.214.219 - - [17/Apr/2019:14:37:52 -0400] "GET /robots.txt HTTP/1.1" 404 208 "-" "Dispatch/0.11.3"
216.244.66.236 - - [17/Apr/2019:15:23:17 -0400] "GET /robots.txt HTTP/1.1" 404 208 "-" "Mozilla/5.0 (compatible; DotBot/1.1; http://www.opensiteexplorer.org/dotbot, help@moz.com)"
216.244.66.236 - - [17/Apr/2019:15:32:47 -0400] "GET / HTTP/1.1" 301 - "-" "Mozilla/5.0 (compatible; DotBot/1.1; http://www.opensiteexplorer.org/dotbot, help@moz.com)"
192.168.254.242 - - [17/Apr/2019:15:32:47 -0400] "POST /wp-cron.php?doing_wp_cron=1555529567.8169939517974853515625 HTTP/1.1" 200 - "http://hosting.digitaldatatechs.com/wp-cron.php?doing_wp_cron=1555529567.8169939517974853515625" "WordPress/5.1.1; https://hosting.digitaldatatechs.com"
18.205.72.90 - - [18/Apr/2019:14:58:35 -0400] "GET / HTTP/1.1" 301 - "-" "Mozilla/5.0+(compatible; MxToolbox/Beta7; http://www.mxtoolbox.com/)"
18.205.72.90 - - [18/Apr/2019:15:08:50 -0400] "GET / HTTP/1.1" 301 - "-" "Mozilla/5.0+(compatible; MxToolbox/Beta7; http://www.mxtoolbox.com/)"
66.249.88.63 - - [18/Apr/2019:15:38:12 -0400] "GET / HTTP/1.1" 301 - "-" "Mozilla/5.0 (Linux; Android 9; SM-G950U) AppleWebKit/537.36 (KHTML, like Gecko) Chrome/73.0.3683.90 Mobile Safari/537.36"
123.125.67.226 - - [19/Apr/2019:05:10:18 -0400] "GET /robots.txt HTTP/1.1" 404 208 "-" "Mozilla/5.0 (Windows NT 10.0; WOW64) AppleWebKit/537.36 (KHTML, like Gecko) Chrome/45.0.2454.93 Safari/537.36"
157.55.39.48 - - [19/Apr/2019:21:30:46 -0400] "GET /robots.txt HTTP/1.1" 404 208 "-" "Mozilla/5.0 (compatible; bingbot/2.0; +http://www.bing.com/bingbot.htm)"
157.55.39.51 - - [19/Apr/2019:21:30:52 -0400] "GET / HTTP/1.1" 301 - "-" "Mozilla/5.0 (compatible; bingbot/2.0; +http://www.bing.com/bingbot.htm)"
192.168.254.242 - - [19/Apr/2019:21:30:52 -0400] "POST /wp-cron.php?doing_wp_cron=1555723852.1908900737762451171875 HTTP/1.1" 200 - "http://hosting.digitaldatatechs.com/wp-cron.php?doing_wp_cron=1555723852.1908900737762451171875" "WordPress/5.1.1; https://hosting.digitaldatatechs.com"
157.55.39.202 - - [20/Apr/2019:11:36:56 -0400] "GET / HTTP/1.1" 301 - "-" "Mozilla/5.0 (compatible; bingbot/2.0; +http://www.bing.com/bingbot.htm)"
192.168.254.242 - - [20/Apr/2019:11:36:57 -0400] "POST /wp-cron.php?doing_wp_cron=1555774617.0431408882141113281250 HTTP/1.1" 200 - "http://hosting.digitaldatatechs.com/wp-cron.php?doing_wp_cron=1555774617.0431408882141113281250" "WordPress/5.1.1; https://hosting.digitaldatatechs.com"
66.249.80.12 - - [20/Apr/2019:12:29:09 -0400] "GET / HTTP/1.1" 301 - "-" "Mozilla/5.0 (X11; Linux x86_64) AppleWebKit/537.36 (KHTML, like Gecko) Chrome/49.0.2623.75 Safari/537.36 Google Favicon"
216.244.66.236 - - [20/Apr/2019:22:21:36 -0400] "GET /robots.txt HTTP/1.1" 404 208 "-" "Mozilla/5.0 (compatible; DotBot/1.1; http://www.opensiteexplorer.org/dotbot, help@moz.com)"
216.244.66.236 - - [20/Apr/2019:22:29:41 -0400] "GET / HTTP/1.1" 301 - "-" "Mozilla/5.0 (compatible; DotBot/1.1; http://www.opensiteexplorer.org/dotbot, help@moz.com)"
192.168.254.242 - - [20/Apr/2019:22:29:41 -0400] "POST /wp-cron.php?doing_wp_cron=1555813781.5094199180603027343750 HTTP/1.1" 200 - "http://hosting.digitaldatatechs.com/wp-cron.php?doing_wp_cron=1555813781.5094199180603027343750" "WordPress/5.1.1; https://hosting.digitaldatatechs.com"
192.168.254.242 - - [20/Apr/2019:23:49:25 -0400] "POST /wp-cron.php?doing_wp_cron=1555818565.1638588905334472656250 HTTP/1.1" 200 - "http://hosting.digitaldatatechs.com/wp-cron.php?doing_wp_cron=1555818565.1638588905334472656250" "WordPress/5.1.1; https://hosting.digitaldatatechs.com"
207.46.13.221 - - [20/Apr/2019:23:49:24 -0400] "GET / HTTP/1.1" 301 - "-" "Mozilla/5.0 (compatible; bingbot/2.0; +http://www.bing.com/bingbot.htm)"
40.77.167.10 - - [21/Apr/2019:13:59:04 -0400] "GET / HTTP/1.1" 301 - "-" "Mozilla/5.0 (compatible; bingbot/2.0; +http://www.bing.com/bingbot.htm)"
192.168.254.242 - - [21/Apr/2019:13:59:04 -0400] "POST /wp-cron.php?doing_wp_cron=1555869544.2472369670867919921875 HTTP/1.1" 200 - "http://hosting.digitaldatatechs.com/wp-cron.php?doing_wp_cron=1555869544.2472369670867919921875" "WordPress/5.1.1; https://hosting.digitaldatatechs.com"
157.55.39.36 - - [22/Apr/2019:02:20:41 -0400] "GET /robots.txt HTTP/1.1" 404 208 "-" "Mozilla/5.0 (compatible; bingbot/2.0; +http://www.bing.com/bingbot.htm)"
157.55.39.61 - - [22/Apr/2019:02:20:45 -0400] "GET / HTTP/1.1" 301 - "-" "Mozilla/5.0 (compatible; bingbot/2.0; +http://www.bing.com/bingbot.htm)"
40.77.167.101 - - [23/Apr/2019:00:12:44 -0400] "GET / HTTP/1.1" 301 - "-" "Mozilla/5.0 (compatible; bingbot/2.0; +http://www.bing.com/bingbot.htm)"
157.55.39.96 - - [23/Apr/2019:13:08:25 -0400] "GET / HTTP/1.1" 301 - "-" "Mozilla/5.0 (compatible; bingbot/2.0; +http://www.bing.com/bingbot.htm)"
40.77.167.87 - - [24/Apr/2019:01:24:36 -0400] "GET / HTTP/1.1" 301 - "-" "Mozilla/5.0 (compatible; bingbot/2.0; +http://www.bing.com/bingbot.htm)"
216.244.66.236 - - [24/Apr/2019:04:40:54 -0400] "GET /robots.txt HTTP/1.1" 404 208 "-" "Mozilla/5.0 (compatible; DotBot/1.1; http://www.opensiteexplorer.org/dotbot, help@moz.com)"
216.244.66.236 - - [24/Apr/2019:04:48:41 -0400] "GET / HTTP/1.1" 301 - "-" "Mozilla/5.0 (compatible; DotBot/1.1; http://www.opensiteexplorer.org/dotbot, help@moz.com)"
157.55.39.0 - - [24/Apr/2019:16:07:41 -0400] "GET /robots.txt HTTP/1.1" 404 208 "-" "Mozilla/5.0 (compatible; bingbot/2.0; +http://www.bing.com/bingbot.htm)"
157.55.39.212 - - [24/Apr/2019:16:07:47 -0400] "GET / HTTP/1.1" 301 - "-" "Mozilla/5.0 (compatible; bingbot/2.0; +http://www.bing.com/bingbot.htm)"
192.168.254.242 - - [24/Apr/2019:16:07:48 -0400] "POST /wp-cron.php?doing_wp_cron=1556136468.9372448921203613281250 HTTP/1.1" 200 - "http://hosting.digitaldatatechs.com/wp-cron.php?doing_wp_cron=1556136468.9372448921203613281250" "WordPress/5.1.1; https://hosting.digitaldatatechs.com"
157.55.39.36 - - [25/Apr/2019:06:29:17 -0400] "GET /robots.txt HTTP/1.1" 404 208 "-" "Mozilla/5.0 (compatible; bingbot/2.0; +http://www.bing.com/bingbot.htm)"
157.55.39.212 - - [25/Apr/2019:06:29:17 -0400] "GET / HTTP/1.1" 301 - "-" "Mozilla/5.0 (compatible; bingbot/2.0; +http://www.bing.com/bingbot.htm)"
192.168.254.242 - - [25/Apr/2019:06:29:17 -0400] "POST /wp-cron.php?doing_wp_cron=1556188157.4226861000061035156250 HTTP/1.1" 200 - "http://hosting.digitaldatatechs.com/wp-cron.php?doing_wp_cron=1556188157.4226861000061035156250" "WordPress/5.1.1; https://hosting.digitaldatatechs.com"
40.77.167.157 - - [25/Apr/2019:19:01:20 -0400] "GET / HTTP/1.1" 301 - "-" "Mozilla/5.0 (compatible; bingbot/2.0; +http://www.bing.com/bingbot.htm)"
157.55.39.213 - - [26/Apr/2019:09:06:10 -0400] "GET / HTTP/1.1" 301 - "-" "Mozilla/5.0 (compatible; bingbot/2.0; +http://www.bing.com/bingbot.htm)"
216.244.66.236 - - [26/Apr/2019:09:30:10 -0400] "GET /robots.txt HTTP/1.1" 404 208 "-" "Mozilla/5.0 (compatible; DotBot/1.1; http://www.opensiteexplorer.org/dotbot, help@moz.com)"
216.244.66.236 - - [26/Apr/2019:09:37:23 -0400] "GET /my-account/ HTTP/1.1" 404 209 "-" "Mozilla/5.0 (compatible; DotBot/1.1; http://www.opensiteexplorer.org/dotbot, help@moz.com)"
216.244.66.236 - - [26/Apr/2019:11:49:29 -0400] "GET /robots.txt HTTP/1.1" 404 208 "-" "Mozilla/5.0 (compatible; DotBot/1.1; http://www.opensiteexplorer.org/dotbot, help@moz.com)"
216.244.66.236 - - [26/Apr/2019:11:56:41 -0400] "GET /checkout/ HTTP/1.1" 404 207 "-" "Mozilla/5.0 (compatible; DotBot/1.1; http://www.opensiteexplorer.org/dotbot, help@moz.com)"
216.244.66.236 - - [26/Apr/2019:11:57:03 -0400] "GET /products/business-email/ HTTP/1.1" 404 222 "-" "Mozilla/5.0 (compatible; DotBot/1.1; http://www.opensiteexplorer.org/dotbot, help@moz.com)"
216.244.66.236 - - [26/Apr/2019:12:35:33 -0400] "GET /robots.txt HTTP/1.1" 404 208 "-" "Mozilla/5.0 (compatible; DotBot/1.1; http://www.opensiteexplorer.org/dotbot, help@moz.com)"
216.244.66.236 - - [26/Apr/2019:12:45:12 -0400] "GET /product-category/hosting/dedicated-server/ HTTP/1.1" 404 240 "-" "Mozilla/5.0 (compatible; DotBot/1.1; http://www.opensiteexplorer.org/dotbot, help@moz.com)"
216.244.66.236 - - [26/Apr/2019:16:28:51 -0400] "GET /robots.txt HTTP/1.1" 404 208 "-" "Mozilla/5.0 (compatible; DotBot/1.1; http://www.opensiteexplorer.org/dotbot, help@moz.com)"
216.244.66.236 - - [26/Apr/2019:16:36:36 -0400] "GET /terms/ HTTP/1.1" 404 204 "-" "Mozilla/5.0 (compatible; DotBot/1.1; http://www.opensiteexplorer.org/dotbot, help@moz.com)"
216.244.66.236 - - [26/Apr/2019:16:36:55 -0400] "GET /product-category/hosting/ HTTP/1.1" 404 223 "-" "Mozilla/5.0 (compatible; DotBot/1.1; http://www.opensiteexplorer.org/dotbot, help@moz.com)"
157.55.39.120 - - [26/Apr/2019:21:47:14 -0400] "GET / HTTP/1.1" 301 - "-" "Mozilla/5.0 (compatible; bingbot/2.0; +http://www.bing.com/bingbot.htm)"
216.244.66.236 - - [26/Apr/2019:21:54:27 -0400] "GET /robots.txt HTTP/1.1" 404 208 "-" "Mozilla/5.0 (compatible; DotBot/1.1; http://www.opensiteexplorer.org/dotbot, help@moz.com)"
216.244.66.236 - - [26/Apr/2019:22:02:02 -0400] "GET /product-category/websites/ HTTP/1.1" 404 224 "-" "Mozilla/5.0 (compatible; DotBot/1.1; http://www.opensiteexplorer.org/dotbot, help@moz.com)"
66.249.69.4 - - [26/Apr/2019:22:58:33 -0400] "GET /robots.txt HTTP/1.1" 404 208 "-" "Mozilla/5.0 (compatible; Googlebot/2.1; +http://www.google.com/bot.html)"
66.249.69.6 - - [26/Apr/2019:22:58:33 -0400] "GET /qmnijsldkpmzpkpr.html HTTP/1.1" 404 219 "-" "Mozilla/5.0 (compatible; Googlebot/2.1; +http://www.google.com/bot.html)"
123.125.67.157 - - [27/Apr/2019:00:07:25 -0400] "GET /robots.txt HTTP/1.1" 404 208 "-" "Mozilla/5.0 (Windows NT 10.0; WOW64) AppleWebKit/537.36 (KHTML, like Gecko) Chrome/45.0.2454.93 Safari/537.36"
216.244.66.236 - - [27/Apr/2019:01:01:36 -0400] "GET /robots.txt HTTP/1.1" 404 208 "-" "Mozilla/5.0 (compatible; DotBot/1.1; http://www.opensiteexplorer.org/dotbot, help@moz.com)"
216.244.66.236 - - [27/Apr/2019:01:10:25 -0400] "GET /product-category/hosting/cpanel/ HTTP/1.1" 404 230 "-" "Mozilla/5.0 (compatible; DotBot/1.1; http://www.opensiteexplorer.org/dotbot, help@moz.com)"
216.244.66.236 - - [27/Apr/2019:11:03:44 -0400] "GET /robots.txt HTTP/1.1" 404 208 "-" "Mozilla/5.0 (compatible; DotBot/1.1; http://www.opensiteexplorer.org/dotbot, help@moz.com)"
216.244.66.236 - - [27/Apr/2019:11:11:02 -0400] "GET /comments/feed/ HTTP/1.1" 404 212 "-" "Mozilla/5.0 (compatible; DotBot/1.1; http://www.opensiteexplorer.org/dotbot, help@moz.com)"
216.244.66.236 - - [27/Apr/2019:11:12:17 -0400] "GET /product-category/security/ssl/ HTTP/1.1" 404 228 "-" "Mozilla/5.0 (compatible; DotBot/1.1; http://www.opensiteexplorer.org/dotbot, help@moz.com)"
157.55.39.42 - - [27/Apr/2019:11:18:56 -0400] "GET /robots.txt HTTP/1.1" 404 208 "-" "Mozilla/5.0 (compatible; bingbot/2.0; +http://www.bing.com/bingbot.htm)"
40.77.167.20 - - [27/Apr/2019:11:19:01 -0400] "GET / HTTP/1.1" 301 - "-" "Mozilla/5.0 (compatible; bingbot/2.0; +http://www.bing.com/bingbot.htm)"
192.168.254.242 - - [27/Apr/2019:11:19:02 -0400] "POST /wp-cron.php?doing_wp_cron=1556378342.0431261062622070312500 HTTP/1.1" 200 - "http://hosting.digitaldatatechs.com/wp-cron.php?doing_wp_cron=1556378342.0431261062622070312500" "WordPress/5.1.1; https://hosting.digitaldatatechs.com"
66.249.80.14 - - [27/Apr/2019:21:04:08 -0400] "GET / HTTP/1.1" 301 - "-" "Mozilla/5.0 (X11; Linux x86_64) AppleWebKit/537.36 (KHTML, like Gecko) Chrome/49.0.2623.75 Safari/537.36 Google Favicon"
192.168.254.242 - - [27/Apr/2019:21:04:08 -0400] "POST /wp-cron.php?doing_wp_cron=1556413448.9583079814910888671875 HTTP/1.1" 200 - "http://hosting.digitaldatatechs.com/wp-cron.php?doing_wp_cron=1556413448.9583079814910888671875" "WordPress/5.1.1; https://hosting.digitaldatatechs.com"
216.244.66.236 - - [27/Apr/2019:21:08:06 -0400] "GET /robots.txt HTTP/1.1" 404 208 "-" "Mozilla/5.0 (compatible; DotBot/1.1; http://www.opensiteexplorer.org/dotbot, help@moz.com)"
216.244.66.236 - - [27/Apr/2019:21:16:03 -0400] "GET /cart/ HTTP/1.1" 404 203 "-" "Mozilla/5.0 (compatible; DotBot/1.1; http://www.opensiteexplorer.org/dotbot, help@moz.com)"
207.46.13.27 - - [28/Apr/2019:00:29:50 -0400] "GET / HTTP/1.1" 301 - "-" "Mozilla/5.0 (compatible; bingbot/2.0; +http://www.bing.com/bingbot.htm)"
192.168.254.242 - - [28/Apr/2019:00:29:50 -0400] "POST /wp-cron.php?doing_wp_cron=1556425790.2105829715728759765625 HTTP/1.1" 200 - "http://hosting.digitaldatatechs.com/wp-cron.php?doing_wp_cron=1556425790.2105829715728759765625" "WordPress/5.1.1; https://hosting.digitaldatatechs.com"
216.244.66.236 - - [28/Apr/2019:06:21:35 -0400] "GET /robots.txt HTTP/1.1" 404 208 "-" "Mozilla/5.0 (compatible; DotBot/1.1; http://www.opensiteexplorer.org/dotbot, help@moz.com)"
216.244.66.236 - - [28/Apr/2019:06:28:56 -0400] "GET /product-category/hosting/vps/ HTTP/1.1" 404 227 "-" "Mozilla/5.0 (compatible; DotBot/1.1; http://www.opensiteexplorer.org/dotbot, help@moz.com)"
216.244.66.236 - - [28/Apr/2019:07:06:18 -0400] "GET /robots.txt HTTP/1.1" 404 208 "-" "Mozilla/5.0 (compatible; DotBot/1.1; http://www.opensiteexplorer.org/dotbot, help@moz.com)"
216.244.66.236 - - [28/Apr/2019:07:12:48 -0400] "GET /feed/ HTTP/1.1" 404 203 "-" "Mozilla/5.0 (compatible; DotBot/1.1; http://www.opensiteexplorer.org/dotbot, help@moz.com)"
216.244.66.236 - - [28/Apr/2019:11:41:51 -0400] "GET /robots.txt HTTP/1.1" 404 208 "-" "Mozilla/5.0 (compatible; DotBot/1.1; http://www.opensiteexplorer.org/dotbot, help@moz.com)"
216.244.66.236 - - [28/Apr/2019:11:49:36 -0400] "GET /products/standard-ssl-1-site/ HTTP/1.1" 404 227 "-" "Mozilla/5.0 (compatible; DotBot/1.1; http://www.opensiteexplorer.org/dotbot, help@moz.com)"
216.244.66.236 - - [28/Apr/2019:11:49:38 -0400] "GET /products/wordpress-basic/ HTTP/1.1" 404 223 "-" "Mozilla/5.0 (compatible; DotBot/1.1; http://www.opensiteexplorer.org/dotbot, help@moz.com)"
216.244.66.236 - - [28/Apr/2019:12:27:54 -0400] "GET /robots.txt HTTP/1.1" 404 208 "-" "Mozilla/5.0 (compatible; DotBot/1.1; http://www.opensiteexplorer.org/dotbot, help@moz.com)"
216.244.66.236 - - [28/Apr/2019:12:36:28 -0400] "GET /product-category/marketing/ HTTP/1.1" 404 225 "-" "Mozilla/5.0 (compatible; DotBot/1.1; http://www.opensiteexplorer.org/dotbot, help@moz.com)"
157.55.39.200 - - [28/Apr/2019:14:02:07 -0400] "GET / HTTP/1.1" 301 - "-" "Mozilla/5.0 (compatible; bingbot/2.0; +http://www.bing.com/bingbot.htm)"
192.168.254.242 - - [28/Apr/2019:14:02:07 -0400] "POST /wp-cron.php?doing_wp_cron=1556474527.7298929691314697265625 HTTP/1.1" 200 - "http://hosting.digitaldatatechs.com/wp-cron.php?doing_wp_cron=1556474527.7298929691314697265625" "WordPress/5.1.1; https://hosting.digitaldatatechs.com"
216.244.66.236 - - [28/Apr/2019:15:33:51 -0400] "GET /robots.txt HTTP/1.1" 404 208 "-" "Mozilla/5.0 (compatible; DotBot/1.1; http://www.opensiteexplorer.org/dotbot, help@moz.com)"
216.244.66.236 - - [28/Apr/2019:15:42:13 -0400] "GET /product-category/security/ HTTP/1.1" 404 224 "-" "Mozilla/5.0 (compatible; DotBot/1.1; http://www.opensiteexplorer.org/dotbot, help@moz.com)"
216.244.66.236 - - [28/Apr/2019:17:06:15 -0400] "GET /robots.txt HTTP/1.1" 404 208 "-" "Mozilla/5.0 (compatible; DotBot/1.1; http://www.opensiteexplorer.org/dotbot, help@moz.com)"
216.244.66.236 - - [28/Apr/2019:17:14:19 -0400] "GET /product-category/workspace/ HTTP/1.1" 404 225 "-" "Mozilla/5.0 (compatible; DotBot/1.1; http://www.opensiteexplorer.org/dotbot, help@moz.com)"
216.244.66.236 - - [28/Apr/2019:22:32:41 -0400] "GET /robots.txt HTTP/1.1" 404 208 "-" "Mozilla/5.0 (compatible; DotBot/1.1; http://www.opensiteexplorer.org/dotbot, help@moz.com)"
216.244.66.236 - - [28/Apr/2019:22:40:38 -0400] "GET /products/domain-registration/ HTTP/1.1" 404 227 "-" "Mozilla/5.0 (compatible; DotBot/1.1; http://www.opensiteexplorer.org/dotbot, help@moz.com)"
216.244.66.236 - - [29/Apr/2019:03:08:55 -0400] "GET /robots.txt HTTP/1.1" 404 208 "-" "Mozilla/5.0 (compatible; DotBot/1.1; http://www.opensiteexplorer.org/dotbot, help@moz.com)"
216.244.66.236 - - [29/Apr/2019:03:16:53 -0400] "GET /products/website-builder-business/ HTTP/1.1" 404 232 "-" "Mozilla/5.0 (compatible; DotBot/1.1; http://www.opensiteexplorer.org/dotbot, help@moz.com)"
216.244.66.236 - - [29/Apr/2019:03:55:02 -0400] "GET /robots.txt HTTP/1.1" 404 208 "-" "Mozilla/5.0 (compatible; DotBot/1.1; http://www.opensiteexplorer.org/dotbot, help@moz.com)"
216.244.66.236 - - [29/Apr/2019:04:02:50 -0400] "GET /products/cpanel-starter/ HTTP/1.1" 404 222 "-" "Mozilla/5.0 (compatible; DotBot/1.1; http://www.opensiteexplorer.org/dotbot, help@moz.com)"
216.244.66.236 - - [29/Apr/2019:10:49:48 -0400] "GET /robots.txt HTTP/1.1" 404 208 "-" "Mozilla/5.0 (compatible; DotBot/1.1; http://www.opensiteexplorer.org/dotbot, help@moz.com)"
216.244.66.236 - - [29/Apr/2019:10:59:20 -0400] "GET /product-category/hosting/wordpress/ HTTP/1.1" 404 233 "-" "Mozilla/5.0 (compatible; DotBot/1.1; http://www.opensiteexplorer.org/dotbot, help@moz.com)"
216.244.66.236 - - [29/Apr/2019:11:36:07 -0400] "GET /robots.txt HTTP/1.1" 404 208 "-" "Mozilla/5.0 (compatible; DotBot/1.1; http://www.opensiteexplorer.org/dotbot, help@moz.com)"
216.244.66.236 - - [29/Apr/2019:11:44:32 -0400] "GET /products/search-engine-optimization-seo/ HTTP/1.1" 404 238 "-" "Mozilla/5.0 (compatible; DotBot/1.1; http://www.opensiteexplorer.org/dotbot, help@moz.com)"
