144.76.99.215 - - [27/Jun/2019:16:25:03 -0400] "GET /index.php/products/online-calendar-personal/ HTTP/1.1" 301 - "-" "Mozilla/5.0 (compatible; MJ12bot/v1.4.8; http://mj12bot.com/)"
144.76.99.215 - - [27/Jun/2019:16:25:13 -0400] "GET /index.php/products/online-calendar-unlimited/ HTTP/1.1" 301 - "-" "Mozilla/5.0 (compatible; MJ12bot/v1.4.8; http://mj12bot.com/)"
192.168.254.242 - - [27/Jun/2019:16:25:22 -0400] "POST /wp-cron.php?doing_wp_cron=1561667122.2362339496612548828125 HTTP/1.1" 200 - "http://hosting.digitaldatatechs.com/wp-cron.php?doing_wp_cron=1561667122.2362339496612548828125" "WordPress/5.2.2; https://hosting.digitaldatatechs.com"
144.76.99.215 - - [27/Jun/2019:16:25:22 -0400] "GET /index.php/products/online-storage-deluxe/ HTTP/1.1" 301 - "-" "Mozilla/5.0 (compatible; MJ12bot/v1.4.8; http://mj12bot.com/)"
144.76.99.215 - - [27/Jun/2019:16:25:30 -0400] "GET /index.php/products/online-storage-economy/ HTTP/1.1" 301 - "-" "Mozilla/5.0 (compatible; MJ12bot/v1.4.8; http://mj12bot.com/)"
192.168.254.242 - - [27/Jun/2019:16:25:38 -0400] "POST /wp-cron.php?doing_wp_cron=1561667138.8966770172119140625000 HTTP/1.1" 200 - "http://hosting.digitaldatatechs.com/wp-cron.php?doing_wp_cron=1561667138.8966770172119140625000" "WordPress/5.2.2; https://hosting.digitaldatatechs.com"
144.76.99.215 - - [27/Jun/2019:16:25:38 -0400] "GET /index.php/products/personal-email/ HTTP/1.1" 301 - "-" "Mozilla/5.0 (compatible; MJ12bot/v1.4.8; http://mj12bot.com/)"
144.76.99.215 - - [27/Jun/2019:16:25:45 -0400] "GET /index.php/products/premium-ssl-1-site/ HTTP/1.1" 301 - "-" "Mozilla/5.0 (compatible; MJ12bot/v1.4.8; http://mj12bot.com/)"
192.168.254.242 - - [27/Jun/2019:16:25:56 -0400] "POST /wp-cron.php?doing_wp_cron=1561667156.4871311187744140625000 HTTP/1.1" 200 - "http://hosting.digitaldatatechs.com/wp-cron.php?doing_wp_cron=1561667156.4871311187744140625000" "WordPress/5.2.2; https://hosting.digitaldatatechs.com"
144.76.99.215 - - [27/Jun/2019:16:25:56 -0400] "GET /index.php/products/premium-ssl-5-site/ HTTP/1.1" 301 - "-" "Mozilla/5.0 (compatible; MJ12bot/v1.4.8; http://mj12bot.com/)"
144.76.99.215 - - [27/Jun/2019:16:26:05 -0400] "GET /index.php/products/quick-shopping-cart-deluxe/ HTTP/1.1" 301 - "-" "Mozilla/5.0 (compatible; MJ12bot/v1.4.8; http://mj12bot.com/)"
192.168.254.242 - - [27/Jun/2019:16:26:18 -0400] "POST /wp-cron.php?doing_wp_cron=1561667178.4032919406890869140625 HTTP/1.1" 200 - "http://hosting.digitaldatatechs.com/wp-cron.php?doing_wp_cron=1561667178.4032919406890869140625" "WordPress/5.2.2; https://hosting.digitaldatatechs.com"
144.76.99.215 - - [27/Jun/2019:16:26:18 -0400] "GET /index.php/products/quick-shopping-cart-economy/ HTTP/1.1" 301 - "-" "Mozilla/5.0 (compatible; MJ12bot/v1.4.8; http://mj12bot.com/)"
144.76.99.215 - - [27/Jun/2019:16:26:28 -0400] "GET /index.php/products/quick-shopping-cart-premium/ HTTP/1.1" 301 - "-" "Mozilla/5.0 (compatible; MJ12bot/v1.4.8; http://mj12bot.com/)"
192.168.254.242 - - [27/Jun/2019:16:26:42 -0400] "POST /wp-cron.php?doing_wp_cron=1561667202.9080588817596435546875 HTTP/1.1" 200 - "http://hosting.digitaldatatechs.com/wp-cron.php?doing_wp_cron=1561667202.9080588817596435546875" "WordPress/5.2.2; https://hosting.digitaldatatechs.com"
144.76.99.215 - - [27/Jun/2019:16:26:42 -0400] "GET /index.php/products/search-engine-optimization-seo/ HTTP/1.1" 301 - "-" "Mozilla/5.0 (compatible; MJ12bot/v1.4.8; http://mj12bot.com/)"
144.76.99.215 - - [27/Jun/2019:16:27:02 -0400] "GET /index.php/products/standard-ssl-1-site/ HTTP/1.1" 301 - "-" "Mozilla/5.0 (compatible; MJ12bot/v1.4.8; http://mj12bot.com/)"
192.168.254.242 - - [27/Jun/2019:16:27:29 -0400] "POST /wp-cron.php?doing_wp_cron=1561667249.3095018863677978515625 HTTP/1.1" 200 - "http://hosting.digitaldatatechs.com/wp-cron.php?doing_wp_cron=1561667249.3095018863677978515625" "WordPress/5.2.2; https://hosting.digitaldatatechs.com"
144.76.99.215 - - [27/Jun/2019:16:27:29 -0400] "GET /index.php/products/standard-ssl-5-site/ HTTP/1.1" 301 - "-" "Mozilla/5.0 (compatible; MJ12bot/v1.4.8; http://mj12bot.com/)"
144.76.99.215 - - [27/Jun/2019:16:27:40 -0400] "GET /index.php/products/standard-ssl-wildcard/ HTTP/1.1" 301 - "-" "Mozilla/5.0 (compatible; MJ12bot/v1.4.8; http://mj12bot.com/)"
192.168.254.242 - - [27/Jun/2019:16:27:58 -0400] "POST /wp-cron.php?doing_wp_cron=1561667278.1153609752655029296875 HTTP/1.1" 200 - "http://hosting.digitaldatatechs.com/wp-cron.php?doing_wp_cron=1561667278.1153609752655029296875" "WordPress/5.2.2; https://hosting.digitaldatatechs.com"
144.76.99.215 - - [27/Jun/2019:16:27:58 -0400] "GET /index.php/products/vps-linux-deluxe/ HTTP/1.1" 301 - "-" "Mozilla/5.0 (compatible; MJ12bot/v1.4.8; http://mj12bot.com/)"
144.76.99.215 - - [27/Jun/2019:16:28:12 -0400] "GET /index.php/products/vps-linux-economy/ HTTP/1.1" 301 - "-" "Mozilla/5.0 (compatible; MJ12bot/v1.4.8; http://mj12bot.com/)"
192.168.254.242 - - [27/Jun/2019:16:28:21 -0400] "POST /wp-cron.php?doing_wp_cron=1561667301.2681488990783691406250 HTTP/1.1" 200 - "http://hosting.digitaldatatechs.com/wp-cron.php?doing_wp_cron=1561667301.2681488990783691406250" "WordPress/5.2.2; https://hosting.digitaldatatechs.com"
144.76.99.215 - - [27/Jun/2019:16:28:21 -0400] "GET /index.php/products/vps-linux-ultimate/ HTTP/1.1" 301 - "-" "Mozilla/5.0 (compatible; MJ12bot/v1.4.8; http://mj12bot.com/)"
144.76.99.215 - - [27/Jun/2019:16:28:29 -0400] "GET /index.php/products/vps-linux-value/ HTTP/1.1" 301 - "-" "Mozilla/5.0 (compatible; MJ12bot/v1.4.8; http://mj12bot.com/)"
192.168.254.242 - - [27/Jun/2019:16:28:42 -0400] "POST /wp-cron.php?doing_wp_cron=1561667322.3194561004638671875000 HTTP/1.1" 200 - "http://hosting.digitaldatatechs.com/wp-cron.php?doing_wp_cron=1561667322.3194561004638671875000" "WordPress/5.2.2; https://hosting.digitaldatatechs.com"
144.76.99.215 - - [27/Jun/2019:16:28:42 -0400] "GET /index.php/products/vps-windows-deluxe/ HTTP/1.1" 301 - "-" "Mozilla/5.0 (compatible; MJ12bot/v1.4.8; http://mj12bot.com/)"
144.76.99.215 - - [27/Jun/2019:16:28:49 -0400] "GET /index.php/products/vps-windows-economy/ HTTP/1.1" 301 - "-" "Mozilla/5.0 (compatible; MJ12bot/v1.4.8; http://mj12bot.com/)"
192.168.254.242 - - [27/Jun/2019:16:29:03 -0400] "POST /wp-cron.php?doing_wp_cron=1561667343.1905620098114013671875 HTTP/1.1" 200 - "http://hosting.digitaldatatechs.com/wp-cron.php?doing_wp_cron=1561667343.1905620098114013671875" "WordPress/5.2.2; https://hosting.digitaldatatechs.com"
144.76.99.215 - - [27/Jun/2019:16:29:03 -0400] "GET /index.php/products/vps-windows-ultimate/ HTTP/1.1" 301 - "-" "Mozilla/5.0 (compatible; MJ12bot/v1.4.8; http://mj12bot.com/)"
144.76.99.215 - - [27/Jun/2019:16:29:12 -0400] "GET /index.php/products/vps-windows-value/ HTTP/1.1" 301 - "-" "Mozilla/5.0 (compatible; MJ12bot/v1.4.8; http://mj12bot.com/)"
192.168.254.242 - - [27/Jun/2019:16:29:22 -0400] "POST /wp-cron.php?doing_wp_cron=1561667362.7682549953460693359375 HTTP/1.1" 200 - "http://hosting.digitaldatatechs.com/wp-cron.php?doing_wp_cron=1561667362.7682549953460693359375" "WordPress/5.2.2; https://hosting.digitaldatatechs.com"
144.76.99.215 - - [27/Jun/2019:16:29:22 -0400] "GET /index.php/products/website-backup-25-gb/ HTTP/1.1" 301 - "-" "Mozilla/5.0 (compatible; MJ12bot/v1.4.8; http://mj12bot.com/)"
144.76.99.215 - - [27/Jun/2019:16:29:36 -0400] "GET /index.php/products/website-backup-5-gb/ HTTP/1.1" 301 - "-" "Mozilla/5.0 (compatible; MJ12bot/v1.4.8; http://mj12bot.com/)"
192.168.254.242 - - [27/Jun/2019:16:29:53 -0400] "POST /wp-cron.php?doing_wp_cron=1561667393.5471560955047607421875 HTTP/1.1" 200 - "http://hosting.digitaldatatechs.com/wp-cron.php?doing_wp_cron=1561667393.5471560955047607421875" "WordPress/5.2.2; https://hosting.digitaldatatechs.com"
144.76.99.215 - - [27/Jun/2019:16:29:53 -0400] "GET /index.php/products/website-backup-50-gb/ HTTP/1.1" 301 - "-" "Mozilla/5.0 (compatible; MJ12bot/v1.4.8; http://mj12bot.com/)"
144.76.99.215 - - [27/Jun/2019:16:30:08 -0400] "GET /index.php/products/website-builder-business/ HTTP/1.1" 301 - "-" "Mozilla/5.0 (compatible; MJ12bot/v1.4.8; http://mj12bot.com/)"
192.168.254.242 - - [27/Jun/2019:16:30:15 -0400] "POST /wp-cron.php?doing_wp_cron=1561667415.5462749004364013671875 HTTP/1.1" 200 - "http://hosting.digitaldatatechs.com/wp-cron.php?doing_wp_cron=1561667415.5462749004364013671875" "WordPress/5.2.2; https://hosting.digitaldatatechs.com"
144.76.99.215 - - [27/Jun/2019:16:30:15 -0400] "GET /index.php/products/website-builder-business-plus/ HTTP/1.1" 301 - "-" "Mozilla/5.0 (compatible; MJ12bot/v1.4.8; http://mj12bot.com/)"
144.76.99.215 - - [27/Jun/2019:16:30:29 -0400] "GET /index.php/products/website-builder-personal/ HTTP/1.1" 301 - "-" "Mozilla/5.0 (compatible; MJ12bot/v1.4.8; http://mj12bot.com/)"
192.168.254.242 - - [27/Jun/2019:16:30:48 -0400] "POST /wp-cron.php?doing_wp_cron=1561667448.0351529121398925781250 HTTP/1.1" 200 - "http://hosting.digitaldatatechs.com/wp-cron.php?doing_wp_cron=1561667448.0351529121398925781250" "WordPress/5.2.2; https://hosting.digitaldatatechs.com"
144.76.99.215 - - [27/Jun/2019:16:30:47 -0400] "GET /index.php/products/website-security-deluxe/ HTTP/1.1" 301 - "-" "Mozilla/5.0 (compatible; MJ12bot/v1.4.8; http://mj12bot.com/)"
144.76.99.215 - - [27/Jun/2019:16:31:02 -0400] "GET /index.php/products/website-security-essential/ HTTP/1.1" 301 - "-" "Mozilla/5.0 (compatible; MJ12bot/v1.4.8; http://mj12bot.com/)"
192.168.254.242 - - [27/Jun/2019:16:31:09 -0400] "POST /wp-cron.php?doing_wp_cron=1561667469.2676088809967041015625 HTTP/1.1" 200 - "http://hosting.digitaldatatechs.com/wp-cron.php?doing_wp_cron=1561667469.2676088809967041015625" "WordPress/5.2.2; https://hosting.digitaldatatechs.com"
144.76.99.215 - - [27/Jun/2019:16:31:09 -0400] "GET /index.php/products/website-security-express/ HTTP/1.1" 301 - "-" "Mozilla/5.0 (compatible; MJ12bot/v1.4.8; http://mj12bot.com/)"
144.76.99.215 - - [27/Jun/2019:16:31:26 -0400] "GET /index.php/products/wordpress-basic/ HTTP/1.1" 301 - "-" "Mozilla/5.0 (compatible; MJ12bot/v1.4.8; http://mj12bot.com/)"
192.168.254.242 - - [27/Jun/2019:16:31:49 -0400] "POST /wp-cron.php?doing_wp_cron=1561667509.1358869075775146484375 HTTP/1.1" 200 - "http://hosting.digitaldatatechs.com/wp-cron.php?doing_wp_cron=1561667509.1358869075775146484375" "WordPress/5.2.2; https://hosting.digitaldatatechs.com"
144.76.99.215 - - [27/Jun/2019:16:31:49 -0400] "GET /index.php/products/wordpress-developer/ HTTP/1.1" 301 - "-" "Mozilla/5.0 (compatible; MJ12bot/v1.4.8; http://mj12bot.com/)"
144.76.99.215 - - [27/Jun/2019:16:31:57 -0400] "GET /index.php/products/wordpress-pro/ HTTP/1.1" 301 - "-" "Mozilla/5.0 (compatible; MJ12bot/v1.4.8; http://mj12bot.com/)"
192.168.254.242 - - [27/Jun/2019:16:32:07 -0400] "POST /wp-cron.php?doing_wp_cron=1561667527.8629169464111328125000 HTTP/1.1" 200 - "http://hosting.digitaldatatechs.com/wp-cron.php?doing_wp_cron=1561667527.8629169464111328125000" "WordPress/5.2.2; https://hosting.digitaldatatechs.com"
144.76.99.215 - - [27/Jun/2019:16:32:07 -0400] "GET /index.php/products/wordpress-ultimate/ HTTP/1.1" 301 - "-" "Mozilla/5.0 (compatible; MJ12bot/v1.4.8; http://mj12bot.com/)"
192.168.254.242 - - [27/Jun/2019:20:03:28 -0400] "POST /wp-cron.php?doing_wp_cron=1561680208.5198268890380859375000 HTTP/1.1" 200 - "http://hosting.digitaldatatechs.com/wp-cron.php?doing_wp_cron=1561680208.5198268890380859375000" "WordPress/5.2.2; https://hosting.digitaldatatechs.com"
164.132.122.244 - - [27/Jun/2019:20:03:28 -0400] "GET /wp-login.php HTTP/1.1" 302 - "-" "Mozilla/5.0 (X11; Ubuntu; Linux x86_64; rv:62.0) Gecko/20100101 Firefox/62.0"
164.132.122.244 - - [27/Jun/2019:20:03:29 -0400] "GET ///?author=1 HTTP/1.1" 301 - "-" "Mozilla/5.0 (X11; Ubuntu; Linux x86_64; rv:62.0) Gecko/20100101 Firefox/62.0"
164.132.122.244 - - [27/Jun/2019:20:03:31 -0400] "GET ///wp-json/wp/v2/users/ HTTP/1.1" 404 218 "-" "Mozilla/5.0 (X11; Ubuntu; Linux x86_64; rv:62.0) Gecko/20100101 Firefox/62.0"
144.76.2.149 - - [28/Jun/2019:19:12:00 -0400] "GET /robots.txt HTTP/1.1" 404 208 "-" "Mozilla/5.0 (compatible; MJ12bot/v1.4.8; http://mj12bot.com/)"
144.76.2.149 - - [28/Jun/2019:19:12:01 -0400] "GET /?p=1 HTTP/1.1" 301 - "-" "Mozilla/5.0 (compatible; MJ12bot/v1.4.8; http://mj12bot.com/)"
192.168.254.242 - - [28/Jun/2019:19:12:01 -0400] "POST /wp-cron.php?doing_wp_cron=1561763521.9419999122619628906250 HTTP/1.1" 200 - "http://hosting.digitaldatatechs.com/wp-cron.php?doing_wp_cron=1561763521.9419999122619628906250" "WordPress/5.2.2; https://hosting.digitaldatatechs.com"
209.17.96.210 - - [04/Jul/2019:16:43:48 -0400] "GET / HTTP/1.1" 301 - "-" "Mozilla/5.0 (compatible; Nimbostratus-Bot/v1.3.2; http://cloudsystemnetworks.com)"
192.168.254.242 - - [04/Jul/2019:16:43:49 -0400] "POST /wp-cron.php?doing_wp_cron=1562273029.2871949672698974609375 HTTP/1.1" 200 - "http://hosting.digitaldatatechs.com/wp-cron.php?doing_wp_cron=1562273029.2871949672698974609375" "WordPress/5.2.2; https://hosting.digitaldatatechs.com"
167.71.170.24 - - [04/Jul/2019:23:42:58 -0400] "GET / HTTP/1.0" 301 - "-" "Mozilla/5.0 (compatible; NetcraftSurveyAgent/1.0; +info@netcraft.com)"
192.168.254.242 - - [04/Jul/2019:23:42:58 -0400] "POST /wp-cron.php?doing_wp_cron=1562298178.4608879089355468750000 HTTP/1.1" 200 - "http://hosting.digitaldatatechs.com/wp-cron.php?doing_wp_cron=1562298178.4608879089355468750000" "WordPress/5.2.2; https://hosting.digitaldatatechs.com"
175.42.86.192 - - [06/Jul/2019:22:09:02 -0400] "GET / HTTP/1.1" 301 - "-" "Mozilla/5.0 (iPhone; CPU iPhone OS 11_0 like Mac OS X) AppleWebKit/604.1.38 (KHTML, like Gecko) Version/11.0 Mobile/15A372 Safari/604.1"
192.168.254.242 - - [06/Jul/2019:22:09:02 -0400] "POST /wp-cron.php?doing_wp_cron=1562465342.7723710536956787109375 HTTP/1.1" 200 - "http://hosting.digitaldatatechs.com/wp-cron.php?doing_wp_cron=1562465342.7723710536956787109375" "WordPress/5.2.2; https://hosting.digitaldatatechs.com"
192.168.254.242 - - [06/Jul/2019:22:09:09 -0400] "POST /wp-cron.php?doing_wp_cron=1562465349.9225499629974365234375 HTTP/1.1" 200 - "http://hosting.digitaldatatechs.com/wp-cron.php?doing_wp_cron=1562465349.9225499629974365234375" "WordPress/5.2.2; https://hosting.digitaldatatechs.com"
120.33.230.138 - - [06/Jul/2019:22:09:09 -0400] "GET / HTTP/1.1" 301 - "-" "Mozilla/5.0 (iPhone; CPU iPhone OS 10_2_1 like Mac OS X) AppleWebKit/602.4.6 (KHTML, like Gecko) Version/10.0 Mobile/14D27 Safari/602.1"
157.55.39.25 - - [08/Jul/2019:06:07:46 -0400] "GET /robots.txt HTTP/1.1" 404 208 "-" "Mozilla/5.0 (compatible; bingbot/2.0; +http://www.bing.com/bingbot.htm)"
157.55.39.250 - - [08/Jul/2019:06:07:59 -0400] "GET /robots.txt HTTP/1.1" 404 208 "-" "Mozilla/5.0 (compatible; bingbot/2.0; +http://www.bing.com/bingbot.htm)"
187.243.240.38 - - [08/Jul/2019:09:26:33 -0400] "GET / HTTP/1.1" 301 - "https://search.yahoo.com/search;_ylt=Awr9BNYXRCNdQKUAuPtXNyoA;_ylu=X3oDMTEza3NiY3RnBGNvbG8DZ3ExBHBvcwMxBHZ0aWQDBHNlYwNwYWdpbmF0aW9u?p=wordpress+optimization+cpanel&pz=10&bct=0&b=131&pz=10&bct=0&xargs=0" "Mozilla/5.0 (Windows NT 10.0; Win64; x64) AppleWebKit/537.36 (KHTML, like Gecko) Chrome/69.0.3497.100 Safari/537.36"
192.168.254.242 - - [08/Jul/2019:09:26:33 -0400] "POST /wp-cron.php?doing_wp_cron=1562592393.6169209480285644531250 HTTP/1.1" 200 - "http://hosting.digitaldatatechs.com/wp-cron.php?doing_wp_cron=1562592393.6169209480285644531250" "WordPress/5.2.2; https://hosting.digitaldatatechs.com"
145.239.41.165 - - [09/Jul/2019:07:01:22 -0400] "GET / HTTP/1.1" 301 - "-" "-"
192.168.254.242 - - [09/Jul/2019:07:01:23 -0400] "POST /wp-cron.php?doing_wp_cron=1562670082.9685249328613281250000 HTTP/1.1" 200 - "http://hosting.digitaldatatechs.com/wp-cron.php?doing_wp_cron=1562670082.9685249328613281250000" "WordPress/5.2.2; https://hosting.digitaldatatechs.com"
46.4.96.69 - - [11/Jul/2019:16:47:43 -0400] "GET /robots.txt HTTP/1.1" 404 208 "-" "Mozilla/5.0 (compatible; BLEXBot/1.0; +http://webmeup-crawler.com/)"
46.4.96.69 - - [11/Jul/2019:18:15:14 -0400] "GET /robots.txt HTTP/1.1" 404 208 "-" "Mozilla/5.0 (compatible; BLEXBot/1.0; +http://webmeup-crawler.com/)"
46.4.96.69 - - [11/Jul/2019:18:15:14 -0400] "GET /sitemap.xml HTTP/1.1" 404 209 "-" "Mozilla/5.0 (compatible; BLEXBot/1.0; +http://webmeup-crawler.com/)"
46.4.96.69 - - [12/Jul/2019:02:19:31 -0400] "GET /robots.txt HTTP/1.1" 404 208 "-" "Mozilla/5.0 (compatible; BLEXBot/1.0; +http://webmeup-crawler.com/)"
46.4.96.69 - - [12/Jul/2019:09:07:57 -0400] "GET /robots.txt HTTP/1.1" 404 208 "-" "Mozilla/5.0 (compatible; BLEXBot/1.0; +http://webmeup-crawler.com/)"
46.4.96.69 - - [12/Jul/2019:12:52:55 -0400] "GET /robots.txt HTTP/1.1" 404 208 "-" "Mozilla/5.0 (compatible; BLEXBot/1.0; +http://webmeup-crawler.com/)"
123.125.67.160 - - [13/Jul/2019:02:07:04 -0400] "GET /robots.txt HTTP/1.1" 404 208 "-" "Mozilla/5.0 (Windows NT 10.0; WOW64) AppleWebKit/537.36 (KHTML, like Gecko) Chrome/45.0.2454.93 Safari/537.36"
66.249.69.47 - - [13/Jul/2019:07:58:37 -0400] "GET /robots.txt HTTP/1.1" 404 208 "-" "Mozilla/5.0 (compatible; Googlebot/2.1; +http://www.google.com/bot.html)"
66.249.69.43 - - [13/Jul/2019:07:58:37 -0400] "GET /awjndaletxtn.html HTTP/1.1" 404 215 "-" "Mozilla/5.0 (compatible; Googlebot/2.1; +http://www.google.com/bot.html)"
192.168.254.242 - - [15/Jul/2019:19:32:38 -0400] "POST /wp-cron.php?doing_wp_cron=1563233558.6584320068359375000000 HTTP/1.1" 200 - "http://hosting.digitaldatatechs.com/wp-cron.php?doing_wp_cron=1563233558.6584320068359375000000" "WordPress/5.2.2; https://hosting.digitaldatatechs.com"
209.17.96.50 - - [15/Jul/2019:19:32:36 -0400] "GET / HTTP/1.1" 301 - "-" "Mozilla/5.0 (compatible; Nimbostratus-Bot/v1.3.2; http://cloudsystemnetworks.com)"
157.55.39.32 - - [17/Jul/2019:06:58:13 -0400] "GET /robots.txt HTTP/1.1" 404 208 "-" "Mozilla/5.0 (compatible; bingbot/2.0; +http://www.bing.com/bingbot.htm)"
157.55.39.124 - - [17/Jul/2019:06:58:18 -0400] "GET /robots.txt HTTP/1.1" 404 208 "-" "Mozilla/5.0 (compatible; bingbot/2.0; +http://www.bing.com/bingbot.htm)"
35.174.211.243 - - [21/Jul/2019:12:46:15 -0400] "GET / HTTP/1.1" 301 - "-" "Mozilla/5.0 (Windows NT 10.0; Win64; x64) AppleWebKit/537.36 (KHTML, like Gecko) Chrome/74.0.3729.131 Safari/537.36"
192.168.254.242 - - [21/Jul/2019:12:46:16 -0400] "POST /wp-cron.php?doing_wp_cron=1563727576.3219630718231201171875 HTTP/1.1" 200 - "http://hosting.digitaldatatechs.com/wp-cron.php?doing_wp_cron=1563727576.3219630718231201171875" "WordPress/5.2.2; https://hosting.digitaldatatechs.com"
216.244.66.236 - - [25/Jul/2019:07:46:39 -0400] "GET /robots.txt HTTP/1.1" 404 208 "-" "Mozilla/5.0 (compatible; DotBot/1.1; http://www.opensiteexplorer.org/dotbot, help@moz.com)"
216.244.66.236 - - [25/Jul/2019:08:03:33 -0400] "GET / HTTP/1.1" 301 - "-" "Mozilla/5.0 (compatible; DotBot/1.1; http://www.opensiteexplorer.org/dotbot, help@moz.com)"
155.159.12.73 - - [25/Jul/2019:13:30:45 -0400] "GET /robots.txt HTTP/1.1" 404 208 "-" "Dispatch/0.11.3"
66.249.66.205 - - [26/Jul/2019:01:48:39 -0400] "GET /robots.txt HTTP/1.1" 404 208 "-" "Mozilla/5.0 (compatible; Googlebot/2.1; +http://www.google.com/bot.html)"
66.249.66.205 - - [26/Jul/2019:01:48:39 -0400] "GET /lwcxvumbne.html HTTP/1.1" 404 213 "-" "Mozilla/5.0 (compatible; Googlebot/2.1; +http://www.google.com/bot.html)"
157.55.39.78 - - [27/Jul/2019:11:05:50 -0400] "GET /robots.txt HTTP/1.1" 404 208 "-" "Mozilla/5.0 (compatible; bingbot/2.0; +http://www.bing.com/bingbot.htm)"
216.244.66.236 - - [27/Jul/2019:11:57:44 -0400] "GET /robots.txt HTTP/1.1" 404 208 "-" "Mozilla/5.0 (compatible; DotBot/1.1; http://www.opensiteexplorer.org/dotbot, help@moz.com)"
216.244.66.236 - - [27/Jul/2019:12:14:44 -0400] "GET /my-account/ HTTP/1.1" 404 209 "-" "Mozilla/5.0 (compatible; DotBot/1.1; http://www.opensiteexplorer.org/dotbot, help@moz.com)"
216.244.66.236 - - [27/Jul/2019:14:17:13 -0400] "GET /robots.txt HTTP/1.1" 404 208 "-" "Mozilla/5.0 (compatible; DotBot/1.1; http://www.opensiteexplorer.org/dotbot, help@moz.com)"
216.244.66.236 - - [27/Jul/2019:14:36:20 -0400] "GET /checkout/ HTTP/1.1" 404 207 "-" "Mozilla/5.0 (compatible; DotBot/1.1; http://www.opensiteexplorer.org/dotbot, help@moz.com)"
216.244.66.236 - - [27/Jul/2019:14:36:53 -0400] "GET /products/business-email/ HTTP/1.1" 404 222 "-" "Mozilla/5.0 (compatible; DotBot/1.1; http://www.opensiteexplorer.org/dotbot, help@moz.com)"
216.244.66.236 - - [27/Jul/2019:15:03:21 -0400] "GET /robots.txt HTTP/1.1" 404 208 "-" "Mozilla/5.0 (compatible; DotBot/1.1; http://www.opensiteexplorer.org/dotbot, help@moz.com)"
216.244.66.236 - - [27/Jul/2019:15:25:15 -0400] "GET /product-category/hosting/dedicated-server/ HTTP/1.1" 404 240 "-" "Mozilla/5.0 (compatible; DotBot/1.1; http://www.opensiteexplorer.org/dotbot, help@moz.com)"
216.244.66.236 - - [27/Jul/2019:18:55:03 -0400] "GET /robots.txt HTTP/1.1" 404 208 "-" "Mozilla/5.0 (compatible; DotBot/1.1; http://www.opensiteexplorer.org/dotbot, help@moz.com)"
216.244.66.236 - - [27/Jul/2019:19:13:26 -0400] "GET /terms/ HTTP/1.1" 404 204 "-" "Mozilla/5.0 (compatible; DotBot/1.1; http://www.opensiteexplorer.org/dotbot, help@moz.com)"
216.244.66.236 - - [27/Jul/2019:19:14:06 -0400] "GET /product-category/hosting/ HTTP/1.1" 404 223 "-" "Mozilla/5.0 (compatible; DotBot/1.1; http://www.opensiteexplorer.org/dotbot, help@moz.com)"
216.244.66.236 - - [28/Jul/2019:00:19:49 -0400] "GET /robots.txt HTTP/1.1" 404 208 "-" "Mozilla/5.0 (compatible; DotBot/1.1; http://www.opensiteexplorer.org/dotbot, help@moz.com)"
216.244.66.236 - - [28/Jul/2019:00:40:41 -0400] "GET /product-category/websites/ HTTP/1.1" 404 224 "-" "Mozilla/5.0 (compatible; DotBot/1.1; http://www.opensiteexplorer.org/dotbot, help@moz.com)"
216.244.66.236 - - [28/Jul/2019:03:25:28 -0400] "GET /robots.txt HTTP/1.1" 404 208 "-" "Mozilla/5.0 (compatible; DotBot/1.1; http://www.opensiteexplorer.org/dotbot, help@moz.com)"
216.244.66.236 - - [28/Jul/2019:03:47:07 -0400] "GET /product-category/hosting/cpanel/ HTTP/1.1" 404 230 "-" "Mozilla/5.0 (compatible; DotBot/1.1; http://www.opensiteexplorer.org/dotbot, help@moz.com)"
216.244.66.236 - - [28/Jul/2019:12:38:08 -0400] "GET /robots.txt HTTP/1.1" 404 208 "-" "Mozilla/5.0 (compatible; DotBot/1.1; http://www.opensiteexplorer.org/dotbot, help@moz.com)"
216.244.66.236 - - [28/Jul/2019:12:54:24 -0400] "GET / HTTP/1.1" 301 - "-" "Mozilla/5.0 (compatible; DotBot/1.1; http://www.opensiteexplorer.org/dotbot, help@moz.com)"
192.168.254.242 - - [28/Jul/2019:12:54:25 -0400] "POST /wp-cron.php?doing_wp_cron=1564332865.3677539825439453125000 HTTP/1.1" 200 - "http://hosting.digitaldatatechs.com/wp-cron.php?doing_wp_cron=1564332865.3677539825439453125000" "WordPress/5.2.2; https://hosting.digitaldatatechs.com"
216.244.66.236 - - [28/Jul/2019:13:23:51 -0400] "GET /robots.txt HTTP/1.1" 404 208 "-" "Mozilla/5.0 (compatible; DotBot/1.1; http://www.opensiteexplorer.org/dotbot, help@moz.com)"
216.244.66.236 - - [28/Jul/2019:13:41:29 -0400] "GET /comments/feed/ HTTP/1.1" 404 212 "-" "Mozilla/5.0 (compatible; DotBot/1.1; http://www.opensiteexplorer.org/dotbot, help@moz.com)"
216.244.66.236 - - [28/Jul/2019:13:42:50 -0400] "GET /product-category/security/ssl/ HTTP/1.1" 404 228 "-" "Mozilla/5.0 (compatible; DotBot/1.1; http://www.opensiteexplorer.org/dotbot, help@moz.com)"
216.244.66.236 - - [28/Jul/2019:23:22:18 -0400] "GET /robots.txt HTTP/1.1" 404 208 "-" "Mozilla/5.0 (compatible; DotBot/1.1; http://www.opensiteexplorer.org/dotbot, help@moz.com)"
216.244.66.236 - - [28/Jul/2019:23:44:46 -0400] "GET /cart/ HTTP/1.1" 404 203 "-" "Mozilla/5.0 (compatible; DotBot/1.1; http://www.opensiteexplorer.org/dotbot, help@moz.com)"
216.244.66.236 - - [29/Jul/2019:08:37:30 -0400] "GET /robots.txt HTTP/1.1" 404 208 "-" "Mozilla/5.0 (compatible; DotBot/1.1; http://www.opensiteexplorer.org/dotbot, help@moz.com)"
216.244.66.236 - - [29/Jul/2019:08:53:27 -0400] "GET /product-category/hosting/vps/ HTTP/1.1" 404 227 "-" "Mozilla/5.0 (compatible; DotBot/1.1; http://www.opensiteexplorer.org/dotbot, help@moz.com)"
216.244.66.236 - - [29/Jul/2019:09:22:07 -0400] "GET /robots.txt HTTP/1.1" 404 208 "-" "Mozilla/5.0 (compatible; DotBot/1.1; http://www.opensiteexplorer.org/dotbot, help@moz.com)"
216.244.66.236 - - [29/Jul/2019:09:37:54 -0400] "GET /feed/ HTTP/1.1" 404 203 "-" "Mozilla/5.0 (compatible; DotBot/1.1; http://www.opensiteexplorer.org/dotbot, help@moz.com)"
216.244.66.236 - - [29/Jul/2019:14:03:50 -0400] "GET /robots.txt HTTP/1.1" 404 208 "-" "Mozilla/5.0 (compatible; DotBot/1.1; http://www.opensiteexplorer.org/dotbot, help@moz.com)"
216.244.66.236 - - [29/Jul/2019:14:23:02 -0400] "GET /products/wordpress-basic/ HTTP/1.1" 404 223 "-" "Mozilla/5.0 (compatible; DotBot/1.1; http://www.opensiteexplorer.org/dotbot, help@moz.com)"
216.244.66.236 - - [29/Jul/2019:14:23:39 -0400] "GET /products/standard-ssl-1-site/ HTTP/1.1" 404 227 "-" "Mozilla/5.0 (compatible; DotBot/1.1; http://www.opensiteexplorer.org/dotbot, help@moz.com)"
216.244.66.236 - - [29/Jul/2019:14:50:50 -0400] "GET /robots.txt HTTP/1.1" 404 208 "-" "Mozilla/5.0 (compatible; DotBot/1.1; http://www.opensiteexplorer.org/dotbot, help@moz.com)"
216.244.66.236 - - [29/Jul/2019:15:12:25 -0400] "GET /product-category/marketing/ HTTP/1.1" 404 225 "-" "Mozilla/5.0 (compatible; DotBot/1.1; http://www.opensiteexplorer.org/dotbot, help@moz.com)"
216.244.66.236 - - [29/Jul/2019:17:55:59 -0400] "GET /robots.txt HTTP/1.1" 404 208 "-" "Mozilla/5.0 (compatible; DotBot/1.1; http://www.opensiteexplorer.org/dotbot, help@moz.com)"
216.244.66.236 - - [29/Jul/2019:18:19:59 -0400] "GET /product-category/security/ HTTP/1.1" 404 224 "-" "Mozilla/5.0 (compatible; DotBot/1.1; http://www.opensiteexplorer.org/dotbot, help@moz.com)"
216.244.66.236 - - [29/Jul/2019:19:28:06 -0400] "GET /robots.txt HTTP/1.1" 404 208 "-" "Mozilla/5.0 (compatible; DotBot/1.1; http://www.opensiteexplorer.org/dotbot, help@moz.com)"
216.244.66.236 - - [29/Jul/2019:19:47:46 -0400] "GET /product-category/workspace/ HTTP/1.1" 404 225 "-" "Mozilla/5.0 (compatible; DotBot/1.1; http://www.opensiteexplorer.org/dotbot, help@moz.com)"
216.244.66.236 - - [30/Jul/2019:00:47:58 -0400] "GET /robots.txt HTTP/1.1" 404 208 "-" "Mozilla/5.0 (compatible; DotBot/1.1; http://www.opensiteexplorer.org/dotbot, help@moz.com)"
216.244.66.236 - - [30/Jul/2019:01:09:05 -0400] "GET /products/domain-registration/ HTTP/1.1" 404 227 "-" "Mozilla/5.0 (compatible; DotBot/1.1; http://www.opensiteexplorer.org/dotbot, help@moz.com)"
216.244.66.236 - - [30/Jul/2019:05:20:09 -0400] "GET /robots.txt HTTP/1.1" 404 208 "-" "Mozilla/5.0 (compatible; DotBot/1.1; http://www.opensiteexplorer.org/dotbot, help@moz.com)"
216.244.66.236 - - [30/Jul/2019:05:41:54 -0400] "GET /products/website-builder-business/ HTTP/1.1" 404 232 "-" "Mozilla/5.0 (compatible; DotBot/1.1; http://www.opensiteexplorer.org/dotbot, help@moz.com)"
216.244.66.236 - - [30/Jul/2019:06:06:09 -0400] "GET /robots.txt HTTP/1.1" 404 208 "-" "Mozilla/5.0 (compatible; DotBot/1.1; http://www.opensiteexplorer.org/dotbot, help@moz.com)"
216.244.66.236 - - [30/Jul/2019:06:25:42 -0400] "GET /products/cpanel-starter/ HTTP/1.1" 404 222 "-" "Mozilla/5.0 (compatible; DotBot/1.1; http://www.opensiteexplorer.org/dotbot, help@moz.com)"
216.244.66.236 - - [30/Jul/2019:12:56:51 -0400] "GET /robots.txt HTTP/1.1" 404 208 "-" "Mozilla/5.0 (compatible; DotBot/1.1; http://www.opensiteexplorer.org/dotbot, help@moz.com)"
216.244.66.236 - - [30/Jul/2019:13:24:42 -0400] "GET /product-category/hosting/wordpress/ HTTP/1.1" 404 233 "-" "Mozilla/5.0 (compatible; DotBot/1.1; http://www.opensiteexplorer.org/dotbot, help@moz.com)"
216.244.66.236 - - [30/Jul/2019:13:43:45 -0400] "GET /robots.txt HTTP/1.1" 404 208 "-" "Mozilla/5.0 (compatible; DotBot/1.1; http://www.opensiteexplorer.org/dotbot, help@moz.com)"
216.244.66.236 - - [30/Jul/2019:14:08:31 -0400] "GET /products/search-engine-optimization-seo/ HTTP/1.1" 404 238 "-" "Mozilla/5.0 (compatible; DotBot/1.1; http://www.opensiteexplorer.org/dotbot, help@moz.com)"
190.93.179.254 - - [30/Jul/2019:15:30:24 -0400] "GET //wp-login.php HTTP/1.1" 302 - "http://www.google.com.hk" "Mozilla/5.0 (Windows NT 6.1; WOW64) AppleWebKit/537.36 (KHTML, like Gecko) Chrome/42.0.2311.90 Safari/537.36"
216.244.66.236 - - [31/Jul/2019:17:09:32 -0400] "GET /robots.txt HTTP/1.1" 404 208 "-" "Mozilla/5.0 (compatible; DotBot/1.1; http://www.opensiteexplorer.org/dotbot, help@moz.com)"
216.244.66.236 - - [31/Jul/2019:17:22:34 -0400] "GET / HTTP/1.1" 301 - "-" "Mozilla/5.0 (compatible; DotBot/1.1; http://www.opensiteexplorer.org/dotbot, help@moz.com)"
106.75.85.103 - - [03/Aug/2019:09:12:11 -0400] "GET / HTTP/1.1" 301 - "-" "Mozilla/5.0 (Windows NT 6.1) AppleWebKit/537.36 (KHTML, like Gecko) Chrome/49.0.2623.112 Safari/537.36"
167.71.106.149 - - [03/Aug/2019:14:52:29 -0400] "GET / HTTP/1.0" 301 - "-" "Mozilla/5.0 (compatible; NetcraftSurveyAgent/1.0; +info@netcraft.com)"
216.244.66.236 - - [03/Aug/2019:21:22:22 -0400] "GET /robots.txt HTTP/1.1" 404 208 "-" "Mozilla/5.0 (compatible; DotBot/1.1; http://www.opensiteexplorer.org/dotbot, help@moz.com)"
216.244.66.236 - - [03/Aug/2019:21:33:07 -0400] "GET / HTTP/1.1" 301 - "-" "Mozilla/5.0 (compatible; DotBot/1.1; http://www.opensiteexplorer.org/dotbot, help@moz.com)"
192.168.254.242 - - [03/Aug/2019:21:33:07 -0400] "POST /wp-cron.php?doing_wp_cron=1564882387.8375380039215087890625 HTTP/1.1" 200 - "http://hosting.digitaldatatechs.com/wp-cron.php?doing_wp_cron=1564882387.8375380039215087890625" "WordPress/5.2.2; https://hosting.digitaldatatechs.com"
123.125.67.226 - - [05/Aug/2019:07:33:31 -0400] "GET /robots.txt HTTP/1.1" 404 208 "-" "Mozilla/5.0 (Windows NT 10.0; WOW64) AppleWebKit/537.36 (KHTML, like Gecko) Chrome/45.0.2454.93 Safari/537.36"
123.125.67.218 - - [05/Aug/2019:12:14:43 -0400] "GET /robots.txt HTTP/1.1" 404 208 "-" "Mozilla/5.0 (Windows NT 10.0; WOW64) AppleWebKit/537.36 (KHTML, like Gecko) Chrome/45.0.2454.93 Safari/537.36"
173.252.127.34 - - [05/Aug/2019:14:10:23 -0400] "GET /wp-content/uploads/2019/04/logo.jpg HTTP/1.1" 200 14669 "-" "adreview/1.0"
173.252.127.34 - - [05/Aug/2019:14:12:51 -0400] "GET /wp-content/uploads/2019/04/logo.jpg HTTP/1.1" 200 14669 "-" "adreview/1.0"
173.252.127.43 - - [05/Aug/2019:14:12:52 -0400] "GET /wp-content/uploads/2019/04/logo.jpg HTTP/1.1" 200 14669 "-" "cortex/1.0"
173.252.127.14 - - [05/Aug/2019:14:12:52 -0400] "GET /wp-content/uploads/2019/04/logo.jpg HTTP/1.1" 200 14669 "-" "cortex/1.0"
46.105.99.212 - - [06/Aug/2019:12:04:45 -0400] "GET /wp-login.php HTTP/1.1" 302 - "-" "Mozilla/5.0 (Windows NT 10.0; WOW64) AppleWebKit/537.36 (KHTML, like Gecko) Chrome/46.0.2490.80 Safari/537.36"
192.168.254.242 - - [06/Aug/2019:12:04:45 -0400] "POST /wp-cron.php?doing_wp_cron=1565107485.8518691062927246093750 HTTP/1.1" 200 - "http://hosting.digitaldatatechs.com/wp-cron.php?doing_wp_cron=1565107485.8518691062927246093750" "WordPress/5.2.2; https://hosting.digitaldatatechs.com"
46.105.99.212 - - [06/Aug/2019:12:05:18 -0400] "GET / HTTP/1.1" 301 - "-" "Mozilla/5.0 (Windows NT 10.0; WOW64) AppleWebKit/537.36 (KHTML, like Gecko) Chrome/46.0.2490.80 Safari/537.36"
46.105.99.212 - - [06/Aug/2019:12:05:38 -0400] "GET /?author=1 HTTP/1.1" 301 - "-" "Mozilla/5.0 (Windows NT 10.0; WOW64) AppleWebKit/537.36 (KHTML, like Gecko) Chrome/46.0.2490.80 Safari/537.36"
192.168.254.242 - - [06/Aug/2019:12:06:07 -0400] "POST /wp-cron.php?doing_wp_cron=1565107567.2552030086517333984375 HTTP/1.1" 200 - "http://hosting.digitaldatatechs.com/wp-cron.php?doing_wp_cron=1565107567.2552030086517333984375" "WordPress/5.2.2; https://hosting.digitaldatatechs.com"
46.105.99.212 - - [06/Aug/2019:12:06:07 -0400] "GET /?author=2 HTTP/1.1" 301 - "-" "Mozilla/5.0 (Windows NT 10.0; WOW64) AppleWebKit/537.36 (KHTML, like Gecko) Chrome/46.0.2490.80 Safari/537.36"
192.168.254.242 - - [06/Aug/2019:12:06:19 -0400] "POST /wp-cron.php?doing_wp_cron=1565107579.5674319267272949218750 HTTP/1.1" 200 - "http://hosting.digitaldatatechs.com/wp-cron.php?doing_wp_cron=1565107579.5674319267272949218750" "WordPress/5.2.2; https://hosting.digitaldatatechs.com"
46.105.99.212 - - [06/Aug/2019:12:06:19 -0400] "POST /wp-login.php HTTP/1.1" 302 - "-" "Mozilla/5.0 (Windows NT 10.0; WOW64) AppleWebKit/537.36 (KHTML, like Gecko) Chrome/46.0.2490.80 Safari/537.36"
216.244.66.236 - - [07/Aug/2019:00:53:21 -0400] "GET /robots.txt HTTP/1.1" 404 208 "-" "Mozilla/5.0 (compatible; DotBot/1.1; http://www.opensiteexplorer.org/dotbot, help@moz.com)"
216.244.66.236 - - [07/Aug/2019:01:04:45 -0400] "GET / HTTP/1.1" 301 - "-" "Mozilla/5.0 (compatible; DotBot/1.1; http://www.opensiteexplorer.org/dotbot, help@moz.com)"
62.4.14.206 - - [07/Aug/2019:04:09:56 -0400] "GET / HTTP/1.1" 301 - "-" "Mozilla/5.0 (X11; Ubuntu; Linux x86_64; rv:58.0) Gecko/20100101 Firefox/58.0"
192.168.254.242 - - [07/Aug/2019:04:09:56 -0400] "POST /wp-cron.php?doing_wp_cron=1565165396.5582160949707031250000 HTTP/1.1" 200 - "http://hosting.digitaldatatechs.com/wp-cron.php?doing_wp_cron=1565165396.5582160949707031250000" "WordPress/5.2.2; https://hosting.digitaldatatechs.com"
216.244.66.236 - - [10/Aug/2019:04:15:38 -0400] "GET /robots.txt HTTP/1.1" 404 208 "-" "Mozilla/5.0 (compatible; DotBot/1.1; http://www.opensiteexplorer.org/dotbot, help@moz.com)"
216.244.66.236 - - [10/Aug/2019:04:24:42 -0400] "GET / HTTP/1.1" 301 - "-" "Mozilla/5.0 (compatible; DotBot/1.1; http://www.opensiteexplorer.org/dotbot, help@moz.com)"
192.168.254.242 - - [10/Aug/2019:04:24:42 -0400] "POST /wp-cron.php?doing_wp_cron=1565425482.8198139667510986328125 HTTP/1.1" 200 - "http://hosting.digitaldatatechs.com/wp-cron.php?doing_wp_cron=1565425482.8198139667510986328125" "WordPress/5.2.2; https://hosting.digitaldatatechs.com"
199.47.87.143 - - [10/Aug/2019:11:27:55 -0400] "GET /robots.txt HTTP/1.1" 404 208 "-" "TurnitinBot (https://turnitin.com/robot/crawlerinfo.html)"
192.168.254.242 - - [10/Aug/2019:19:51:57 -0400] "POST /wp-cron.php?doing_wp_cron=1565481117.2849459648132324218750 HTTP/1.1" 200 - "http://hosting.digitaldatatechs.com/wp-cron.php?doing_wp_cron=1565481117.2849459648132324218750" "WordPress/5.2.2; https://hosting.digitaldatatechs.com"
194.61.24.29 - - [10/Aug/2019:19:51:57 -0400] "GET / HTTP/1.1" 301 - "-" "Mozilla/5.0 (Windows NT 10.0; Win64; x64) AppleWebKit/537.36 (KHTML, like Gecko) Chrome/63.0.3239.132 Safari/537.36"
192.168.254.242 - - [11/Aug/2019:03:49:37 -0400] "POST /wp-cron.php?doing_wp_cron=1565509777.9503719806671142578125 HTTP/1.1" 200 - "http://hosting.digitaldatatechs.com/wp-cron.php?doing_wp_cron=1565509777.9503719806671142578125" "WordPress/5.2.2; https://hosting.digitaldatatechs.com"
37.115.185.241 - - [11/Aug/2019:03:49:37 -0400] "GET / HTTP/1.1" 301 - "-" "Mozilla/5.0 (Windows NT 10.0; Win64; x64) AppleWebKit/537.36 (KHTML, like Gecko) Chrome/63.0.3239.132 Safari/537.36"
157.55.39.14 - - [11/Aug/2019:09:23:15 -0400] "GET /robots.txt HTTP/1.1" 404 208 "-" "Mozilla/5.0 (compatible; bingbot/2.0; +http://www.bing.com/bingbot.htm)"
207.46.13.60 - - [11/Aug/2019:09:23:17 -0400] "GET / HTTP/1.1" 301 - "-" "Mozilla/5.0 (compatible; bingbot/2.0; +http://www.bing.com/bingbot.htm)"
157.55.39.146 - - [11/Aug/2019:20:48:12 -0400] "GET / HTTP/1.1" 301 - "-" "Mozilla/5.0 (compatible; bingbot/2.0; +http://www.bing.com/bingbot.htm)"
192.168.254.242 - - [11/Aug/2019:20:48:13 -0400] "POST /wp-cron.php?doing_wp_cron=1565570893.1887300014495849609375 HTTP/1.1" 200 - "http://hosting.digitaldatatechs.com/wp-cron.php?doing_wp_cron=1565570893.1887300014495849609375" "WordPress/5.2.2; https://hosting.digitaldatatechs.com"
66.249.75.205 - - [11/Aug/2019:21:46:23 -0400] "GET /robots.txt HTTP/1.1" 404 208 "-" "Mozilla/5.0 (compatible; Googlebot/2.1; +http://www.google.com/bot.html)"
66.249.75.203 - - [11/Aug/2019:21:46:23 -0400] "GET /qxfftrwyql.html HTTP/1.1" 404 213 "-" "Mozilla/5.0 (compatible; Googlebot/2.1; +http://www.google.com/bot.html)"
157.55.39.245 - - [12/Aug/2019:11:18:21 -0400] "GET / HTTP/1.1" 301 - "-" "Mozilla/5.0 (compatible; bingbot/2.0; +http://www.bing.com/bingbot.htm)"
192.168.254.242 - - [12/Aug/2019:11:18:22 -0400] "POST /wp-cron.php?doing_wp_cron=1565623102.2485609054565429687500 HTTP/1.1" 200 - "http://hosting.digitaldatatechs.com/wp-cron.php?doing_wp_cron=1565623102.2485609054565429687500" "WordPress/5.2.2; https://hosting.digitaldatatechs.com"
155.159.120.135 - - [12/Aug/2019:11:36:11 -0400] "GET /robots.txt HTTP/1.1" 404 208 "-" "Dispatch/0.11.3"
216.244.66.236 - - [13/Aug/2019:07:49:45 -0400] "GET /robots.txt HTTP/1.1" 404 208 "-" "Mozilla/5.0 (compatible; DotBot/1.1; http://www.opensiteexplorer.org/dotbot, help@moz.com)"
216.244.66.236 - - [13/Aug/2019:07:59:57 -0400] "GET / HTTP/1.1" 301 - "-" "Mozilla/5.0 (compatible; DotBot/1.1; http://www.opensiteexplorer.org/dotbot, help@moz.com)"
192.168.254.242 - - [13/Aug/2019:07:59:57 -0400] "POST /wp-cron.php?doing_wp_cron=1565697597.4277920722961425781250 HTTP/1.1" 200 - "http://hosting.digitaldatatechs.com/wp-cron.php?doing_wp_cron=1565697597.4277920722961425781250" "WordPress/5.2.2; https://hosting.digitaldatatechs.com"
157.55.39.21 - - [13/Aug/2019:15:43:55 -0400] "GET /robots.txt HTTP/1.1" 404 208 "-" "Mozilla/5.0 (compatible; bingbot/2.0; +http://www.bing.com/bingbot.htm)"
207.46.13.153 - - [13/Aug/2019:15:43:58 -0400] "GET / HTTP/1.1" 301 - "-" "Mozilla/5.0 (compatible; bingbot/2.0; +http://www.bing.com/bingbot.htm)"
192.168.254.242 - - [13/Aug/2019:15:43:58 -0400] "POST /wp-cron.php?doing_wp_cron=1565725438.8919599056243896484375 HTTP/1.1" 200 - "http://hosting.digitaldatatechs.com/wp-cron.php?doing_wp_cron=1565725438.8919599056243896484375" "WordPress/5.2.2; https://hosting.digitaldatatechs.com"
157.55.39.91 - - [14/Aug/2019:04:57:40 -0400] "GET / HTTP/1.1" 301 - "-" "Mozilla/5.0 (compatible; bingbot/2.0; +http://www.bing.com/bingbot.htm)"
192.168.254.242 - - [14/Aug/2019:04:57:40 -0400] "POST /wp-cron.php?doing_wp_cron=1565773060.8536319732666015625000 HTTP/1.1" 200 - "http://hosting.digitaldatatechs.com/wp-cron.php?doing_wp_cron=1565773060.8536319732666015625000" "WordPress/5.2.2; https://hosting.digitaldatatechs.com"
40.77.167.215 - - [14/Aug/2019:19:58:56 -0400] "GET / HTTP/1.1" 301 - "-" "Mozilla/5.0 (compatible; bingbot/2.0; +http://www.bing.com/bingbot.htm)"
207.46.13.211 - - [15/Aug/2019:07:47:57 -0400] "GET /robots.txt HTTP/1.1" 404 208 "-" "Mozilla/5.0 (compatible; bingbot/2.0; +http://www.bing.com/bingbot.htm)"
157.55.39.214 - - [15/Aug/2019:11:12:19 -0400] "GET / HTTP/1.1" 301 - "-" "Mozilla/5.0 (compatible; bingbot/2.0; +http://www.bing.com/bingbot.htm)"
192.168.254.242 - - [15/Aug/2019:11:12:19 -0400] "POST /wp-cron.php?doing_wp_cron=1565881939.9626860618591308593750 HTTP/1.1" 200 - "http://hosting.digitaldatatechs.com/wp-cron.php?doing_wp_cron=1565881939.9626860618591308593750" "WordPress/5.2.2; https://hosting.digitaldatatechs.com"
157.55.39.40 - - [16/Aug/2019:03:22:23 -0400] "GET /robots.txt HTTP/1.1" 404 208 "-" "Mozilla/5.0 (compatible; bingbot/2.0; +http://www.bing.com/bingbot.htm)"
207.46.13.153 - - [16/Aug/2019:03:22:24 -0400] "GET / HTTP/1.1" 301 - "-" "Mozilla/5.0 (compatible; bingbot/2.0; +http://www.bing.com/bingbot.htm)"
192.168.254.242 - - [16/Aug/2019:03:22:24 -0400] "POST /wp-cron.php?doing_wp_cron=1565940144.9316220283508300781250 HTTP/1.1" 200 - "http://hosting.digitaldatatechs.com/wp-cron.php?doing_wp_cron=1565940144.9316220283508300781250" "WordPress/5.2.2; https://hosting.digitaldatatechs.com"
216.244.66.236 - - [16/Aug/2019:11:08:29 -0400] "GET /robots.txt HTTP/1.1" 404 208 "-" "Mozilla/5.0 (compatible; DotBot/1.1; http://www.opensiteexplorer.org/dotbot, help@moz.com)"
192.168.254.242 - - [16/Aug/2019:11:16:58 -0400] "POST /wp-cron.php?doing_wp_cron=1565968618.4233989715576171875000 HTTP/1.1" 200 - "http://hosting.digitaldatatechs.com/wp-cron.php?doing_wp_cron=1565968618.4233989715576171875000" "WordPress/5.2.2; https://hosting.digitaldatatechs.com"
216.244.66.236 - - [16/Aug/2019:11:16:58 -0400] "GET / HTTP/1.1" 301 - "-" "Mozilla/5.0 (compatible; DotBot/1.1; http://www.opensiteexplorer.org/dotbot, help@moz.com)"
207.46.13.93 - - [16/Aug/2019:18:02:24 -0400] "GET / HTTP/1.1" 301 - "-" "Mozilla/5.0 (compatible; bingbot/2.0; +http://www.bing.com/bingbot.htm)"
192.168.254.242 - - [17/Aug/2019:08:36:08 -0400] "POST /wp-cron.php?doing_wp_cron=1566045368.5228381156921386718750 HTTP/1.1" 200 - "http://hosting.digitaldatatechs.com/wp-cron.php?doing_wp_cron=1566045368.5228381156921386718750" "WordPress/5.2.2; https://hosting.digitaldatatechs.com"
40.77.167.118 - - [17/Aug/2019:08:36:08 -0400] "GET / HTTP/1.1" 301 - "-" "Mozilla/5.0 (compatible; bingbot/2.0; +http://www.bing.com/bingbot.htm)"
40.77.167.144 - - [17/Aug/2019:21:01:21 -0400] "GET / HTTP/1.1" 301 - "-" "Mozilla/5.0 (compatible; bingbot/2.0; +http://www.bing.com/bingbot.htm)"
192.168.254.242 - - [17/Aug/2019:21:01:21 -0400] "POST /wp-cron.php?doing_wp_cron=1566090081.7934110164642333984375 HTTP/1.1" 200 - "http://hosting.digitaldatatechs.com/wp-cron.php?doing_wp_cron=1566090081.7934110164642333984375" "WordPress/5.2.2; https://hosting.digitaldatatechs.com"
157.55.39.31 - - [18/Aug/2019:21:53:52 -0400] "GET /robots.txt HTTP/1.1" 404 208 "-" "Mozilla/5.0 (compatible; bingbot/2.0; +http://www.bing.com/bingbot.htm)"
207.46.13.136 - - [18/Aug/2019:21:53:57 -0400] "GET / HTTP/1.1" 301 - "-" "Mozilla/5.0 (compatible; bingbot/2.0; +http://www.bing.com/bingbot.htm)"
40.77.167.161 - - [19/Aug/2019:12:55:54 -0400] "GET / HTTP/1.1" 301 - "-" "Mozilla/5.0 (compatible; bingbot/2.0; +http://www.bing.com/bingbot.htm)"
216.244.66.236 - - [19/Aug/2019:14:38:58 -0400] "GET /robots.txt HTTP/1.1" 404 208 "-" "Mozilla/5.0 (compatible; DotBot/1.1; http://www.opensiteexplorer.org/dotbot, help@moz.com)"
192.168.254.242 - - [19/Aug/2019:14:47:17 -0400] "POST /wp-cron.php?doing_wp_cron=1566240437.0140171051025390625000 HTTP/1.1" 200 - "http://hosting.digitaldatatechs.com/wp-cron.php?doing_wp_cron=1566240437.0140171051025390625000" "WordPress/5.2.2; https://hosting.digitaldatatechs.com"
216.244.66.236 - - [19/Aug/2019:14:47:16 -0400] "GET / HTTP/1.1" 301 - "-" "Mozilla/5.0 (compatible; DotBot/1.1; http://www.opensiteexplorer.org/dotbot, help@moz.com)"
40.77.167.39 - - [20/Aug/2019:07:55:04 -0400] "GET / HTTP/1.1" 301 - "-" "Mozilla/5.0 (compatible; bingbot/2.0; +http://www.bing.com/bingbot.htm)"
157.55.39.139 - - [20/Aug/2019:19:49:20 -0400] "GET / HTTP/1.1" 301 - "-" "Mozilla/5.0 (compatible; bingbot/2.0; +http://www.bing.com/bingbot.htm)"
157.55.39.13 - - [21/Aug/2019:10:43:05 -0400] "GET /robots.txt HTTP/1.1" 404 208 "-" "Mozilla/5.0 (compatible; bingbot/2.0; +http://www.bing.com/bingbot.htm)"
40.77.167.158 - - [21/Aug/2019:10:43:07 -0400] "GET / HTTP/1.1" 301 - "-" "Mozilla/5.0 (compatible; bingbot/2.0; +http://www.bing.com/bingbot.htm)"
157.55.39.83 - - [21/Aug/2019:22:12:36 -0400] "GET / HTTP/1.1" 301 - "-" "Mozilla/5.0 (compatible; bingbot/2.0; +http://www.bing.com/bingbot.htm)"
155.159.104.82 - - [22/Aug/2019:11:37:08 -0400] "GET /robots.txt HTTP/1.1" 404 208 "-" "Dispatch/0.11.3"
157.55.39.166 - - [22/Aug/2019:15:46:06 -0400] "GET /robots.txt HTTP/1.1" 404 208 "-" "Mozilla/5.0 (compatible; bingbot/2.0; +http://www.bing.com/bingbot.htm)"
216.244.66.236 - - [22/Aug/2019:17:29:42 -0400] "GET /robots.txt HTTP/1.1" 404 208 "-" "Mozilla/5.0 (compatible; DotBot/1.1; http://www.opensiteexplorer.org/dotbot, help@moz.com)"
216.244.66.236 - - [22/Aug/2019:17:37:23 -0400] "GET / HTTP/1.1" 301 - "-" "Mozilla/5.0 (compatible; DotBot/1.1; http://www.opensiteexplorer.org/dotbot, help@moz.com)"
192.168.254.242 - - [22/Aug/2019:17:37:23 -0400] "POST /wp-cron.php?doing_wp_cron=1566509843.7470700740814208984375 HTTP/1.1" 200 - "http://hosting.digitaldatatechs.com/wp-cron.php?doing_wp_cron=1566509843.7470700740814208984375" "WordPress/5.2.2; https://hosting.digitaldatatechs.com"
157.55.39.203 - - [23/Aug/2019:00:14:02 -0400] "GET / HTTP/1.1" 301 - "-" "Mozilla/5.0 (compatible; bingbot/2.0; +http://www.bing.com/bingbot.htm)"
192.168.254.242 - - [23/Aug/2019:00:14:02 -0400] "POST /wp-cron.php?doing_wp_cron=1566533642.3402938842773437500000 HTTP/1.1" 200 - "http://hosting.digitaldatatechs.com/wp-cron.php?doing_wp_cron=1566533642.3402938842773437500000" "WordPress/5.2.2; https://hosting.digitaldatatechs.com"
18.206.13.39 - - [23/Aug/2019:14:46:01 -0400] "GET /robots.txt HTTP/1.1" 404 208 "-" "CCBot/2.0 (https://commoncrawl.org/faq/)"
192.168.254.242 - - [23/Aug/2019:14:46:02 -0400] "POST /wp-cron.php?doing_wp_cron=1566585962.1549050807952880859375 HTTP/1.1" 200 - "http://hosting.digitaldatatechs.com/wp-cron.php?doing_wp_cron=1566585962.1549050807952880859375" "WordPress/5.2.2; https://hosting.digitaldatatechs.com"
18.206.13.39 - - [23/Aug/2019:14:46:01 -0400] "GET / HTTP/1.1" 301 - "-" "CCBot/2.0 (https://commoncrawl.org/faq/)"
157.55.39.21 - - [23/Aug/2019:15:02:14 -0400] "GET /robots.txt HTTP/1.1" 404 208 "-" "Mozilla/5.0 (compatible; bingbot/2.0; +http://www.bing.com/bingbot.htm)"
207.46.13.214 - - [23/Aug/2019:15:02:15 -0400] "GET / HTTP/1.1" 301 - "-" "Mozilla/5.0 (compatible; bingbot/2.0; +http://www.bing.com/bingbot.htm)"
207.46.13.39 - - [24/Aug/2019:02:40:46 -0400] "GET / HTTP/1.1" 301 - "-" "Mozilla/5.0 (compatible; bingbot/2.0; +http://www.bing.com/bingbot.htm)"
207.46.13.192 - - [24/Aug/2019:17:59:51 -0400] "GET / HTTP/1.1" 301 - "-" "Mozilla/5.0 (compatible; bingbot/2.0; +http://www.bing.com/bingbot.htm)"
193.56.28.42 - - [25/Aug/2019:08:43:37 -0400] "GET /robots.txt HTTP/1.1" 404 208 "-" "Mozilla/5.0 (Windows NT 10.0; WOW64) AppleWebKit/537.36 (KHTML, like Gecko) Chrome/49.0.2623.75 Safari/537.36 OPR/36.0.2130.32"
157.55.39.39 - - [25/Aug/2019:14:29:27 -0400] "GET /robots.txt HTTP/1.1" 404 208 "-" "Mozilla/5.0 (compatible; bingbot/2.0; +http://www.bing.com/bingbot.htm)"
207.46.13.14 - - [25/Aug/2019:19:54:09 -0400] "GET /robots.txt HTTP/1.1" 404 208 "-" "Mozilla/5.0 (compatible; bingbot/2.0; +http://www.bing.com/bingbot.htm)"
216.244.66.236 - - [25/Aug/2019:20:15:04 -0400] "GET /robots.txt HTTP/1.1" 404 208 "-" "Mozilla/5.0 (compatible; DotBot/1.1; http://www.opensiteexplorer.org/dotbot, help@moz.com)"
216.244.66.236 - - [25/Aug/2019:20:22:07 -0400] "GET / HTTP/1.1" 301 - "-" "Mozilla/5.0 (compatible; DotBot/1.1; http://www.opensiteexplorer.org/dotbot, help@moz.com)"
192.168.254.242 - - [25/Aug/2019:20:22:07 -0400] "POST /wp-cron.php?doing_wp_cron=1566778927.3062660694122314453125 HTTP/1.1" 200 - "http://hosting.digitaldatatechs.com/wp-cron.php?doing_wp_cron=1566778927.3062660694122314453125" "WordPress/5.2.2; https://hosting.digitaldatatechs.com"
157.55.39.145 - - [26/Aug/2019:01:33:30 -0400] "GET / HTTP/1.1" 301 - "-" "Mozilla/5.0 (compatible; bingbot/2.0; +http://www.bing.com/bingbot.htm)"
157.55.39.140 - - [26/Aug/2019:18:01:47 -0400] "GET / HTTP/1.1" 301 - "-" "Mozilla/5.0 (compatible; bingbot/2.0; +http://www.bing.com/bingbot.htm)"
192.168.254.242 - - [26/Aug/2019:18:01:47 -0400] "POST /wp-cron.php?doing_wp_cron=1566856907.8421719074249267578125 HTTP/1.1" 200 - "http://hosting.digitaldatatechs.com/wp-cron.php?doing_wp_cron=1566856907.8421719074249267578125" "WordPress/5.2.2; https://hosting.digitaldatatechs.com"
207.46.13.130 - - [27/Aug/2019:09:35:00 -0400] "GET / HTTP/1.1" 301 - "-" "Mozilla/5.0 (compatible; bingbot/2.0; +http://www.bing.com/bingbot.htm)"
192.168.254.242 - - [27/Aug/2019:09:35:00 -0400] "POST /wp-cron.php?doing_wp_cron=1566912900.6857819557189941406250 HTTP/1.1" 200 - "http://hosting.digitaldatatechs.com/wp-cron.php?doing_wp_cron=1566912900.6857819557189941406250" "WordPress/5.2.2; https://hosting.digitaldatatechs.com"
46.174.71.83 - - [27/Aug/2019:12:15:54 -0400] "GET /phpmyadmin/ HTTP/1.0" 404 209 "http://hosting.digitaldatatechs.com/phpmyadmin/" "Mozilla/5.0 (Windows NT 6.1; WOW64) AppleWebKit/537.36 (KHTML, like Gecko) Chrome/31.0.1650.63 Safari/537.36 OPR/18.0.1284.68"
46.174.71.83 - - [27/Aug/2019:12:15:54 -0400] "GET /phpmyadmin/index.php HTTP/1.0" 404 218 "http://hosting.digitaldatatechs.com/phpmyadmin/index.php" "Mozilla/5.0 (Windows NT 5.1) AppleWebKit/537.36 (KHTML, like Gecko) Chrome/32.0.1700.102 Safari/537.36"
157.55.39.31 - - [28/Aug/2019:08:22:43 -0400] "GET /robots.txt HTTP/1.1" 404 208 "-" "Mozilla/5.0 (compatible; bingbot/2.0; +http://www.bing.com/bingbot.htm)"
207.46.13.212 - - [28/Aug/2019:08:22:44 -0400] "GET / HTTP/1.1" 301 - "-" "Mozilla/5.0 (compatible; bingbot/2.0; +http://www.bing.com/bingbot.htm)"
192.168.254.242 - - [28/Aug/2019:08:22:45 -0400] "POST /wp-cron.php?doing_wp_cron=1566994965.0578200817108154296875 HTTP/1.1" 200 - "http://hosting.digitaldatatechs.com/wp-cron.php?doing_wp_cron=1566994965.0578200817108154296875" "WordPress/5.2.2; https://hosting.digitaldatatechs.com"
66.249.75.175 - - [28/Aug/2019:09:04:36 -0400] "GET /robots.txt HTTP/1.1" 404 208 "-" "Mozilla/5.0 (compatible; Googlebot/2.1; +http://www.google.com/bot.html)"
66.249.75.171 - - [28/Aug/2019:09:04:36 -0400] "GET /wfzuoaxwds.html HTTP/1.1" 404 213 "-" "Mozilla/5.0 (compatible; Googlebot/2.1; +http://www.google.com/bot.html)"
207.46.13.133 - - [28/Aug/2019:19:59:36 -0400] "GET / HTTP/1.1" 301 - "-" "Mozilla/5.0 (compatible; bingbot/2.0; +http://www.bing.com/bingbot.htm)"
216.244.66.236 - - [28/Aug/2019:23:00:05 -0400] "GET /robots.txt HTTP/1.1" 404 208 "-" "Mozilla/5.0 (compatible; DotBot/1.1; http://www.opensiteexplorer.org/dotbot, help@moz.com)"
216.244.66.236 - - [28/Aug/2019:23:09:22 -0400] "GET / HTTP/1.1" 301 - "-" "Mozilla/5.0 (compatible; DotBot/1.1; http://www.opensiteexplorer.org/dotbot, help@moz.com)"
192.168.254.242 - - [28/Aug/2019:23:09:22 -0400] "POST /wp-cron.php?doing_wp_cron=1567048162.2528519630432128906250 HTTP/1.1" 200 - "http://hosting.digitaldatatechs.com/wp-cron.php?doing_wp_cron=1567048162.2528519630432128906250" "WordPress/5.2.2; https://hosting.digitaldatatechs.com"
46.4.96.69 - - [29/Aug/2019:11:37:03 -0400] "GET /robots.txt HTTP/1.1" 404 208 "-" "Mozilla/5.0 (compatible; BLEXBot/1.0; +http://webmeup-crawler.com/)"
46.4.96.69 - - [29/Aug/2019:12:27:16 -0400] "GET /robots.txt HTTP/1.1" 404 208 "-" "Mozilla/5.0 (compatible; BLEXBot/1.0; +http://webmeup-crawler.com/)"
