195.229.121.98 - - [02/Oct/2019:08:17:41 -0400] "GET //wp/ HTTP/1.1" 404 201 "-" "Mozilla/5.0 (X11; Linux x86_64) AppleWebKit/537.31 (KHTML, like Gecko) Chrome/26.0.1410.63 Safari/537.31"
195.229.121.98 - - [02/Oct/2019:08:17:42 -0400] "GET //wordpress/ HTTP/1.1" 404 208 "-" "Mozilla/5.0 (X11; Linux x86_64) AppleWebKit/537.31 (KHTML, like Gecko) Chrome/26.0.1410.63 Safari/537.31"
195.229.121.98 - - [02/Oct/2019:08:17:42 -0400] "GET //test/ HTTP/1.1" 404 203 "-" "Mozilla/5.0 (X11; Linux x86_64) AppleWebKit/537.31 (KHTML, like Gecko) Chrome/26.0.1410.63 Safari/537.31"
192.168.254.242 - - [02/Oct/2019:08:17:43 -0400] "POST /wp-cron.php?doing_wp_cron=1570018663.6800229549407958984375 HTTP/1.1" 200 - "http://hosting.digitaldatatechs.com/wp-cron.php?doing_wp_cron=1570018663.6800229549407958984375" "WordPress/5.2.3; https://hosting.digitaldatatechs.com"
195.229.121.98 - - [02/Oct/2019:08:17:43 -0400] "GET //xmlrpc.php HTTP/1.1" 405 42 "-" "Mozilla/5.0 (X11; Linux x86_64) AppleWebKit/537.31 (KHTML, like Gecko) Chrome/26.0.1410.63 Safari/537.31"
195.229.121.98 - - [02/Oct/2019:08:17:44 -0400] "GET //site HTTP/1.1" 404 202 "-" "Mozilla/5.0 (X11; Linux x86_64) AppleWebKit/537.31 (KHTML, like Gecko) Chrome/26.0.1410.63 Safari/537.31"
195.229.121.98 - - [02/Oct/2019:08:17:45 -0400] "GET //language/en-GB/en-GB.xml HTTP/1.1" 404 222 "-" "Mozilla/5.0 (X11; Linux x86_64) AppleWebKit/537.31 (KHTML, like Gecko) Chrome/26.0.1410.63 Safari/537.31"
195.229.121.98 - - [02/Oct/2019:08:17:45 -0400] "GET //administrator/ HTTP/1.1" 404 212 "-" "Mozilla/5.0 (X11; Linux x86_64) AppleWebKit/537.31 (KHTML, like Gecko) Chrome/26.0.1410.63 Safari/537.31"
195.229.121.98 - - [02/Oct/2019:08:17:46 -0400] "GET //joomla/ HTTP/1.1" 404 205 "-" "Mozilla/5.0 (X11; Linux x86_64) AppleWebKit/537.31 (KHTML, like Gecko) Chrome/26.0.1410.63 Safari/537.31"
195.229.121.98 - - [02/Oct/2019:08:17:46 -0400] "GET //drupal/ HTTP/1.1" 404 205 "-" "Mozilla/5.0 (X11; Linux x86_64) AppleWebKit/537.31 (KHTML, like Gecko) Chrome/26.0.1410.63 Safari/537.31"
195.229.121.98 - - [02/Oct/2019:08:17:47 -0400] "GET //shop/ HTTP/1.1" 404 203 "-" "Mozilla/5.0 (X11; Linux x86_64) AppleWebKit/537.31 (KHTML, like Gecko) Chrome/26.0.1410.63 Safari/537.31"
195.229.121.98 - - [02/Oct/2019:08:17:48 -0400] "GET //shop/ HTTP/1.1" 404 203 "-" "Mozilla/5.0 (X11; Linux x86_64) AppleWebKit/537.31 (KHTML, like Gecko) Chrome/26.0.1410.63 Safari/537.31"
195.229.121.98 - - [02/Oct/2019:08:17:48 -0400] "GET //admin/ HTTP/1.1" 404 204 "-" "Mozilla/5.0 (X11; Linux x86_64) AppleWebKit/537.31 (KHTML, like Gecko) Chrome/26.0.1410.63 Safari/537.31"
195.229.121.98 - - [02/Oct/2019:08:17:49 -0400] "GET //shop/ HTTP/1.1" 404 203 "-" "Mozilla/5.0 (X11; Linux x86_64) AppleWebKit/537.31 (KHTML, like Gecko) Chrome/26.0.1410.63 Safari/537.31"
195.229.121.98 - - [02/Oct/2019:08:17:49 -0400] "GET //index.php/admin/ HTTP/1.1" 301 - "-" "Mozilla/5.0 (X11; Linux x86_64) AppleWebKit/537.31 (KHTML, like Gecko) Chrome/26.0.1410.63 Safari/537.31"
195.229.121.98 - - [02/Oct/2019:08:17:58 -0400] "GET //downloader/ HTTP/1.1" 404 209 "-" "Mozilla/5.0 (X11; Linux x86_64) AppleWebKit/537.31 (KHTML, like Gecko) Chrome/26.0.1410.63 Safari/537.31"
157.55.39.42 - - [02/Oct/2019:16:17:29 -0400] "GET /robots.txt HTTP/1.1" 404 208 "-" "Mozilla/5.0 (compatible; bingbot/2.0; +http://www.bing.com/bingbot.htm)"
157.55.39.208 - - [02/Oct/2019:16:17:33 -0400] "GET / HTTP/1.1" 301 - "-" "Mozilla/5.0 (compatible; bingbot/2.0; +http://www.bing.com/bingbot.htm)"
157.55.39.147 - - [03/Oct/2019:04:25:36 -0400] "GET / HTTP/1.1" 301 - "-" "Mozilla/5.0 (compatible; bingbot/2.0; +http://www.bing.com/bingbot.htm)"
192.168.254.242 - - [03/Oct/2019:04:25:36 -0400] "POST /wp-cron.php?doing_wp_cron=1570091136.6385920047760009765625 HTTP/1.1" 200 - "http://hosting.digitaldatatechs.com/wp-cron.php?doing_wp_cron=1570091136.6385920047760009765625" "WordPress/5.2.3; https://hosting.digitaldatatechs.com"
52.207.214.224 - - [03/Oct/2019:08:25:54 -0400] "GET / HTTP/1.1" 301 - "-" "axios/0.19.0"
192.168.254.242 - - [03/Oct/2019:08:25:55 -0400] "POST /wp-cron.php?doing_wp_cron=1570105555.0098619461059570312500 HTTP/1.1" 200 - "http://hosting.digitaldatatechs.com/wp-cron.php?doing_wp_cron=1570105555.0098619461059570312500" "WordPress/5.2.3; https://hosting.digitaldatatechs.com"
157.55.39.14 - - [03/Oct/2019:18:57:46 -0400] "GET /robots.txt HTTP/1.1" 404 208 "-" "Mozilla/5.0 (compatible; bingbot/2.0; +http://www.bing.com/bingbot.htm)"
157.55.39.95 - - [03/Oct/2019:18:57:48 -0400] "GET / HTTP/1.1" 301 - "-" "Mozilla/5.0 (compatible; bingbot/2.0; +http://www.bing.com/bingbot.htm)"
207.46.13.124 - - [04/Oct/2019:07:58:00 -0400] "GET / HTTP/1.1" 301 - "-" "Mozilla/5.0 (compatible; bingbot/2.0; +http://www.bing.com/bingbot.htm)"
192.168.254.242 - - [04/Oct/2019:07:58:00 -0400] "POST /wp-cron.php?doing_wp_cron=1570190280.4772648811340332031250 HTTP/1.1" 200 - "http://hosting.digitaldatatechs.com/wp-cron.php?doing_wp_cron=1570190280.4772648811340332031250" "WordPress/5.2.3; https://hosting.digitaldatatechs.com"
157.55.39.32 - - [04/Oct/2019:21:15:11 -0400] "GET /robots.txt HTTP/1.1" 404 208 "-" "Mozilla/5.0 (compatible; bingbot/2.0; +http://www.bing.com/bingbot.htm)"
157.55.39.58 - - [04/Oct/2019:21:15:16 -0400] "GET / HTTP/1.1" 301 - "-" "Mozilla/5.0 (compatible; bingbot/2.0; +http://www.bing.com/bingbot.htm)"
192.168.254.242 - - [04/Oct/2019:21:15:16 -0400] "POST /wp-cron.php?doing_wp_cron=1570238116.7874050140380859375000 HTTP/1.1" 200 - "http://hosting.digitaldatatechs.com/wp-cron.php?doing_wp_cron=1570238116.7874050140380859375000" "WordPress/5.2.3; https://hosting.digitaldatatechs.com"
157.55.39.152 - - [05/Oct/2019:13:45:13 -0400] "GET / HTTP/1.1" 301 - "-" "Mozilla/5.0 (compatible; bingbot/2.0; +http://www.bing.com/bingbot.htm)"
192.168.254.242 - - [05/Oct/2019:13:45:13 -0400] "POST /wp-cron.php?doing_wp_cron=1570297513.5157620906829833984375 HTTP/1.1" 200 - "http://hosting.digitaldatatechs.com/wp-cron.php?doing_wp_cron=1570297513.5157620906829833984375" "WordPress/5.2.3; https://hosting.digitaldatatechs.com"
40.77.167.69 - - [06/Oct/2019:01:07:26 -0400] "GET / HTTP/1.1" 301 - "-" "Mozilla/5.0 (compatible; bingbot/2.0; +http://www.bing.com/bingbot.htm)"
192.168.254.242 - - [06/Oct/2019:01:07:27 -0400] "POST /wp-cron.php?doing_wp_cron=1570338447.1740760803222656250000 HTTP/1.1" 200 - "http://hosting.digitaldatatechs.com/wp-cron.php?doing_wp_cron=1570338447.1740760803222656250000" "WordPress/5.2.3; https://hosting.digitaldatatechs.com"
157.55.39.33 - - [07/Oct/2019:10:52:33 -0400] "GET /robots.txt HTTP/1.1" 404 208 "-" "Mozilla/5.0 (compatible; bingbot/2.0; +http://www.bing.com/bingbot.htm)"
157.55.39.219 - - [07/Oct/2019:10:52:35 -0400] "GET / HTTP/1.1" 301 - "-" "Mozilla/5.0 (compatible; bingbot/2.0; +http://www.bing.com/bingbot.htm)"
192.168.254.242 - - [07/Oct/2019:10:52:35 -0400] "POST /wp-cron.php?doing_wp_cron=1570459955.6704730987548828125000 HTTP/1.1" 200 - "http://hosting.digitaldatatechs.com/wp-cron.php?doing_wp_cron=1570459955.6704730987548828125000" "WordPress/5.2.3; https://hosting.digitaldatatechs.com"
192.168.254.242 - - [07/Oct/2019:23:59:25 -0400] "POST /wp-cron.php?doing_wp_cron=1570507165.1384670734405517578125 HTTP/1.1" 200 - "http://hosting.digitaldatatechs.com/wp-cron.php?doing_wp_cron=1570507165.1384670734405517578125" "WordPress/5.2.3; https://hosting.digitaldatatechs.com"
167.71.240.34 - - [07/Oct/2019:23:59:24 -0400] "GET / HTTP/1.0" 301 - "-" "Mozilla/5.0 (compatible; NetcraftSurveyAgent/1.0; +info@netcraft.com)"
157.55.39.94 - - [08/Oct/2019:09:56:42 -0400] "GET / HTTP/1.1" 301 - "-" "Mozilla/5.0 (compatible; bingbot/2.0; +http://www.bing.com/bingbot.htm)"
192.168.254.242 - - [08/Oct/2019:09:56:42 -0400] "POST /wp-cron.php?doing_wp_cron=1570543002.9209740161895751953125 HTTP/1.1" 200 - "http://hosting.digitaldatatechs.com/wp-cron.php?doing_wp_cron=1570543002.9209740161895751953125" "WordPress/5.2.3; https://hosting.digitaldatatechs.com"
192.168.254.242 - - [09/Oct/2019:06:49:13 -0400] "POST /wp-cron.php?doing_wp_cron=1570618153.8535969257354736328125 HTTP/1.1" 200 - "http://hosting.digitaldatatechs.com/wp-cron.php?doing_wp_cron=1570618153.8535969257354736328125" "WordPress/5.2.3; https://hosting.digitaldatatechs.com"
207.46.13.189 - - [09/Oct/2019:06:49:13 -0400] "GET / HTTP/1.1" 301 - "-" "Mozilla/5.0 (compatible; bingbot/2.0; +http://www.bing.com/bingbot.htm)"
35.172.100.220 - - [09/Oct/2019:14:00:16 -0400] "GET /robots.txt HTTP/1.1" 404 208 "-" "CCBot/2.0 (https://commoncrawl.org/faq/)"
35.172.100.220 - - [09/Oct/2019:14:00:16 -0400] "GET / HTTP/1.1" 301 - "-" "CCBot/2.0 (https://commoncrawl.org/faq/)"
149.255.62.99 - - [09/Oct/2019:14:49:44 -0400] "GET /wp-login.php HTTP/1.1" 302 - "-" "Mozilla/5.0 (X11; Ubuntu; Linux x86_64; rv:62.0) Gecko/20100101 Firefox/62.0"
192.168.254.242 - - [09/Oct/2019:14:49:44 -0400] "POST /wp-cron.php?doing_wp_cron=1570646984.2642259597778320312500 HTTP/1.1" 200 - "http://hosting.digitaldatatechs.com/wp-cron.php?doing_wp_cron=1570646984.2642259597778320312500" "WordPress/5.2.3; https://hosting.digitaldatatechs.com"
149.255.62.99 - - [09/Oct/2019:14:49:46 -0400] "GET ///?author=1 HTTP/1.1" 301 - "-" "Mozilla/5.0 (X11; Ubuntu; Linux x86_64; rv:62.0) Gecko/20100101 Firefox/62.0"
149.255.62.99 - - [09/Oct/2019:14:49:49 -0400] "GET ///wp-json/wp/v2/users/ HTTP/1.1" 404 218 "-" "Mozilla/5.0 (X11; Ubuntu; Linux x86_64; rv:62.0) Gecko/20100101 Firefox/62.0"
192.168.254.242 - - [09/Oct/2019:14:49:50 -0400] "POST /wp-cron.php?doing_wp_cron=1570646990.0397069454193115234375 HTTP/1.1" 200 - "http://hosting.digitaldatatechs.com/wp-cron.php?doing_wp_cron=1570646990.0397069454193115234375" "WordPress/5.2.3; https://hosting.digitaldatatechs.com"
149.255.62.99 - - [09/Oct/2019:14:49:49 -0400] "GET ///?author=2 HTTP/1.1" 301 - "-" "Mozilla/5.0 (X11; Ubuntu; Linux x86_64; rv:62.0) Gecko/20100101 Firefox/62.0"
207.46.13.142 - - [09/Oct/2019:21:05:30 -0400] "GET /robots.txt HTTP/1.1" 404 208 "-" "Mozilla/5.0 (compatible; bingbot/2.0; +http://www.bing.com/bingbot.htm)"
157.55.39.192 - - [09/Oct/2019:21:05:32 -0400] "GET / HTTP/1.1" 301 - "-" "Mozilla/5.0 (compatible; bingbot/2.0; +http://www.bing.com/bingbot.htm)"
192.168.254.242 - - [09/Oct/2019:21:05:33 -0400] "POST /wp-cron.php?doing_wp_cron=1570669533.1956229209899902343750 HTTP/1.1" 200 - "http://hosting.digitaldatatechs.com/wp-cron.php?doing_wp_cron=1570669533.1956229209899902343750" "WordPress/5.2.3; https://hosting.digitaldatatechs.com"
66.249.69.47 - - [10/Oct/2019:17:53:55 -0400] "GET /robots.txt HTTP/1.1" 404 208 "-" "Mozilla/5.0 (compatible; Googlebot/2.1; +http://www.google.com/bot.html)"
66.249.69.43 - - [10/Oct/2019:17:53:55 -0400] "GET /tiddezsuu.html HTTP/1.1" 404 212 "-" "Mozilla/5.0 (compatible; Googlebot/2.1; +http://www.google.com/bot.html)"
157.55.39.134 - - [10/Oct/2019:23:37:29 -0400] "GET / HTTP/1.1" 301 - "-" "Mozilla/5.0 (compatible; bingbot/2.0; +http://www.bing.com/bingbot.htm)"
192.168.254.242 - - [10/Oct/2019:23:37:30 -0400] "POST /wp-cron.php?doing_wp_cron=1570765049.9735128879547119140625 HTTP/1.1" 200 - "http://hosting.digitaldatatechs.com/wp-cron.php?doing_wp_cron=1570765049.9735128879547119140625" "WordPress/5.2.3; https://hosting.digitaldatatechs.com"
40.77.167.115 - - [11/Oct/2019:14:43:22 -0400] "GET / HTTP/1.1" 301 - "-" "Mozilla/5.0 (compatible; bingbot/2.0; +http://www.bing.com/bingbot.htm)"
157.55.39.171 - - [11/Oct/2019:15:20:12 -0400] "GET /robots.txt HTTP/1.1" 404 208 "-" "Mozilla/5.0 (compatible; bingbot/2.0; +http://www.bing.com/bingbot.htm)"
157.55.39.43 - - [12/Oct/2019:03:55:31 -0400] "GET /robots.txt HTTP/1.1" 404 208 "-" "Mozilla/5.0 (compatible; bingbot/2.0; +http://www.bing.com/bingbot.htm)"
207.46.13.217 - - [12/Oct/2019:03:55:33 -0400] "GET / HTTP/1.1" 301 - "-" "Mozilla/5.0 (compatible; bingbot/2.0; +http://www.bing.com/bingbot.htm)"
207.46.13.76 - - [12/Oct/2019:20:48:19 -0400] "GET / HTTP/1.1" 301 - "-" "Mozilla/5.0 (compatible; bingbot/2.0; +http://www.bing.com/bingbot.htm)"
192.168.254.242 - - [12/Oct/2019:20:48:20 -0400] "POST /wp-cron.php?doing_wp_cron=1570927700.4724369049072265625000 HTTP/1.1" 200 - "http://hosting.digitaldatatechs.com/wp-cron.php?doing_wp_cron=1570927700.4724369049072265625000" "WordPress/5.2.3; https://hosting.digitaldatatechs.com"
157.55.39.29 - - [13/Oct/2019:11:32:17 -0400] "GET /robots.txt HTTP/1.1" 404 208 "-" "Mozilla/5.0 (compatible; bingbot/2.0; +http://www.bing.com/bingbot.htm)"
157.55.39.99 - - [13/Oct/2019:11:32:19 -0400] "GET / HTTP/1.1" 301 - "-" "Mozilla/5.0 (compatible; bingbot/2.0; +http://www.bing.com/bingbot.htm)"
207.46.13.234 - - [14/Oct/2019:00:04:36 -0400] "GET / HTTP/1.1" 301 - "-" "Mozilla/5.0 (compatible; bingbot/2.0; +http://www.bing.com/bingbot.htm)"
192.168.254.242 - - [14/Oct/2019:00:04:36 -0400] "POST /wp-cron.php?doing_wp_cron=1571025876.5557830333709716796875 HTTP/1.1" 200 - "http://hosting.digitaldatatechs.com/wp-cron.php?doing_wp_cron=1571025876.5557830333709716796875" "WordPress/5.2.3; https://hosting.digitaldatatechs.com"
176.223.96.135 - - [14/Oct/2019:09:38:36 -0400] "GET /checkout/app/etc/local.xml HTTP/1.1" 404 224 "-" "-"
176.223.96.135 - - [14/Oct/2019:09:38:36 -0400] "POST /checkout/index.php/api/xmlrpc HTTP/1.1" 404 227 "-" "Magento"
192.168.254.242 - - [14/Oct/2019:15:15:48 -0400] "POST /wp-cron.php?doing_wp_cron=1571080548.4917259216308593750000 HTTP/1.1" 200 - "http://hosting.digitaldatatechs.com/wp-cron.php?doing_wp_cron=1571080548.4917259216308593750000" "WordPress/5.2.3; https://hosting.digitaldatatechs.com"
157.55.39.97 - - [14/Oct/2019:15:15:48 -0400] "GET / HTTP/1.1" 301 - "-" "Mozilla/5.0 (compatible; bingbot/2.0; +http://www.bing.com/bingbot.htm)"
157.55.39.18 - - [15/Oct/2019:16:42:35 -0400] "GET /robots.txt HTTP/1.1" 404 208 "-" "Mozilla/5.0 (compatible; bingbot/2.0; +http://www.bing.com/bingbot.htm)"
40.77.167.20 - - [15/Oct/2019:16:42:38 -0400] "GET / HTTP/1.1" 301 - "-" "Mozilla/5.0 (compatible; bingbot/2.0; +http://www.bing.com/bingbot.htm)"
192.168.254.242 - - [15/Oct/2019:16:42:39 -0400] "POST /wp-cron.php?doing_wp_cron=1571172159.1524860858917236328125 HTTP/1.1" 200 - "http://hosting.digitaldatatechs.com/wp-cron.php?doing_wp_cron=1571172159.1524860858917236328125" "WordPress/5.2.4; https://hosting.digitaldatatechs.com"
157.55.39.107 - - [16/Oct/2019:06:46:00 -0400] "GET / HTTP/1.1" 301 - "-" "Mozilla/5.0 (compatible; bingbot/2.0; +http://www.bing.com/bingbot.htm)"
192.168.254.242 - - [16/Oct/2019:06:46:00 -0400] "POST /wp-cron.php?doing_wp_cron=1571222760.7899460792541503906250 HTTP/1.1" 200 - "http://hosting.digitaldatatechs.com/wp-cron.php?doing_wp_cron=1571222760.7899460792541503906250" "WordPress/5.2.4; https://hosting.digitaldatatechs.com"
192.168.254.242 - - [16/Oct/2019:21:10:30 -0400] "POST /wp-cron.php?doing_wp_cron=1571274630.4221301078796386718750 HTTP/1.1" 200 - "http://hosting.digitaldatatechs.com/wp-cron.php?doing_wp_cron=1571274630.4221301078796386718750" "WordPress/5.2.4; https://hosting.digitaldatatechs.com"
40.77.167.114 - - [16/Oct/2019:21:10:30 -0400] "GET / HTTP/1.1" 301 - "-" "Mozilla/5.0 (compatible; bingbot/2.0; +http://www.bing.com/bingbot.htm)"
207.46.13.6 - - [17/Oct/2019:12:52:12 -0400] "GET / HTTP/1.1" 301 - "-" "Mozilla/5.0 (compatible; bingbot/2.0; +http://www.bing.com/bingbot.htm)"
192.168.254.242 - - [17/Oct/2019:12:52:12 -0400] "POST /wp-cron.php?doing_wp_cron=1571331132.6817219257354736328125 HTTP/1.1" 200 - "http://hosting.digitaldatatechs.com/wp-cron.php?doing_wp_cron=1571331132.6817219257354736328125" "WordPress/5.2.4; https://hosting.digitaldatatechs.com"
157.55.39.1 - - [18/Oct/2019:02:21:37 -0400] "GET /robots.txt HTTP/1.1" 404 208 "-" "Mozilla/5.0 (compatible; bingbot/2.0; +http://www.bing.com/bingbot.htm)"
207.46.13.141 - - [18/Oct/2019:02:21:41 -0400] "GET / HTTP/1.1" 301 - "-" "Mozilla/5.0 (compatible; bingbot/2.0; +http://www.bing.com/bingbot.htm)"
192.168.254.242 - - [18/Oct/2019:02:21:41 -0400] "POST /wp-cron.php?doing_wp_cron=1571379701.9165010452270507812500 HTTP/1.1" 200 - "http://hosting.digitaldatatechs.com/wp-cron.php?doing_wp_cron=1571379701.9165010452270507812500" "WordPress/5.2.4; https://hosting.digitaldatatechs.com"
157.55.39.124 - - [18/Oct/2019:17:11:20 -0400] "GET / HTTP/1.1" 301 - "-" "Mozilla/5.0 (compatible; bingbot/2.0; +http://www.bing.com/bingbot.htm)"
192.168.254.242 - - [18/Oct/2019:17:11:20 -0400] "POST /wp-cron.php?doing_wp_cron=1571433080.5273759365081787109375 HTTP/1.1" 200 - "http://hosting.digitaldatatechs.com/wp-cron.php?doing_wp_cron=1571433080.5273759365081787109375" "WordPress/5.2.4; https://hosting.digitaldatatechs.com"
207.46.13.181 - - [19/Oct/2019:05:39:59 -0400] "GET / HTTP/1.1" 301 - "-" "Mozilla/5.0 (compatible; bingbot/2.0; +http://www.bing.com/bingbot.htm)"
192.168.254.242 - - [19/Oct/2019:05:39:59 -0400] "POST /wp-cron.php?doing_wp_cron=1571477999.6907429695129394531250 HTTP/1.1" 200 - "http://hosting.digitaldatatechs.com/wp-cron.php?doing_wp_cron=1571477999.6907429695129394531250" "WordPress/5.2.4; https://hosting.digitaldatatechs.com"
157.55.39.25 - - [20/Oct/2019:11:37:08 -0400] "GET /robots.txt HTTP/1.1" 404 208 "-" "Mozilla/5.0 (compatible; bingbot/2.0; +http://www.bing.com/bingbot.htm)"
207.46.13.39 - - [20/Oct/2019:11:37:14 -0400] "GET / HTTP/1.1" 301 - "-" "Mozilla/5.0 (compatible; bingbot/2.0; +http://www.bing.com/bingbot.htm)"
192.168.254.242 - - [20/Oct/2019:11:37:15 -0400] "POST /wp-cron.php?doing_wp_cron=1571585835.0636110305786132812500 HTTP/1.1" 200 - "http://hosting.digitaldatatechs.com/wp-cron.php?doing_wp_cron=1571585835.0636110305786132812500" "WordPress/5.2.4; https://hosting.digitaldatatechs.com"
18.206.230.228 - - [20/Oct/2019:16:56:44 -0400] "GET / HTTP/1.1" 301 - "-" "axios/0.19.0"
192.168.254.242 - - [20/Oct/2019:16:56:45 -0400] "POST /wp-cron.php?doing_wp_cron=1571605004.9903268814086914062500 HTTP/1.1" 200 - "http://hosting.digitaldatatechs.com/wp-cron.php?doing_wp_cron=1571605004.9903268814086914062500" "WordPress/5.2.4; https://hosting.digitaldatatechs.com"
40.77.167.212 - - [20/Oct/2019:22:57:50 -0400] "GET / HTTP/1.1" 301 - "-" "Mozilla/5.0 (compatible; bingbot/2.0; +http://www.bing.com/bingbot.htm)"
40.77.167.19 - - [21/Oct/2019:14:07:15 -0400] "GET / HTTP/1.1" 301 - "-" "Mozilla/5.0 (compatible; bingbot/2.0; +http://www.bing.com/bingbot.htm)"
40.77.167.21 - - [22/Oct/2019:01:07:44 -0400] "GET / HTTP/1.1" 301 - "-" "Mozilla/5.0 (compatible; bingbot/2.0; +http://www.bing.com/bingbot.htm)"
66.249.69.43 - - [22/Oct/2019:05:36:51 -0400] "GET /robots.txt HTTP/1.1" 404 208 "-" "Mozilla/5.0 (compatible; Googlebot/2.1; +http://www.google.com/bot.html)"
66.249.69.47 - - [22/Oct/2019:05:36:52 -0400] "GET /yyhyreuwdk.html HTTP/1.1" 404 213 "-" "Mozilla/5.0 (compatible; Googlebot/2.1; +http://www.google.com/bot.html)"
207.46.13.237 - - [22/Oct/2019:15:34:05 -0400] "GET /robots.txt HTTP/1.1" 404 208 "-" "Mozilla/5.0 (compatible; bingbot/2.0; +http://www.bing.com/bingbot.htm)"
157.55.39.35 - - [22/Oct/2019:15:34:08 -0400] "GET / HTTP/1.1" 301 - "-" "Mozilla/5.0 (compatible; bingbot/2.0; +http://www.bing.com/bingbot.htm)"
192.168.254.242 - - [22/Oct/2019:15:34:08 -0400] "POST /wp-cron.php?doing_wp_cron=1571772848.6057999134063720703125 HTTP/1.1" 200 - "http://hosting.digitaldatatechs.com/wp-cron.php?doing_wp_cron=1571772848.6057999134063720703125" "WordPress/5.2.4; https://hosting.digitaldatatechs.com"
58.22.64.175 - - [23/Oct/2019:01:28:11 -0400] "GET / HTTP/1.1" 301 - "-" "Mozilla/5.0 (iPhone; CPU iPhone OS 10_2_1 like Mac OS X) AppleWebKit/602.4.6 (KHTML, like Gecko) Version/10.0 Mobile/14D27 Safari/602.1"
192.168.254.242 - - [23/Oct/2019:01:28:11 -0400] "POST /wp-cron.php?doing_wp_cron=1571808491.8319981098175048828125 HTTP/1.1" 200 - "http://hosting.digitaldatatechs.com/wp-cron.php?doing_wp_cron=1571808491.8319981098175048828125" "WordPress/5.2.4; https://hosting.digitaldatatechs.com"
157.55.39.16 - - [24/Oct/2019:06:37:39 -0400] "GET /robots.txt HTTP/1.1" 404 208 "-" "Mozilla/5.0 (compatible; bingbot/2.0; +http://www.bing.com/bingbot.htm)"
40.77.167.135 - - [24/Oct/2019:06:37:45 -0400] "GET / HTTP/1.1" 301 - "-" "Mozilla/5.0 (compatible; bingbot/2.0; +http://www.bing.com/bingbot.htm)"
192.168.254.242 - - [24/Oct/2019:06:37:45 -0400] "POST /wp-cron.php?doing_wp_cron=1571913465.7915329933166503906250 HTTP/1.1" 200 - "http://hosting.digitaldatatechs.com/wp-cron.php?doing_wp_cron=1571913465.7915329933166503906250" "WordPress/5.2.4; https://hosting.digitaldatatechs.com"
157.55.39.39 - - [24/Oct/2019:18:20:29 -0400] "GET /robots.txt HTTP/1.1" 404 208 "-" "Mozilla/5.0 (compatible; bingbot/2.0; +http://www.bing.com/bingbot.htm)"
207.46.13.243 - - [24/Oct/2019:18:20:32 -0400] "GET /robots.txt HTTP/1.1" 404 208 "-" "msnbot/2.0b (+http://search.msn.com/msnbot.htm)"
207.46.13.237 - - [24/Oct/2019:22:12:48 -0400] "GET /robots.txt HTTP/1.1" 404 208 "-" "Mozilla/5.0 (compatible; bingbot/2.0; +http://www.bing.com/bingbot.htm)"
207.46.13.150 - - [24/Oct/2019:22:12:51 -0400] "GET / HTTP/1.1" 301 - "-" "Mozilla/5.0 (compatible; bingbot/2.0; +http://www.bing.com/bingbot.htm)"
192.168.254.242 - - [24/Oct/2019:22:12:52 -0400] "POST /wp-cron.php?doing_wp_cron=1571969572.0283288955688476562500 HTTP/1.1" 200 - "http://hosting.digitaldatatechs.com/wp-cron.php?doing_wp_cron=1571969572.0283288955688476562500" "WordPress/5.2.4; https://hosting.digitaldatatechs.com"
60.191.38.77 - - [25/Oct/2019:15:25:03 -0400] "GET / HTTP/1.1" 301 - "-" "Mozilla/5.0 (Macintosh; Intel Mac OS X 10.11; rv:47.0) Gecko/20100101 Firefox/47.0"
192.168.254.242 - - [26/Oct/2019:00:18:25 -0400] "POST /wp-cron.php?doing_wp_cron=1572063505.3965659141540527343750 HTTP/1.1" 200 - "http://hosting.digitaldatatechs.com/wp-cron.php?doing_wp_cron=1572063505.3965659141540527343750" "WordPress/5.2.4; https://hosting.digitaldatatechs.com"
40.77.167.210 - - [26/Oct/2019:00:18:24 -0400] "GET / HTTP/1.1" 301 - "-" "Mozilla/5.0 (compatible; bingbot/2.0; +http://www.bing.com/bingbot.htm)"
157.55.39.20 - - [27/Oct/2019:00:41:45 -0400] "GET /robots.txt HTTP/1.1" 404 208 "-" "Mozilla/5.0 (compatible; bingbot/2.0; +http://www.bing.com/bingbot.htm)"
157.55.39.156 - - [27/Oct/2019:00:41:50 -0400] "GET / HTTP/1.1" 301 - "-" "Mozilla/5.0 (compatible; bingbot/2.0; +http://www.bing.com/bingbot.htm)"
192.168.254.242 - - [27/Oct/2019:00:41:50 -0400] "POST /wp-cron.php?doing_wp_cron=1572151310.7121109962463378906250 HTTP/1.1" 200 - "http://hosting.digitaldatatechs.com/wp-cron.php?doing_wp_cron=1572151310.7121109962463378906250" "WordPress/5.2.4; https://hosting.digitaldatatechs.com"
111.231.223.116 - - [27/Oct/2019:05:53:23 -0400] "HEAD / HTTP/1.1" 301 - "http://hosting.digitaldatatechs.com" "Mozilla/5.0 (Windows NT 10.0; WOW64) AppleWebKit/537.36 (KHTML, like Gecko) Chrome/69.0.3497.92 Safari/537.36"
111.231.223.116 - - [27/Oct/2019:05:53:25 -0400] "HEAD /backup.zip HTTP/1.1" 404 - "http://hosting.digitaldatatechs.com/backup.zip" "Mozilla/5.0 (compatible; MSIE 9.0; Windows NT 6.1; Trident/5.0)"
111.231.223.116 - - [27/Oct/2019:05:53:25 -0400] "HEAD /backup.rar HTTP/1.1" 404 - "http://hosting.digitaldatatechs.com/backup.rar" "Mozilla/5.0 (compatible; MSIE 9.0; Windows NT 6.1; Trident/5.0)"
111.231.223.116 - - [27/Oct/2019:05:53:26 -0400] "HEAD /backup.tar.gz HTTP/1.1" 404 - "http://hosting.digitaldatatechs.com/backup.tar.gz" "Mozilla/5.0 (compatible; MSIE 9.0; Windows NT 6.1; Trident/5.0)"
111.231.223.116 - - [27/Oct/2019:05:53:26 -0400] "HEAD /backup.tgz HTTP/1.1" 404 - "http://hosting.digitaldatatechs.com/backup.tgz" "Mozilla/5.0 (compatible; MSIE 9.0; Windows NT 6.1; Trident/5.0)"
111.231.223.116 - - [27/Oct/2019:05:53:26 -0400] "HEAD /backup.sql HTTP/1.1" 404 - "http://hosting.digitaldatatechs.com/backup.sql" "Mozilla/5.0 (compatible; MSIE 9.0; Windows NT 6.1; Trident/5.0)"
192.168.254.242 - - [27/Oct/2019:05:53:23 -0400] "POST /wp-cron.php?doing_wp_cron=1572170003.6469140052795410156250 HTTP/1.1" 200 - "http://hosting.digitaldatatechs.com/wp-cron.php?doing_wp_cron=1572170003.6469140052795410156250" "WordPress/5.2.4; https://hosting.digitaldatatechs.com"
111.231.223.116 - - [27/Oct/2019:05:53:27 -0400] "HEAD /db.zip HTTP/1.1" 404 - "http://hosting.digitaldatatechs.com/db.zip" "Mozilla/5.0 (compatible; MSIE 9.0; Windows NT 6.1; Trident/5.0)"
111.231.223.116 - - [27/Oct/2019:05:53:27 -0400] "HEAD /db.rar HTTP/1.1" 404 - "http://hosting.digitaldatatechs.com/db.rar" "Mozilla/5.0 (compatible; MSIE 9.0; Windows NT 6.1; Trident/5.0)"
111.231.223.116 - - [27/Oct/2019:05:53:27 -0400] "HEAD /db.tar.gz HTTP/1.1" 404 - "http://hosting.digitaldatatechs.com/db.tar.gz" "Mozilla/5.0 (compatible; MSIE 9.0; Windows NT 6.1; Trident/5.0)"
111.231.223.116 - - [27/Oct/2019:05:53:27 -0400] "HEAD /db.tgz HTTP/1.1" 404 - "http://hosting.digitaldatatechs.com/db.tgz" "Mozilla/5.0 (compatible; MSIE 9.0; Windows NT 6.1; Trident/5.0)"
111.231.223.116 - - [27/Oct/2019:05:53:28 -0400] "HEAD /db.sql HTTP/1.1" 404 - "http://hosting.digitaldatatechs.com/db.sql" "Mozilla/5.0 (compatible; MSIE 9.0; Windows NT 6.1; Trident/5.0)"
111.231.223.116 - - [27/Oct/2019:05:53:28 -0400] "HEAD /data.zip HTTP/1.1" 404 - "http://hosting.digitaldatatechs.com/data.zip" "Mozilla/5.0 (compatible; MSIE 9.0; Windows NT 6.1; Trident/5.0)"
111.231.223.116 - - [27/Oct/2019:05:53:28 -0400] "HEAD /data.rar HTTP/1.1" 404 - "http://hosting.digitaldatatechs.com/data.rar" "Mozilla/5.0 (compatible; MSIE 9.0; Windows NT 6.1; Trident/5.0)"
111.231.223.116 - - [27/Oct/2019:05:53:29 -0400] "HEAD /data.tar.gz HTTP/1.1" 404 - "http://hosting.digitaldatatechs.com/data.tar.gz" "Mozilla/5.0 (compatible; MSIE 9.0; Windows NT 6.1; Trident/5.0)"
111.231.223.116 - - [27/Oct/2019:05:53:29 -0400] "HEAD /data.tgz HTTP/1.1" 404 - "http://hosting.digitaldatatechs.com/data.tgz" "Mozilla/5.0 (compatible; MSIE 9.0; Windows NT 6.1; Trident/5.0)"
111.231.223.116 - - [27/Oct/2019:05:53:29 -0400] "HEAD /data.sql HTTP/1.1" 404 - "http://hosting.digitaldatatechs.com/data.sql" "Mozilla/5.0 (compatible; MSIE 9.0; Windows NT 6.1; Trident/5.0)"
111.231.223.116 - - [27/Oct/2019:05:53:30 -0400] "HEAD /web.zip HTTP/1.1" 404 - "http://hosting.digitaldatatechs.com/web.zip" "Mozilla/5.0 (compatible; MSIE 9.0; Windows NT 6.1; Trident/5.0)"
111.231.223.116 - - [27/Oct/2019:05:53:30 -0400] "HEAD /web.rar HTTP/1.1" 404 - "http://hosting.digitaldatatechs.com/web.rar" "Mozilla/5.0 (compatible; MSIE 9.0; Windows NT 6.1; Trident/5.0)"
111.231.223.116 - - [27/Oct/2019:05:53:31 -0400] "HEAD /web.tar.gz HTTP/1.1" 404 - "http://hosting.digitaldatatechs.com/web.tar.gz" "Mozilla/5.0 (compatible; MSIE 9.0; Windows NT 6.1; Trident/5.0)"
111.231.223.116 - - [27/Oct/2019:05:53:31 -0400] "HEAD /web.tgz HTTP/1.1" 404 - "http://hosting.digitaldatatechs.com/web.tgz" "Mozilla/5.0 (compatible; MSIE 9.0; Windows NT 6.1; Trident/5.0)"
111.231.223.116 - - [27/Oct/2019:05:53:31 -0400] "HEAD /web.sql HTTP/1.1" 404 - "http://hosting.digitaldatatechs.com/web.sql" "Mozilla/5.0 (compatible; MSIE 9.0; Windows NT 6.1; Trident/5.0)"
111.231.223.116 - - [27/Oct/2019:05:53:32 -0400] "HEAD /wwwroot.zip HTTP/1.1" 404 - "http://hosting.digitaldatatechs.com/wwwroot.zip" "Mozilla/5.0 (compatible; MSIE 9.0; Windows NT 6.1; Trident/5.0)"
111.231.223.116 - - [27/Oct/2019:05:53:32 -0400] "HEAD /wwwroot.rar HTTP/1.1" 404 - "http://hosting.digitaldatatechs.com/wwwroot.rar" "Mozilla/5.0 (compatible; MSIE 9.0; Windows NT 6.1; Trident/5.0)"
111.231.223.116 - - [27/Oct/2019:05:53:32 -0400] "HEAD /wwwroot.tar.gz HTTP/1.1" 404 - "http://hosting.digitaldatatechs.com/wwwroot.tar.gz" "Mozilla/5.0 (compatible; MSIE 9.0; Windows NT 6.1; Trident/5.0)"
111.231.223.116 - - [27/Oct/2019:05:53:32 -0400] "HEAD /wwwroot.tgz HTTP/1.1" 404 - "http://hosting.digitaldatatechs.com/wwwroot.tgz" "Mozilla/5.0 (compatible; MSIE 9.0; Windows NT 6.1; Trident/5.0)"
111.231.223.116 - - [27/Oct/2019:05:53:33 -0400] "HEAD /wwwroot.sql HTTP/1.1" 404 - "http://hosting.digitaldatatechs.com/wwwroot.sql" "Mozilla/5.0 (compatible; MSIE 9.0; Windows NT 6.1; Trident/5.0)"
111.231.223.116 - - [27/Oct/2019:05:53:33 -0400] "HEAD /database.zip HTTP/1.1" 404 - "http://hosting.digitaldatatechs.com/database.zip" "Mozilla/5.0 (compatible; MSIE 9.0; Windows NT 6.1; Trident/5.0)"
111.231.223.116 - - [27/Oct/2019:05:53:33 -0400] "HEAD /database.rar HTTP/1.1" 404 - "http://hosting.digitaldatatechs.com/database.rar" "Mozilla/5.0 (compatible; MSIE 9.0; Windows NT 6.1; Trident/5.0)"
111.231.223.116 - - [27/Oct/2019:05:53:34 -0400] "HEAD /database.tar.gz HTTP/1.1" 404 - "http://hosting.digitaldatatechs.com/database.tar.gz" "Mozilla/5.0 (compatible; MSIE 9.0; Windows NT 6.1; Trident/5.0)"
111.231.223.116 - - [27/Oct/2019:05:53:34 -0400] "HEAD /database.tgz HTTP/1.1" 404 - "http://hosting.digitaldatatechs.com/database.tgz" "Mozilla/5.0 (compatible; MSIE 9.0; Windows NT 6.1; Trident/5.0)"
111.231.223.116 - - [27/Oct/2019:05:53:34 -0400] "HEAD /database.sql HTTP/1.1" 404 - "http://hosting.digitaldatatechs.com/database.sql" "Mozilla/5.0 (compatible; MSIE 9.0; Windows NT 6.1; Trident/5.0)"
111.231.223.116 - - [27/Oct/2019:05:53:34 -0400] "HEAD /www.zip HTTP/1.1" 404 - "http://hosting.digitaldatatechs.com/www.zip" "Mozilla/5.0 (compatible; MSIE 9.0; Windows NT 6.1; Trident/5.0)"
111.231.223.116 - - [27/Oct/2019:05:53:35 -0400] "HEAD /www.rar HTTP/1.1" 404 - "http://hosting.digitaldatatechs.com/www.rar" "Mozilla/5.0 (compatible; MSIE 9.0; Windows NT 6.1; Trident/5.0)"
111.231.223.116 - - [27/Oct/2019:05:53:35 -0400] "HEAD /www.tar.gz HTTP/1.1" 404 - "http://hosting.digitaldatatechs.com/www.tar.gz" "Mozilla/5.0 (compatible; MSIE 9.0; Windows NT 6.1; Trident/5.0)"
111.231.223.116 - - [27/Oct/2019:05:53:35 -0400] "HEAD /www.tgz HTTP/1.1" 404 - "http://hosting.digitaldatatechs.com/www.tgz" "Mozilla/5.0 (compatible; MSIE 9.0; Windows NT 6.1; Trident/5.0)"
111.231.223.116 - - [27/Oct/2019:05:53:36 -0400] "HEAD /www.sql HTTP/1.1" 404 - "http://hosting.digitaldatatechs.com/www.sql" "Mozilla/5.0 (compatible; MSIE 9.0; Windows NT 6.1; Trident/5.0)"
111.231.223.116 - - [27/Oct/2019:05:53:36 -0400] "HEAD /code.zip HTTP/1.1" 404 - "http://hosting.digitaldatatechs.com/code.zip" "Mozilla/5.0 (compatible; MSIE 9.0; Windows NT 6.1; Trident/5.0)"
111.231.223.116 - - [27/Oct/2019:05:53:36 -0400] "HEAD /code.rar HTTP/1.1" 404 - "http://hosting.digitaldatatechs.com/code.rar" "Mozilla/5.0 (compatible; MSIE 9.0; Windows NT 6.1; Trident/5.0)"
111.231.223.116 - - [27/Oct/2019:05:53:37 -0400] "HEAD /code.tar.gz HTTP/1.1" 404 - "http://hosting.digitaldatatechs.com/code.tar.gz" "Mozilla/5.0 (compatible; MSIE 9.0; Windows NT 6.1; Trident/5.0)"
111.231.223.116 - - [27/Oct/2019:05:53:37 -0400] "HEAD /code.tgz HTTP/1.1" 404 - "http://hosting.digitaldatatechs.com/code.tgz" "Mozilla/5.0 (compatible; MSIE 9.0; Windows NT 6.1; Trident/5.0)"
111.231.223.116 - - [27/Oct/2019:05:53:37 -0400] "HEAD /code.sql HTTP/1.1" 404 - "http://hosting.digitaldatatechs.com/code.sql" "Mozilla/5.0 (compatible; MSIE 9.0; Windows NT 6.1; Trident/5.0)"
111.231.223.116 - - [27/Oct/2019:05:53:37 -0400] "HEAD /test.zip HTTP/1.1" 404 - "http://hosting.digitaldatatechs.com/test.zip" "Mozilla/5.0 (compatible; MSIE 9.0; Windows NT 6.1; Trident/5.0)"
111.231.223.116 - - [27/Oct/2019:05:53:38 -0400] "HEAD /test.rar HTTP/1.1" 404 - "http://hosting.digitaldatatechs.com/test.rar" "Mozilla/5.0 (compatible; MSIE 9.0; Windows NT 6.1; Trident/5.0)"
111.231.223.116 - - [27/Oct/2019:05:53:38 -0400] "HEAD /test.tar.gz HTTP/1.1" 404 - "http://hosting.digitaldatatechs.com/test.tar.gz" "Mozilla/5.0 (compatible; MSIE 9.0; Windows NT 6.1; Trident/5.0)"
111.231.223.116 - - [27/Oct/2019:05:53:38 -0400] "HEAD /test.tgz HTTP/1.1" 404 - "http://hosting.digitaldatatechs.com/test.tgz" "Mozilla/5.0 (compatible; MSIE 9.0; Windows NT 6.1; Trident/5.0)"
111.231.223.116 - - [27/Oct/2019:05:53:39 -0400] "HEAD /test.sql HTTP/1.1" 404 - "http://hosting.digitaldatatechs.com/test.sql" "Mozilla/5.0 (compatible; MSIE 9.0; Windows NT 6.1; Trident/5.0)"
111.231.223.116 - - [27/Oct/2019:05:53:39 -0400] "HEAD /admin.zip HTTP/1.1" 404 - "http://hosting.digitaldatatechs.com/admin.zip" "Mozilla/5.0 (compatible; MSIE 9.0; Windows NT 6.1; Trident/5.0)"
111.231.223.116 - - [27/Oct/2019:05:53:39 -0400] "HEAD /admin.rar HTTP/1.1" 404 - "http://hosting.digitaldatatechs.com/admin.rar" "Mozilla/5.0 (compatible; MSIE 9.0; Windows NT 6.1; Trident/5.0)"
111.231.223.116 - - [27/Oct/2019:05:53:39 -0400] "HEAD /admin.tar.gz HTTP/1.1" 404 - "http://hosting.digitaldatatechs.com/admin.tar.gz" "Mozilla/5.0 (compatible; MSIE 9.0; Windows NT 6.1; Trident/5.0)"
111.231.223.116 - - [27/Oct/2019:05:53:40 -0400] "HEAD /admin.tgz HTTP/1.1" 404 - "http://hosting.digitaldatatechs.com/admin.tgz" "Mozilla/5.0 (compatible; MSIE 9.0; Windows NT 6.1; Trident/5.0)"
111.231.223.116 - - [27/Oct/2019:05:53:40 -0400] "HEAD /admin.sql HTTP/1.1" 404 - "http://hosting.digitaldatatechs.com/admin.sql" "Mozilla/5.0 (compatible; MSIE 9.0; Windows NT 6.1; Trident/5.0)"
111.231.223.116 - - [27/Oct/2019:05:53:40 -0400] "HEAD /user.zip HTTP/1.1" 404 - "http://hosting.digitaldatatechs.com/user.zip" "Mozilla/5.0 (compatible; MSIE 9.0; Windows NT 6.1; Trident/5.0)"
111.231.223.116 - - [27/Oct/2019:05:53:41 -0400] "HEAD /user.rar HTTP/1.1" 404 - "http://hosting.digitaldatatechs.com/user.rar" "Mozilla/5.0 (compatible; MSIE 9.0; Windows NT 6.1; Trident/5.0)"
111.231.223.116 - - [27/Oct/2019:05:53:41 -0400] "HEAD /user.tar.gz HTTP/1.1" 404 - "http://hosting.digitaldatatechs.com/user.tar.gz" "Mozilla/5.0 (compatible; MSIE 9.0; Windows NT 6.1; Trident/5.0)"
111.231.223.116 - - [27/Oct/2019:05:53:41 -0400] "HEAD /user.tgz HTTP/1.1" 404 - "http://hosting.digitaldatatechs.com/user.tgz" "Mozilla/5.0 (compatible; MSIE 9.0; Windows NT 6.1; Trident/5.0)"
111.231.223.116 - - [27/Oct/2019:05:53:41 -0400] "HEAD /user.sql HTTP/1.1" 404 - "http://hosting.digitaldatatechs.com/user.sql" "Mozilla/5.0 (compatible; MSIE 9.0; Windows NT 6.1; Trident/5.0)"
111.231.223.116 - - [27/Oct/2019:05:53:42 -0400] "HEAD /sql.zip HTTP/1.1" 404 - "http://hosting.digitaldatatechs.com/sql.zip" "Mozilla/5.0 (compatible; MSIE 9.0; Windows NT 6.1; Trident/5.0)"
111.231.223.116 - - [27/Oct/2019:05:53:42 -0400] "HEAD /sql.rar HTTP/1.1" 404 - "http://hosting.digitaldatatechs.com/sql.rar" "Mozilla/5.0 (compatible; MSIE 9.0; Windows NT 6.1; Trident/5.0)"
111.231.223.116 - - [27/Oct/2019:05:53:42 -0400] "HEAD /sql.tar.gz HTTP/1.1" 404 - "http://hosting.digitaldatatechs.com/sql.tar.gz" "Mozilla/5.0 (compatible; MSIE 9.0; Windows NT 6.1; Trident/5.0)"
111.231.223.116 - - [27/Oct/2019:05:53:43 -0400] "HEAD /sql.tgz HTTP/1.1" 404 - "http://hosting.digitaldatatechs.com/sql.tgz" "Mozilla/5.0 (compatible; MSIE 9.0; Windows NT 6.1; Trident/5.0)"
111.231.223.116 - - [27/Oct/2019:05:53:43 -0400] "HEAD /sql.sql HTTP/1.1" 404 - "http://hosting.digitaldatatechs.com/sql.sql" "Mozilla/5.0 (compatible; MSIE 9.0; Windows NT 6.1; Trident/5.0)"
111.231.223.116 - - [27/Oct/2019:05:53:43 -0400] "HEAD /digitaldatatechs.zip HTTP/1.1" 404 - "http://hosting.digitaldatatechs.com/digitaldatatechs.zip" "Mozilla/5.0 (compatible; MSIE 9.0; Windows NT 6.1; Trident/5.0)"
111.231.223.116 - - [27/Oct/2019:05:53:44 -0400] "HEAD /digitaldatatechs.com.zip HTTP/1.1" 404 - "http://hosting.digitaldatatechs.com/digitaldatatechs.com.zip" "Mozilla/5.0 (compatible; MSIE 9.0; Windows NT 6.1; Trident/5.0)"
111.231.223.116 - - [27/Oct/2019:05:53:44 -0400] "HEAD /hosting.digitaldatatechs.com.zip HTTP/1.1" 404 - "http://hosting.digitaldatatechs.com/hosting.digitaldatatechs.com.zip" "Mozilla/5.0 (compatible; MSIE 9.0; Windows NT 6.1; Trident/5.0)"
111.231.223.116 - - [27/Oct/2019:05:53:44 -0400] "HEAD /digitaldatatechs.rar HTTP/1.1" 404 - "http://hosting.digitaldatatechs.com/digitaldatatechs.rar" "Mozilla/5.0 (compatible; MSIE 9.0; Windows NT 6.1; Trident/5.0)"
111.231.223.116 - - [27/Oct/2019:05:53:44 -0400] "HEAD /digitaldatatechs.com.rar HTTP/1.1" 404 - "http://hosting.digitaldatatechs.com/digitaldatatechs.com.rar" "Mozilla/5.0 (compatible; MSIE 9.0; Windows NT 6.1; Trident/5.0)"
111.231.223.116 - - [27/Oct/2019:05:53:45 -0400] "HEAD /hosting.digitaldatatechs.com.rar HTTP/1.1" 404 - "http://hosting.digitaldatatechs.com/hosting.digitaldatatechs.com.rar" "Mozilla/5.0 (compatible; MSIE 9.0; Windows NT 6.1; Trident/5.0)"
111.231.223.116 - - [27/Oct/2019:05:53:45 -0400] "HEAD /digitaldatatechs.tar.gz HTTP/1.1" 404 - "http://hosting.digitaldatatechs.com/digitaldatatechs.tar.gz" "Mozilla/5.0 (compatible; MSIE 9.0; Windows NT 6.1; Trident/5.0)"
111.231.223.116 - - [27/Oct/2019:05:53:45 -0400] "HEAD /digitaldatatechs.com.tar.gz HTTP/1.1" 404 - "http://hosting.digitaldatatechs.com/digitaldatatechs.com.tar.gz" "Mozilla/5.0 (compatible; MSIE 9.0; Windows NT 6.1; Trident/5.0)"
111.231.223.116 - - [27/Oct/2019:05:53:46 -0400] "HEAD /hosting.digitaldatatechs.com.tar.gz HTTP/1.1" 404 - "http://hosting.digitaldatatechs.com/hosting.digitaldatatechs.com.tar.gz" "Mozilla/5.0 (compatible; MSIE 9.0; Windows NT 6.1; Trident/5.0)"
111.231.223.116 - - [27/Oct/2019:05:53:46 -0400] "HEAD /digitaldatatechs.tgz HTTP/1.1" 404 - "http://hosting.digitaldatatechs.com/digitaldatatechs.tgz" "Mozilla/5.0 (compatible; MSIE 9.0; Windows NT 6.1; Trident/5.0)"
111.231.223.116 - - [27/Oct/2019:05:53:46 -0400] "HEAD /digitaldatatechs.com.tgz HTTP/1.1" 404 - "http://hosting.digitaldatatechs.com/digitaldatatechs.com.tgz" "Mozilla/5.0 (compatible; MSIE 9.0; Windows NT 6.1; Trident/5.0)"
111.231.223.116 - - [27/Oct/2019:05:53:46 -0400] "HEAD /hosting.digitaldatatechs.com.tgz HTTP/1.1" 404 - "http://hosting.digitaldatatechs.com/hosting.digitaldatatechs.com.tgz" "Mozilla/5.0 (compatible; MSIE 9.0; Windows NT 6.1; Trident/5.0)"
111.231.223.116 - - [27/Oct/2019:05:53:47 -0400] "HEAD /digitaldatatechs.sql HTTP/1.1" 404 - "http://hosting.digitaldatatechs.com/digitaldatatechs.sql" "Mozilla/5.0 (compatible; MSIE 9.0; Windows NT 6.1; Trident/5.0)"
111.231.223.116 - - [27/Oct/2019:05:53:47 -0400] "HEAD /digitaldatatechs.com.sql HTTP/1.1" 404 - "http://hosting.digitaldatatechs.com/digitaldatatechs.com.sql" "Mozilla/5.0 (compatible; MSIE 9.0; Windows NT 6.1; Trident/5.0)"
111.231.223.116 - - [27/Oct/2019:05:53:47 -0400] "HEAD /hosting.digitaldatatechs.com.sql HTTP/1.1" 404 - "http://hosting.digitaldatatechs.com/hosting.digitaldatatechs.com.sql" "Mozilla/5.0 (compatible; MSIE 9.0; Windows NT 6.1; Trident/5.0)"
157.55.39.210 - - [27/Oct/2019:15:11:19 -0400] "GET / HTTP/1.1" 301 - "-" "Mozilla/5.0 (compatible; bingbot/2.0; +http://www.bing.com/bingbot.htm)"
192.168.254.242 - - [27/Oct/2019:15:11:19 -0400] "POST /wp-cron.php?doing_wp_cron=1572203479.3295140266418457031250 HTTP/1.1" 200 - "http://hosting.digitaldatatechs.com/wp-cron.php?doing_wp_cron=1572203479.3295140266418457031250" "WordPress/5.2.4; https://hosting.digitaldatatechs.com"
207.46.13.142 - - [27/Oct/2019:16:45:23 -0400] "GET /robots.txt HTTP/1.1" 404 208 "-" "Mozilla/5.0 (compatible; bingbot/2.0; +http://www.bing.com/bingbot.htm)"
216.244.66.236 - - [28/Oct/2019:04:58:32 -0400] "GET /robots.txt HTTP/1.1" 404 208 "-" "Mozilla/5.0 (compatible; DotBot/1.1; http://www.opensiteexplorer.org/dotbot, help@moz.com)"
216.244.66.236 - - [28/Oct/2019:05:06:39 -0400] "GET /my-account/ HTTP/1.1" 404 209 "-" "Mozilla/5.0 (compatible; DotBot/1.1; http://www.opensiteexplorer.org/dotbot, help@moz.com)"
216.244.66.236 - - [28/Oct/2019:07:16:33 -0400] "GET /robots.txt HTTP/1.1" 404 208 "-" "Mozilla/5.0 (compatible; DotBot/1.1; http://www.opensiteexplorer.org/dotbot, help@moz.com)"
216.244.66.236 - - [28/Oct/2019:07:24:24 -0400] "GET /checkout/ HTTP/1.1" 404 207 "-" "Mozilla/5.0 (compatible; DotBot/1.1; http://www.opensiteexplorer.org/dotbot, help@moz.com)"
216.244.66.236 - - [28/Oct/2019:07:24:42 -0400] "GET /products/business-email/ HTTP/1.1" 404 222 "-" "Mozilla/5.0 (compatible; DotBot/1.1; http://www.opensiteexplorer.org/dotbot, help@moz.com)"
216.244.66.236 - - [28/Oct/2019:08:02:57 -0400] "GET /robots.txt HTTP/1.1" 404 208 "-" "Mozilla/5.0 (compatible; DotBot/1.1; http://www.opensiteexplorer.org/dotbot, help@moz.com)"
216.244.66.236 - - [28/Oct/2019:08:11:42 -0400] "GET /product-category/hosting/dedicated-server/ HTTP/1.1" 404 240 "-" "Mozilla/5.0 (compatible; DotBot/1.1; http://www.opensiteexplorer.org/dotbot, help@moz.com)"
192.168.254.242 - - [28/Oct/2019:08:12:16 -0400] "POST /wp-cron.php?doing_wp_cron=1572264736.5218069553375244140625 HTTP/1.1" 200 - "http://hosting.digitaldatatechs.com/wp-cron.php?doing_wp_cron=1572264736.5218069553375244140625" "WordPress/5.2.4; https://hosting.digitaldatatechs.com"
157.55.39.54 - - [28/Oct/2019:08:12:16 -0400] "GET / HTTP/1.1" 301 - "-" "Mozilla/5.0 (compatible; bingbot/2.0; +http://www.bing.com/bingbot.htm)"
216.244.66.236 - - [28/Oct/2019:11:54:51 -0400] "GET /robots.txt HTTP/1.1" 404 208 "-" "Mozilla/5.0 (compatible; DotBot/1.1; http://www.opensiteexplorer.org/dotbot, help@moz.com)"
216.244.66.236 - - [28/Oct/2019:12:02:26 -0400] "GET /terms/ HTTP/1.1" 404 204 "-" "Mozilla/5.0 (compatible; DotBot/1.1; http://www.opensiteexplorer.org/dotbot, help@moz.com)"
216.244.66.236 - - [28/Oct/2019:12:02:48 -0400] "GET /product-category/hosting/ HTTP/1.1" 404 223 "-" "Mozilla/5.0 (compatible; DotBot/1.1; http://www.opensiteexplorer.org/dotbot, help@moz.com)"
216.244.66.236 - - [28/Oct/2019:17:15:34 -0400] "GET /robots.txt HTTP/1.1" 404 208 "-" "Mozilla/5.0 (compatible; DotBot/1.1; http://www.opensiteexplorer.org/dotbot, help@moz.com)"
216.244.66.236 - - [28/Oct/2019:17:23:03 -0400] "GET /product-category/websites/ HTTP/1.1" 404 224 "-" "Mozilla/5.0 (compatible; DotBot/1.1; http://www.opensiteexplorer.org/dotbot, help@moz.com)"
216.244.66.236 - - [28/Oct/2019:20:17:45 -0400] "GET /robots.txt HTTP/1.1" 404 208 "-" "Mozilla/5.0 (compatible; DotBot/1.1; http://www.opensiteexplorer.org/dotbot, help@moz.com)"
216.244.66.236 - - [28/Oct/2019:20:26:47 -0400] "GET /product-category/hosting/cpanel/ HTTP/1.1" 404 230 "-" "Mozilla/5.0 (compatible; DotBot/1.1; http://www.opensiteexplorer.org/dotbot, help@moz.com)"
157.55.39.27 - - [28/Oct/2019:22:01:36 -0400] "GET /robots.txt HTTP/1.1" 404 208 "-" "Mozilla/5.0 (compatible; bingbot/2.0; +http://www.bing.com/bingbot.htm)"
157.55.39.27 - - [28/Oct/2019:22:11:33 -0400] "GET /robots.txt HTTP/1.1" 404 208 "-" "Mozilla/5.0 (compatible; bingbot/2.0; +http://www.bing.com/bingbot.htm)"
157.55.39.27 - - [28/Oct/2019:22:36:56 -0400] "GET /robots.txt HTTP/1.1" 404 208 "-" "Mozilla/5.0 (compatible; bingbot/2.0; +http://www.bing.com/bingbot.htm)"
157.55.39.30 - - [28/Oct/2019:23:05:09 -0400] "GET /robots.txt HTTP/1.1" 404 208 "-" "Mozilla/5.0 (compatible; bingbot/2.0; +http://www.bing.com/bingbot.htm)"
207.46.13.112 - - [28/Oct/2019:23:05:17 -0400] "GET / HTTP/1.1" 301 - "-" "Mozilla/5.0 (compatible; bingbot/2.0; +http://www.bing.com/bingbot.htm)"
192.168.254.242 - - [28/Oct/2019:23:05:17 -0400] "POST /wp-cron.php?doing_wp_cron=1572318317.5440440177917480468750 HTTP/1.1" 200 - "http://hosting.digitaldatatechs.com/wp-cron.php?doing_wp_cron=1572318317.5440440177917480468750" "WordPress/5.2.4; https://hosting.digitaldatatechs.com"
216.244.66.236 - - [29/Oct/2019:06:12:29 -0400] "GET /robots.txt HTTP/1.1" 404 208 "-" "Mozilla/5.0 (compatible; DotBot/1.1; http://www.opensiteexplorer.org/dotbot, help@moz.com)"
216.244.66.236 - - [29/Oct/2019:06:19:52 -0400] "GET /comments/feed/ HTTP/1.1" 404 212 "-" "Mozilla/5.0 (compatible; DotBot/1.1; http://www.opensiteexplorer.org/dotbot, help@moz.com)"
216.244.66.236 - - [29/Oct/2019:06:20:21 -0400] "GET /product-category/security/ssl/ HTTP/1.1" 404 228 "-" "Mozilla/5.0 (compatible; DotBot/1.1; http://www.opensiteexplorer.org/dotbot, help@moz.com)"
157.55.39.1 - - [29/Oct/2019:14:02:23 -0400] "GET /robots.txt HTTP/1.1" 404 208 "-" "Mozilla/5.0 (compatible; bingbot/2.0; +http://www.bing.com/bingbot.htm)"
40.77.167.123 - - [29/Oct/2019:14:02:29 -0400] "GET / HTTP/1.1" 301 - "-" "Mozilla/5.0 (compatible; bingbot/2.0; +http://www.bing.com/bingbot.htm)"
216.244.66.236 - - [29/Oct/2019:16:13:31 -0400] "GET /robots.txt HTTP/1.1" 404 208 "-" "Mozilla/5.0 (compatible; DotBot/1.1; http://www.opensiteexplorer.org/dotbot, help@moz.com)"
216.244.66.236 - - [29/Oct/2019:16:22:21 -0400] "GET /cart/ HTTP/1.1" 404 203 "-" "Mozilla/5.0 (compatible; DotBot/1.1; http://www.opensiteexplorer.org/dotbot, help@moz.com)"
216.244.66.236 - - [30/Oct/2019:01:20:59 -0400] "GET /robots.txt HTTP/1.1" 404 208 "-" "Mozilla/5.0 (compatible; DotBot/1.1; http://www.opensiteexplorer.org/dotbot, help@moz.com)"
216.244.66.236 - - [30/Oct/2019:01:28:00 -0400] "GET /product-category/hosting/vps/ HTTP/1.1" 404 227 "-" "Mozilla/5.0 (compatible; DotBot/1.1; http://www.opensiteexplorer.org/dotbot, help@moz.com)"
192.168.254.242 - - [30/Oct/2019:01:37:04 -0400] "POST /wp-cron.php?doing_wp_cron=1572413824.9274480342864990234375 HTTP/1.1" 200 - "http://hosting.digitaldatatechs.com/wp-cron.php?doing_wp_cron=1572413824.9274480342864990234375" "WordPress/5.2.4; https://hosting.digitaldatatechs.com"
157.55.39.195 - - [30/Oct/2019:01:37:04 -0400] "GET / HTTP/1.1" 301 - "-" "Mozilla/5.0 (compatible; bingbot/2.0; +http://www.bing.com/bingbot.htm)"
216.244.66.236 - - [30/Oct/2019:02:07:11 -0400] "GET /robots.txt HTTP/1.1" 404 208 "-" "Mozilla/5.0 (compatible; DotBot/1.1; http://www.opensiteexplorer.org/dotbot, help@moz.com)"
216.244.66.236 - - [30/Oct/2019:02:13:26 -0400] "GET /feed/ HTTP/1.1" 404 203 "-" "Mozilla/5.0 (compatible; DotBot/1.1; http://www.opensiteexplorer.org/dotbot, help@moz.com)"
216.244.66.236 - - [30/Oct/2019:06:42:51 -0400] "GET /robots.txt HTTP/1.1" 404 208 "-" "Mozilla/5.0 (compatible; DotBot/1.1; http://www.opensiteexplorer.org/dotbot, help@moz.com)"
216.244.66.236 - - [30/Oct/2019:06:51:18 -0400] "GET /products/standard-ssl-1-site/ HTTP/1.1" 404 227 "-" "Mozilla/5.0 (compatible; DotBot/1.1; http://www.opensiteexplorer.org/dotbot, help@moz.com)"
216.244.66.236 - - [30/Oct/2019:06:51:21 -0400] "GET /products/wordpress-basic/ HTTP/1.1" 404 223 "-" "Mozilla/5.0 (compatible; DotBot/1.1; http://www.opensiteexplorer.org/dotbot, help@moz.com)"
216.244.66.236 - - [30/Oct/2019:07:28:59 -0400] "GET /robots.txt HTTP/1.1" 404 208 "-" "Mozilla/5.0 (compatible; DotBot/1.1; http://www.opensiteexplorer.org/dotbot, help@moz.com)"
216.244.66.236 - - [30/Oct/2019:07:38:09 -0400] "GET /product-category/marketing/ HTTP/1.1" 404 225 "-" "Mozilla/5.0 (compatible; DotBot/1.1; http://www.opensiteexplorer.org/dotbot, help@moz.com)"
216.244.66.236 - - [30/Oct/2019:10:33:01 -0400] "GET /robots.txt HTTP/1.1" 404 208 "-" "Mozilla/5.0 (compatible; DotBot/1.1; http://www.opensiteexplorer.org/dotbot, help@moz.com)"
216.244.66.236 - - [30/Oct/2019:10:42:19 -0400] "GET /product-category/security/ HTTP/1.1" 404 224 "-" "Mozilla/5.0 (compatible; DotBot/1.1; http://www.opensiteexplorer.org/dotbot, help@moz.com)"
216.244.66.236 - - [30/Oct/2019:12:05:25 -0400] "GET /robots.txt HTTP/1.1" 404 208 "-" "Mozilla/5.0 (compatible; DotBot/1.1; http://www.opensiteexplorer.org/dotbot, help@moz.com)"
216.244.66.236 - - [30/Oct/2019:12:13:42 -0400] "GET /product-category/workspace/ HTTP/1.1" 404 225 "-" "Mozilla/5.0 (compatible; DotBot/1.1; http://www.opensiteexplorer.org/dotbot, help@moz.com)"
216.244.66.236 - - [30/Oct/2019:17:25:10 -0400] "GET /robots.txt HTTP/1.1" 404 208 "-" "Mozilla/5.0 (compatible; DotBot/1.1; http://www.opensiteexplorer.org/dotbot, help@moz.com)"
216.244.66.236 - - [30/Oct/2019:17:32:48 -0400] "GET /products/domain-registration/ HTTP/1.1" 404 227 "-" "Mozilla/5.0 (compatible; DotBot/1.1; http://www.opensiteexplorer.org/dotbot, help@moz.com)"
216.244.66.236 - - [30/Oct/2019:21:57:54 -0400] "GET /robots.txt HTTP/1.1" 404 208 "-" "Mozilla/5.0 (compatible; DotBot/1.1; http://www.opensiteexplorer.org/dotbot, help@moz.com)"
216.244.66.236 - - [30/Oct/2019:22:05:26 -0400] "GET /products/website-builder-business/ HTTP/1.1" 404 232 "-" "Mozilla/5.0 (compatible; DotBot/1.1; http://www.opensiteexplorer.org/dotbot, help@moz.com)"
216.244.66.236 - - [30/Oct/2019:22:43:15 -0400] "GET /robots.txt HTTP/1.1" 404 208 "-" "Mozilla/5.0 (compatible; DotBot/1.1; http://www.opensiteexplorer.org/dotbot, help@moz.com)"
216.244.66.236 - - [30/Oct/2019:22:50:41 -0400] "GET /products/cpanel-starter/ HTTP/1.1" 404 222 "-" "Mozilla/5.0 (compatible; DotBot/1.1; http://www.opensiteexplorer.org/dotbot, help@moz.com)"
216.244.66.236 - - [31/Oct/2019:05:34:43 -0400] "GET /robots.txt HTTP/1.1" 404 208 "-" "Mozilla/5.0 (compatible; DotBot/1.1; http://www.opensiteexplorer.org/dotbot, help@moz.com)"
216.244.66.236 - - [31/Oct/2019:05:44:24 -0400] "GET /product-category/hosting/wordpress/ HTTP/1.1" 404 233 "-" "Mozilla/5.0 (compatible; DotBot/1.1; http://www.opensiteexplorer.org/dotbot, help@moz.com)"
157.55.39.88 - - [31/Oct/2019:05:59:12 -0400] "GET / HTTP/1.1" 301 - "-" "Mozilla/5.0 (compatible; bingbot/2.0; +http://www.bing.com/bingbot.htm)"
216.244.66.236 - - [31/Oct/2019:06:20:40 -0400] "GET /robots.txt HTTP/1.1" 404 208 "-" "Mozilla/5.0 (compatible; DotBot/1.1; http://www.opensiteexplorer.org/dotbot, help@moz.com)"
216.244.66.236 - - [31/Oct/2019:06:29:44 -0400] "GET /products/search-engine-optimization-seo/ HTTP/1.1" 404 238 "-" "Mozilla/5.0 (compatible; DotBot/1.1; http://www.opensiteexplorer.org/dotbot, help@moz.com)"
157.55.39.43 - - [31/Oct/2019:21:14:49 -0400] "GET /robots.txt HTTP/1.1" 404 208 "-" "Mozilla/5.0 (compatible; bingbot/2.0; +http://www.bing.com/bingbot.htm)"
192.168.254.242 - - [31/Oct/2019:21:14:58 -0400] "POST /wp-cron.php?doing_wp_cron=1572570898.9820349216461181640625 HTTP/1.1" 200 - "http://hosting.digitaldatatechs.com/wp-cron.php?doing_wp_cron=1572570898.9820349216461181640625" "WordPress/5.2.4; https://hosting.digitaldatatechs.com"
157.55.39.109 - - [31/Oct/2019:21:14:58 -0400] "GET / HTTP/1.1" 301 - "-" "Mozilla/5.0 (compatible; bingbot/2.0; +http://www.bing.com/bingbot.htm)"
216.244.66.236 - - [01/Nov/2019:00:36:54 -0400] "GET /robots.txt HTTP/1.1" 404 208 "-" "Mozilla/5.0 (compatible; DotBot/1.1; http://www.opensiteexplorer.org/dotbot, help@moz.com)"
